000
CXUS52 KMHX 011944
CF6MRH
PRELIMINARY LOCAL CLIMATOLOGICAL DATA (WS FORM: F-6)
STATION: BEAUFORT/SMITH FIELD NC
MONTH: MAY
YEAR: 2022
LATITUDE: 34 43 N
LONGITUDE: 76 39 W
TEMPERATURE IN F: :PCPN: SNOW: WIND :SUNSHINE: SKY :PK WND
================================================================================
1 2 3 4 5 6A 6B 7 8 9 10 11 12 13 14 15 16 17 18
12Z AVG MX 2MIN
DY MAX MIN AVG DEP HDD CDD WTR SNW DPTH SPD SPD DIR MIN PSBL S-S WX SPD DR
================================================================================
1 77 64 71 5 0 6 0.00 0.0 0 9.6 20 210 M M 1 26 220
2 79 70 75 8 0 10 T 0.0 0 14.4 22 210 M M 2 28 220
3 80 70 75 8 0 10 0.00 0.0 0 12.8 21 210 M M 1 1 26 220
4 80 71 76 9 0 11 0.00 0.0 0 13.4 22 190 M M 1 1 29 220
5 77 67 72 4 0 7 0.00 0.0 0 9.1 16 210 M M 9 23 210
6 80 65 73 5 0 8 0.00 0.0 0 12.4 23 200 M M 5 29 210
7 78 60 69 1 0 4 0.16 0.0 0 14.1 24 220 M M 4 1 32 220
8 60 52 56 -12 9 0 T 0.0 0 16.6 24 340 M M 10 18 32 20
9 67 51 59 -9 6 0 0.00 0.0 0 15.7 29 10 M M 7 37 360
10 67 54 61 -8 4 0 0.00 0.0 0 20.6 31 10 M M 10 39 20
11 67 54 61 -8 4 0 T 0.0 0 18.3 28 20 M M 10 38 10
12 75 58 67 -2 0 2 0.07 0.0 0 14.2 24 20 M M 8 1 33 360
13 78 62 70 1 0 5 0.71 0.0 0 8.1 14 120 M M 6 1 18 110
14 75 66 71 1 0 6 0.54 0.0 0 7.2 16 150 M M 3 21 160
15 78 66 72 2 0 7 0.00 0.0 0 8.3 16 180 M M 0 21 180
16 81 66 74 4 0 9 1.92 0.0 0 14.0 35 320 M M 2 138 49 320
17 81 66 74 4 0 9 0.01 0.0 0 7.4 15 120 M M 2 18 50
18 82 68 75 4 0 10 0.00 0.0 0 7.6 13 120 M M 0 16 190
19 81 73 77 6 0 12 T 0.0 0 15.2 24 220 M M 2 30 220
20 83 74 79 8 0 14 0.00 0.0 0 14.1 21 210 M M 1 25 200
21 82 75 79 8 0 14 0.00 0.0 0 12.6 21 200 M M 4 1 26 200
22 80 74 77 5 0 12 0.00 0.0 0 12.9 20 220 M M 2 25 220
23 85 72 79 7 0 14 0.09 0.0 0 9.0 16 230 M M 6 1 21 220
24 83 72 78 6 0 13 0.05 0.0 0 10.3 20 200 M M 4 1 24 200
25 72 64 68 -4 0 3 0.00 0.0 0 9.2 14 350 M M 10 1 19 320
26 76 65 71 -1 0 6 0.00 0.0 0 6.6 12 180 M M 6 1 15 150
27 82 74 78 5 0 13 0.11 0.0 0 12.8 26 200 M M 3 8 34 200
28 83 75 79 6 0 14 0.19 0.0 0 10.3 21 210 M M 4 1 30 210
29 83 69 76 3 0 11 0.00 0.0 0 4.4 14 180 M M 3 12 17 160
30 85 69 77 3 0 12 0.00 0.0 0 4.9 13 120 M M 2 1 17 120
31 85 69 77 3 0 12 0.00 0.0 0 6.3 15 190 M M 0 1 18 190
================================================================================
SM 2422 2055 23 254 3.85 0.0 352.4 M 128
================================================================================
AV 78.1 66.3 11.4 FASTST M M 4 MAX(MPH)
MISC ----> 35 320 49 320
================================================================================
NOTES:
# LAST OF SEVERAL OCCURRENCES
COLUMN 17 PEAK WIND IN M.P.H.
PRELIMINARY LOCAL CLIMATOLOGICAL DATA (WS FORM: F-6) , PAGE 2
STATION: BEAUFORT/SMITH FIELD NC
MONTH: MAY
YEAR: 2022
LATITUDE: 34 43 N
LONGITUDE: 76 39 W
[TEMPERATURE DATA] [PRECIPITATION DATA] SYMBOLS USED IN COLUMN 16
AVERAGE MONTHLY: 72.2 TOTAL FOR MONTH: 3.85 1 = FOG OR MIST
DPTR FM NORMAL: 2.1 DPTR FM NORMAL: -0.09 2 = FOG REDUCING VISIBILITY
HIGHEST: 85 ON 31,30 GRTST 24HR 1.93 ON 16-17 TO 1/4 MILE OR LESS
LOWEST: 51 ON 9 3 = THUNDER
SNOW, ICE PELLETS, HAIL 4 = ICE PELLETS
TOTAL MONTH: 0.0 INCH 5 = HAIL
GRTST 24HR 0.0 6 = FREEZING RAIN OR DRIZZLE
GRTST DEPTH: 0 7 = DUSTSTORM OR SANDSTORM:
VSBY 1/2 MILE OR LESS
8 = SMOKE OR HAZE
[NO. OF DAYS WITH] [WEATHER - DAYS WITH] 9 = BLOWING SNOW
X = TORNADO
MAX 32 OR BELOW: 0 0.01 INCH OR MORE: 10
MAX 90 OR ABOVE: 0 0.10 INCH OR MORE: 6
MIN 32 OR BELOW: 0 0.50 INCH OR MORE: 3
MIN 0 OR BELOW: 0 1.00 INCH OR MORE: 1
[HDD (BASE 65) ]
TOTAL THIS MO. 23 CLEAR (SCALE 0-3) 15
DPTR FM NORMAL 1 PTCLDY (SCALE 4-7) 10
TOTAL FM JUL 1 1993 CLOUDY (SCALE 8-10) 6
DPTR FM NORMAL -382
[CDD (BASE 65) ]
TOTAL THIS MO. 254
DPTR FM NORMAL 74 [PRESSURE DATA]
TOTAL FM JAN 1 331 HIGHEST SLP 30.24 ON 22
DPTR FM NORMAL 98 LOWEST SLP 29.53 ON 7
[REMARKS]
#FINAL-05-22#