958
CXUS52 KMHX 031300
CF6MRH
PRELIMINARY LOCAL CLIMATOLOGICAL DATA (WS FORM: F-6)
STATION: BEAUFORT/SMITH FIELD NC
MONTH: AUGUST
YEAR: 2020
LATITUDE: 34 43 N
LONGITUDE: 76 39 W
TEMPERATURE IN F: :PCPN: SNOW: WIND :SUNSHINE: SKY :PK WND
================================================================================
1 2 3 4 5 6A 6B 7 8 9 10 11 12 13 14 15 16 17 18
12Z AVG MX 2MIN
DY MAX MIN AVG DEP HDD CDD WTR SNW DPTH SPD SPD DIR MIN PSBL S-S WX SPD DR
================================================================================
1 91 79 85 5 0 20 0.01 0.0 0 13.1 23 210 M M 2 3 29 210
2 90 82 86 6 0 21 0.00 0.0 0 13.0 18 190 M M 1 8 22 220
3 89 77 83 3 0 18 1.26 0.0 0 12.5 40 150 M M 2 13 57 150
4 88 77 83 3 0 18 0.32 0.0 0 M M M M M M M M
5 89 77 83 3 0 18 0.00 0.0 0 M M M M M M M M
6 87 80 84 4 0 19 0.12 0.0 0 7.7 17 220 M M 2 3 21 220
7 87 78 83 3 0 18 T 0.0 0 8.3 15 190 M M 2 16 190
8 87 77 82 3 0 17 T 0.0 0 8.5 15 220 M M 1 17 220
9 88 75 82 3 0 17 0.91 0.0 0 5.9 21 320 M M 1 13 23 320
10 87 80 84 5 0 19 0.00 0.0 0 7.7 15 220 M M 1 38 18 220
11 88 79 84 5 0 19 T 0.0 0 8.6 17 200 M M 1 8 20 210
12 87 77 82 3 0 17 T 0.0 0 8.7 17 180 M M 2 8 23 180
13 84 76 80 1 0 15 0.43 0.0 0 10.2 25 190 M M 7 13 35 190
14 86 76 81 2 0 16 0.02 0.0 0 8.8 17 230 M M 4 3 21 220
15 83 75 79 0 0 14 3.46 0.0 0 11.6 25 230 M M 6 1238 33 240
16 83 74 79 0 0 14 0.55 0.0 0 9.2 26 240 M M 5 13 32 230
17 84 72 78 -1 0 13 0.01 0.0 0 6.9 12 340 M M 6 18 15 340
18 86 75 81 2 0 16 0.04 0.0 0 7.8 14 210 M M 2 8 18 210
19 80 71 76 -3 0 11 3.30 0.0 0 4.1 26 320 M M 2 13 36 30
20 85 72 79 1 0 14 0.00 0.0 0 3.8 12 130 M M 1 128 15 120
21 84 73 79 1 0 14 0.00 0.0 0 5.9 16 220 M M 3 8 20 210
22 86 77 82 4 0 17 0.06 0.0 0 9.5 18 220 M M 1 18 24 220
23 85 77 81 3 0 16 0.01 0.0 0 4.6 12 260 M M 1 14 250
24 86 77 82 4 0 17 0.01 0.0 0 7.0 16 230 M M 2 20 230
25 87 77 82 4 0 17 0.00 0.0 0 10.5 18 240 M M 1 24 230
26 89 73 81 3 0 16 0.00 0.0 0 6.9 14 20 M M 1 18 340
27 88 73 81 3 0 16 0.00 0.0 0 11.7 20 220 M M 0 23 210
28 90 81 86 8 0 21 0.00 0.0 0 13.0 20 220 M M 1 24 220
29 89 77 83 5 0 18 1.14 0.0 0 18.4 33 260 M M 2 13 41 260
30 87 78 83 5 0 18 0.00 0.0 0 9.3 16 300 M M 2 21 280
31 86 78 82 4 0 17 0.07 0.0 0 8.9 20 110 M M 5 1 28 110
================================================================================
SM 2686 2370 0 521 11.72 0.0 262.1 M 67
================================================================================
AV 86.7 76.5 9.0 FASTST M M 2 MAX(MPH)
MISC ----> # 40 150 # 57 150
================================================================================
NOTES:
# LAST OF SEVERAL OCCURRENCES
COLUMN 17 PEAK WIND IN M.P.H.
PRELIMINARY LOCAL CLIMATOLOGICAL DATA (WS FORM: F-6) , PAGE 2
STATION: BEAUFORT/SMITH FIELD NC
MONTH: AUGUST
YEAR: 2020
LATITUDE: 34 43 N
LONGITUDE: 76 39 W
[TEMPERATURE DATA] [PRECIPITATION DATA] SYMBOLS USED IN COLUMN 16
AVERAGE MONTHLY: 81.6 TOTAL FOR MONTH: 11.72 1 = FOG OR MIST
DPTR FM NORMAL: 2.7 DPTR FM NORMAL: 4.02 2 = FOG REDUCING VISIBILITY
HIGHEST: 91 ON 1 GRTST 24HR 3.46 ON 15-15 TO 1/4 MILE OR LESS
LOWEST: 71 ON 19 3 = THUNDER
SNOW, ICE PELLETS, HAIL 4 = ICE PELLETS
TOTAL MONTH: 0.0 INCH 5 = HAIL
GRTST 24HR 0.0 6 = FREEZING RAIN OR DRIZZLE
GRTST DEPTH: 0 7 = DUSTSTORM OR SANDSTORM:
VSBY 1/2 MILE OR LESS
8 = SMOKE OR HAZE
[NO. OF DAYS WITH] [WEATHER - DAYS WITH] 9 = BLOWING SNOW
X = TORNADO
MAX 32 OR BELOW: 0 0.01 INCH OR MORE: 17
MAX 90 OR ABOVE: 3 0.10 INCH OR MORE: 9
MIN 32 OR BELOW: 0 0.50 INCH OR MORE: 6
MIN 0 OR BELOW: 0 1.00 INCH OR MORE: 4
[HDD (BASE 65) ]
TOTAL THIS MO. 0 CLEAR (SCALE 0-3) 23
DPTR FM NORMAL 0 PTCLDY (SCALE 4-7) 6
TOTAL FM JUL 1 0 CLOUDY (SCALE 8-10) 0
DPTR FM NORMAL 0
[CDD (BASE 65) ]
TOTAL THIS MO. 521
DPTR FM NORMAL 93 [PRESSURE DATA]
TOTAL FM JAN 1 1649 HIGHEST SLP 30.18 ON 24
DPTR FM NORMAL 251 LOWEST SLP 29.69 ON 29
[REMARKS]
#FINAL-08-20#