000
CXUS56 KMTR 010900
CF6MRY
PRELIMINARY LOCAL CLIMATOLOGICAL DATA (WS FORM: F-6)
STATION: MONTEREY AIRPORT
MONTH: MARCH
YEAR: 2023
LATITUDE: 36 34 N
LONGITUDE: 121 51 W
TEMPERATURE IN F: :PCPN: SNOW: WIND :SUNSHINE: SKY :PK WND
================================================================================
1 2 3 4 5 6A 6B 7 8 9 10 11 12 13 14 15 16 17 18
12Z AVG MX 2MIN
DY MAX MIN AVG DEP HDD CDD WTR SNW DPTH SPD SPD DIR MIN PSBL S-S WX SPD DR
================================================================================
1 50 40 45 -9 20 0 T M M 11.5 22 300 M M 3 39 310
2 54 36 45 -9 20 0 0.00 M M 6.7 15 300 M M 2 20 320
3 52 43 48 -6 17 0 0.00 M M 6.0 13 320 M M 5 18 330
4 54 45 50 -4 15 0 0.32 M M 7.0 23 210 M M 7 18 35 200
5 53 40 47 -7 18 0 0.33 M M 8.7 23 260 M M 6 1 32 260
6 54 38 46 -8 19 0 T M M 6.8 23 260 M M 4 27 260
7 53 41 47 -7 18 0 0.07 M M 6.0 14 260 M M 3 1 18 340
8 55 40 48 -6 17 0 0.34 M M 5.3 13 310 M M 4 1 17 230
9 62 40 51 -3 14 0 0.23 M M 7.8 30 180 M M 7 1 60 170
10 62 50 56 2 9 0 1.29 M M 7.6 29 220 M M 10 1238 47 220
11 65 50 58 4 7 0 0.02 M M 5.0 20 220 M M 7 1 29 220
12 68 51 60 6 5 0 0.00 M M 4.4 17 190 M M 5 12 29 250
13 64 53 59 5 6 0 T M M 3.5 12 240 M M 9 16 230
14 66 49 58 4 7 0 0.59 M M 11.0 30 170 M M 9 1 51 180
15 55 44 50 -4 15 0 0.00 M M 6.6 14 300 M M 4 21 330
16 58 43 51 -3 14 0 0.00 M M 5.4 16 260 M M 5 22 250
17 61 43 52 -2 13 0 0.00 M M 5.7 14 310 M M 3 18 310
18 67 46 57 3 8 0 T M M 5.0 14 110 M M 2 18 120
19 63 50 57 3 8 0 0.43 M M 5.7 23 230 M M 10 18 35 220
20 54 48 51 -3 14 0 0.02 M M 5.0 13 300 M M 10 1 17 300
21 55 47 51 -3 14 0 0.49 M M 10.7 30 200 M M 10 18 59 210
22 57 46 52 -2 13 0 0.81 M M 8.1 17 210 M M 9 1 27 210
23 55 49 52 -2 13 0 T M M 10.9 20 270 M M 8 29 300
24 55 47 51 -3 14 0 0.00 M M 12.5 25 300 M M 2 46 310
25 54 39 47 -7 18 0 0.00 M M 10.4 22 300 M M 0 35 290
26 54 37 46 -8 19 0 0.00 M M 6.6 16 310 M M 0 23 300
27 60 35 48 -6 17 0 0.00 M M 5.9 18 270 M M 0 25 260
28 57 40 49 -5 16 0 0.44 M M 5.7 21 180 M M 8 1 36 170
29 56 42 49 -5 16 0 0.23 M M 9.1 23 230 M M 6 18 34 220
30 55 41 48 -6 17 0 0.00 M M 6.2 14 290 M M 5 20 300
31 57 41 49 -5 16 0 0.00 M M 4.9 14 270 M M 2 18 300
================================================================================
SM 1785 1354 437 0 5.61 M 221.7 M 165
================================================================================
AV 57.6 43.7 7.2 FASTST M M 5 MAX(MPH)
MISC ----> # 30 180 60 170
================================================================================
NOTES:
# LAST OF SEVERAL OCCURRENCES
COLUMN 17 PEAK WIND IN M.P.H.
PRELIMINARY LOCAL CLIMATOLOGICAL DATA (WS FORM: F-6) , PAGE 2
STATION: MONTEREY AIRPORT
MONTH: MARCH
YEAR: 2023
LATITUDE: 36 34 N
LONGITUDE: 121 51 W
[TEMPERATURE DATA] [PRECIPITATION DATA] SYMBOLS USED IN COLUMN 16
AVERAGE MONTHLY: 50.6 TOTAL FOR MONTH: 5.61 1 = FOG OR MIST
DPTR FM NORMAL: -3.6 DPTR FM NORMAL: 2.81 2 = FOG REDUCING VISIBILITY
HIGHEST: 68 ON 12 GRTST 24HR 1.48 ON 9-10 TO 1/4 MILE OR LESS
LOWEST: 35 ON 27 3 = THUNDER
SNOW, ICE PELLETS, HAIL 4 = ICE PELLETS
TOTAL MONTH: M 5 = HAIL
GRTST 24HR M ON M 6 = FREEZING RAIN OR DRIZZLE
GRTST DEPTH: M ON M 7 = DUSTSTORM OR SANDSTORM:
VSBY 1/2 MILE OR LESS
8 = SMOKE OR HAZE
[NO. OF DAYS WITH] [WEATHER - DAYS WITH] 9 = BLOWING SNOW
X = TORNADO
MAX 32 OR BELOW: 0 0.01 INCH OR MORE: 14
MAX 90 OR ABOVE: 0 0.10 INCH OR MORE: 11
MIN 32 OR BELOW: 0 0.50 INCH OR MORE: 3
MIN 0 OR BELOW: 0 1.00 INCH OR MORE: 1
[HDD (BASE 65) ]
TOTAL THIS MO. 437 CLEAR (SCALE 0-3) 9
DPTR FM NORMAL 102 PTCLDY (SCALE 4-7) 13
TOTAL FM JUL 1 2537 CLOUDY (SCALE 8-10) 9
DPTR FM NORMAL 332
[CDD (BASE 65) ]
TOTAL THIS MO. 0
DPTR FM NORMAL -1 [PRESSURE DATA]
TOTAL FM JAN 1 0 HIGHEST SLP M ON M
DPTR FM NORMAL -1 LOWEST SLP 29.29 ON 21
[REMARKS]
#FINAL-03-23#