000
CXUS56 KMTR 011000
CF6MRY
PRELIMINARY LOCAL CLIMATOLOGICAL DATA (WS FORM: F-6)
STATION: MONTEREY AIRPORT
MONTH: FEBRUARY
YEAR: 2023
LATITUDE: 36 34 N
LONGITUDE: 121 51 W
TEMPERATURE IN F: :PCPN: SNOW: WIND :SUNSHINE: SKY :PK WND
================================================================================
1 2 3 4 5 6A 6B 7 8 9 10 11 12 13 14 15 16 17 18
12Z AVG MX 2MIN
DY MAX MIN AVG DEP HDD CDD WTR SNW DPTH SPD SPD DIR MIN PSBL S-S WX SPD DR
================================================================================
1 60 37 49 -4 16 0 0.00 M M 5.7 16 230 M M 0 25 240
2 58 38 48 -5 17 0 0.00 M M 3.5 8 150 M M 0 12 160
3 61 46 54 1 11 0 0.09 M M 2.4 10 170 M M 7 1 16 90
4 64 46 55 2 10 0 0.16 M M 7.1 24 230 M M 7 18 36 240
5 56 48 52 -1 13 0 0.04 M M 10.2 20 270 M M 8 18 27 250
6 56 39 48 -5 17 0 0.00 M M 4.9 12 300 M M 0 15 290
7 55 39 47 -6 18 0 0.00 M M 5.9 10 120 M M 0 15 300
8 64 41 53 0 12 0 0.00 M M 5.3 12 330 M M 0 15 330
9 66 40 53 -1 12 0 0.00 M M 4.8 12 120 M M 0 14 120
10 56 41 49 -5 16 0 0.00 M M 7.1 18 260 M M 3 25 280
11 53 41 47 -7 18 0 0.36 M M 5.8 16 60 M M 6 1 28 70
12 58 37 48 -6 17 0 0.00 M M 4.3 14 130 M M 0 18 140
13 54 42 48 -6 17 0 0.00 M M 9.5 23 290 M M 7 8 41 300
14 52 39 46 -8 19 0 T M M 14.6 28 300 M M 5 42 300
15 56 33 45 -9 20 0 0.00 M M 7.4 14 60 M M 0 21 70
16 57 37 47 -7 18 0 0.00 M M 5.3 12 120 M M 0 14 130
17 62 35 49 -5 16 0 0.00 M M 5.0 10 110 M M 0 16 330
18 65 36 51 -3 14 0 0.00 M M 4.9 13 310 M M 0 18 310
19 67 41 54 0 11 0 0.00 M M 4.2 10 300 M M 0 14 300
20 66 42 54 0 11 0 0.00 M M 3.5 12 330 M M 0 18 310
21 54 43 49 -5 16 0 0.01 M M 16.3 35 300 M M 8 18 55 310
22 49 38 44 -10 21 0 0.05 M M 14.7 28 300 M M 7 49 300
23 49 37 43 -11 22 0 0.15 M M 9.2 18 220 M M 6 1 30 220
24 47 37 42 -12 23 0 0.95 M M 4.5 21 130 M M 7 1 34 120
25 51 35 43 -11 22 0 0.00 M M 5.8 13 270 M M 3 18 300
26 53 42 48 -6 17 0 0.16 M M 7.1 16 170 M M 10 1 23 200
27 51 42 47 -7 18 0 0.52 M M 7.9 29 220 M M 7 1 42 230
28 52 42 47 -7 18 0 0.77 M M 9.7 22 230 M M 9 18 35 310
================================================================================
SM 1592 1114 460 0 3.26 M 196.6 M 100
================================================================================
AV 56.9 39.8 7.0 FASTST M M 4 MAX(MPH)
MISC ----> 35 300 55 310
================================================================================
NOTES:
# LAST OF SEVERAL OCCURRENCES
COLUMN 17 PEAK WIND IN M.P.H.
PRELIMINARY LOCAL CLIMATOLOGICAL DATA (WS FORM: F-6) , PAGE 2
STATION: MONTEREY AIRPORT
MONTH: FEBRUARY
YEAR: 2023
LATITUDE: 36 34 N
LONGITUDE: 121 51 W
[TEMPERATURE DATA] [PRECIPITATION DATA] SYMBOLS USED IN COLUMN 16
AVERAGE MONTHLY: 48.3 TOTAL FOR MONTH: 3.26 1 = FOG OR MIST
DPTR FM NORMAL: -5.3 DPTR FM NORMAL: 0.23 2 = FOG REDUCING VISIBILITY
HIGHEST: 67 ON 19 GRTST 24HR 1.05 ON 23-24 TO 1/4 MILE OR LESS
LOWEST: 33 ON 15 3 = THUNDER
SNOW, ICE PELLETS, HAIL 4 = ICE PELLETS
TOTAL MONTH: M 5 = HAIL
GRTST 24HR M ON M 6 = FREEZING RAIN OR DRIZZLE
GRTST DEPTH: M ON M 7 = DUSTSTORM OR SANDSTORM:
VSBY 1/2 MILE OR LESS
8 = SMOKE OR HAZE
[NO. OF DAYS WITH] [WEATHER - DAYS WITH] 9 = BLOWING SNOW
X = TORNADO
MAX 32 OR BELOW: 0 0.01 INCH OR MORE: 11
MAX 90 OR ABOVE: 0 0.10 INCH OR MORE: 7
MIN 32 OR BELOW: 0 0.50 INCH OR MORE: 3
MIN 0 OR BELOW: 0 1.00 INCH OR MORE: 0
[HDD (BASE 65) ]
TOTAL THIS MO. 460 CLEAR (SCALE 0-3) 14
DPTR FM NORMAL 142 PTCLDY (SCALE 4-7) 10
TOTAL FM JUL 1 2100 CLOUDY (SCALE 8-10) 4
DPTR FM NORMAL 235
[CDD (BASE 65) ]
TOTAL THIS MO. 0
DPTR FM NORMAL 0 [PRESSURE DATA]
TOTAL FM JAN 1 0 HIGHEST SLP M ON M
DPTR FM NORMAL 0 LOWEST SLP 29.63 ON 24
[REMARKS]
#FINAL-02-23#