000
CXUS56 KMTR 260900
CF6MRY
PRELIMINARY LOCAL CLIMATOLOGICAL DATA (WS FORM: F-6)
STATION: MONTEREY AIRPORT
MONTH: APRIL
YEAR: 2024
LATITUDE: 36 34 N
LONGITUDE: 121 51 W
TEMPERATURE IN F: :PCPN: SNOW: WIND :SUNSHINE: SKY :PK WND
================================================================================
1 2 3 4 5 6A 6B 7 8 9 10 11 12 13 14 15 16 17 18
12Z AVG MX 2MIN
DY MAX MIN AVG DEP HDD CDD WTR SNW DPTH SPD SPD DIR MIN PSBL S-S WX SPD DR
================================================================================
1 65 45 55 1 10 0 0.00 M M 5.4 13 330 M M 1 24 310
2 67 47 57 3 8 0 0.00 M M 4.1 12 290 M M 2 16 340
3 57 50 54 -1 11 0 T M M 7.2 15 280 M M 10 1 22 290
4 52 45 49 -6 16 0 0.61 M M 10.7 24 250 M M 8 13 37 210
5 55 44 50 -5 15 0 0.24 M M 11.2 23 300 M M 6 1 37 300
6 57 42 50 -5 15 0 0.00 M M 5.4 15 310 M M 2 20 340
7 58 41 50 -5 15 0 0.00 M M 8.2 20 300 M M 2 31 300
8 61 46 54 -1 11 0 0.00 M M 5.3 14 260 M M 2 19 260
9 61 43 52 -3 13 0 0.00 M M 4.5 12 340 M M 0 1 15 340
10 66 47 57 2 8 0 0.00 M M 2.7 8 340 M M 3 12 12 330
11 62 47 55 0 10 0 0.00 M M 4.8 12 250 M M 1 18 15 240
12 59 50 55 0 10 0 0.00 M M 9.9 20 220 M M 7 28 210
13 58 46 52 -3 13 0 0.45 M M 9.5 20 260 M M 9 1 26 130
14 59 47 53 -2 12 0 0.07 M M 7.4 15 300 M M 5 1 23 290
15 58 50 54 -1 11 0 0.00 M M 6.1 14 330 M M 5 21 330
16 63 47 55 0 10 0 0.00 M M 4.8 13 330 M M 1 1 16 330
17 65 48 57 2 8 0 0.00 M M 2.6 9 330 M M 1 12 14 10
18 62 49 56 0 9 0 0.00 M M 7.3 16 240 M M 6 18 22 230
19 62 50 56 0 9 0 0.00 M M 5.1 15 260 M M 5 20 270
20 64 50 57 1 8 0 0.00 M M 5.2 13 280 M M 4 1 19 270
21 62 48 55 -1 10 0 0.00 M M 4.8 12 310 M M 2 16 340
22 61 50 56 0 9 0 0.00 M M 9.2 21 220 M M 5 18 33 220
23 64 54 59 3 6 0 0.00 M M 10.2 22 240 M M 7 32 240
24 63 53 58 2 7 0 0.00 M M 8.5 21 250 M M 10 32 240
25 61 53 57 1 8 0 0.02 M M 8.0 18 280 M M 9 1 29 270
================================================================================
SM 1522 1192 262 0 1.39 M 168.1 M 113
================================================================================
AV 60.9 47.7 6.7 FASTST M M 5 MAX(MPH)
MISC ----> 24 250 # 37 210
================================================================================
NOTES:
# LAST OF SEVERAL OCCURRENCES
COLUMN 17 PEAK WIND IN M.P.H.
PRELIMINARY LOCAL CLIMATOLOGICAL DATA (WS FORM: F-6) , PAGE 2
STATION: MONTEREY AIRPORT
MONTH: APRIL
YEAR: 2024
LATITUDE: 36 34 N
LONGITUDE: 121 51 W
[TEMPERATURE DATA] [PRECIPITATION DATA] SYMBOLS USED IN COLUMN 16
AVERAGE MONTHLY: 54.3 TOTAL FOR MONTH: 1.39 1 = FOG OR MIST
DPTR FM NORMAL: -1.0 DPTR FM NORMAL: 0.44 2 = FOG REDUCING VISIBILITY
HIGHEST: 67 ON 2 GRTST 24HR 0.73 ON 4- 5 TO 1/4 MILE OR LESS
LOWEST: 41 ON 7 3 = THUNDER
SNOW, ICE PELLETS, HAIL 4 = ICE PELLETS
TOTAL MONTH: M 5 = HAIL
GRTST 24HR M ON M 6 = FREEZING RAIN OR DRIZZLE
GRTST DEPTH: M ON M 7 = DUSTSTORM OR SANDSTORM:
VSBY 1/2 MILE OR LESS
8 = SMOKE OR HAZE
[NO. OF DAYS WITH] [WEATHER - DAYS WITH] 9 = BLOWING SNOW
X = TORNADO
MAX 32 OR BELOW: 0 0.01 INCH OR MORE: 5
MAX 90 OR ABOVE: 0 0.10 INCH OR MORE: 3
MIN 32 OR BELOW: 0 0.50 INCH OR MORE: 1
MIN 0 OR BELOW: 0 1.00 INCH OR MORE: 0
[HDD (BASE 65) ]
TOTAL THIS MO. 262 CLEAR (SCALE 0-3) 11
DPTR FM NORMAL 17 PTCLDY (SCALE 4-7) 10
TOTAL FM JUL 1 2282 CLOUDY (SCALE 8-10) 4
DPTR FM NORMAL -162
[CDD (BASE 65) ]
TOTAL THIS MO. 0
DPTR FM NORMAL 0 [PRESSURE DATA]
TOTAL FM JAN 1 0 HIGHEST SLP M ON M
DPTR FM NORMAL -1 LOWEST SLP 29.74 ON 4
[REMARKS]