000
CXUS54 KHUN 280810
CF6MSL
PRELIMINARY LOCAL CLIMATOLOGICAL DATA (WS FORM: F-6)
STATION: MUSCLE SHOALS
MONTH: MARCH
YEAR: 2024
LATITUDE: 34 45 N
LONGITUDE: 87 37 W
TEMPERATURE IN F: :PCPN: SNOW: WIND :SUNSHINE: SKY :PK WND
================================================================================
1 2 3 4 5 6A 6B 7 8 9 10 11 12 13 14 15 16 17 18
12Z AVG MX 2MIN
DY MAX MIN AVG DEP HDD CDD WTR SNW DPTH SPD SPD DIR MIN PSBL S-S WX SPD DR
================================================================================
1 53 43 48 -2 17 0 0.21 0.0 0 6.5 14 150 M M 10 1 17 140
2 65 45 55 5 10 0 0.00 0.0 0 2.3 8 70 M M 6 1 11 50
3 71 42 57 6 8 0 0.00 0.0 0 5.9 12 160 M M 6 12 17 160
4 76 52 64 13 1 0 0.00 M M 6.5 13 170 M M 5 1 18 170
5 69 59 64 13 1 0 1.00 0.0 0 5.5 14 100 M M 10 13 18 100
6 72 54 63 11 2 0 0.05 0.0 0 5.8 14 340 M M 7 1 24 280
7 73 47 60 8 5 0 0.00 0.0 0 3.1 12 110 M M 3 1 16 110
8 69 58 64 12 1 0 0.07 0.0 0 7.1 26 160 M M 5 1 38 150
9 59 42 51 -1 14 0 0.06 0.0 0 8.7 18 300 M M 9 1 26 300
10 60 37 49 -4 16 0 0.00 0.0 0 7.2 16 300 M M 0 25 300
11 62 31 47 -6 18 0 0.00 0.0 0 1.9 9 110 M M 0 14 110
12 74 34 54 1 11 0 0.00 0.0 0 2.7 14 220 M M 0 1 19 220
13 77 45 61 7 4 0 0.00 0.0 0 4.9 14 230 M M 2 17 190
14 84 53 69 15 0 4 0.20 0.0 0 7.7 24 260 M M 6 13 30 260
15 72 55 64 10 1 0 1.50 0.0 0 9.9 24 350 M M 9 13 40 360
16 67 51 59 5 6 0 0.00 0.0 0 4.7 10 220 M M 5 1 15 220
17 64 51 58 3 7 0 0.01 0.0 0 6.0 14 290 M M 6 19 330
18 51 37 44 -11 21 0 0.00 0.0 0 10.9 24 300 M M 0 34 310
19 60 27 44 -11 21 0 0.00 0.0 0 7.1 17 260 M M 0 8 25 260
20 75 41 58 3 7 0 0.00 0.0 0 6.3 17 280 M M 0 8 21 280
21 75 44 60 4 5 0 T 0.0 0 5.3 14 70 M M 2 19 50
22 69 55 62 6 3 0 0.89 0.0 0 7.0 17 50 M M 7 1 26 50
23 63 47 55 -1 10 0 T 0.0 0 9.9 18 340 M M 3 29 30
24 72 41 57 0 8 0 0.00 0.0 0 9.2 20 160 M M 0 26 160
25 72 56 64 7 1 0 0.18 0.0 0 18.4 32 150 M M 7 3 49 150
26 70 53 62 5 3 0 1.91 0.0 0 9.8 25 140 M M 5 1 36 140
27 65 44 55 -2 10 0 0.00 0.0 0 5.9 13 340 M M 0 19 30
================================================================================
SM 1839 1244 211 4 6.08 0.0 186.2 M 113
================================================================================
AV 68.1 46.1 6.9 FASTST M M 4 MAX(MPH)
MISC ----> 32 150 49 150
================================================================================
NOTES:
# LAST OF SEVERAL OCCURRENCES
COLUMN 17 PEAK WIND IN M.P.H.
PRELIMINARY LOCAL CLIMATOLOGICAL DATA (WS FORM: F-6) , PAGE 2
STATION: MUSCLE SHOALS
MONTH: MARCH
YEAR: 2024
LATITUDE: 34 45 N
LONGITUDE: 87 37 W
[TEMPERATURE DATA] [PRECIPITATION DATA] SYMBOLS USED IN COLUMN 16
AVERAGE MONTHLY: 57.1 TOTAL FOR MONTH: 6.08 1 = FOG OR MIST
DPTR FM NORMAL: 3.3 DPTR FM NORMAL: 1.60 2 = FOG REDUCING VISIBILITY
HIGHEST: 84 ON 14 GRTST 24HR 2.09 ON 25-26 TO 1/4 MILE OR LESS
LOWEST: 27 ON 19 3 = THUNDER
SNOW, ICE PELLETS, HAIL 4 = ICE PELLETS
TOTAL MONTH: 0.0 INCH 5 = HAIL
GRTST 24HR 0.0 6 = FREEZING RAIN OR DRIZZLE
GRTST DEPTH: 0 7 = DUSTSTORM OR SANDSTORM:
VSBY 1/2 MILE OR LESS
8 = SMOKE OR HAZE
[NO. OF DAYS WITH] [WEATHER - DAYS WITH] 9 = BLOWING SNOW
X = TORNADO
MAX 32 OR BELOW: 0 0.01 INCH OR MORE: 11
MAX 90 OR ABOVE: 0 0.10 INCH OR MORE: 7
MIN 32 OR BELOW: 2 0.50 INCH OR MORE: 4
MIN 0 OR BELOW: 0 1.00 INCH OR MORE: 3
[HDD (BASE 65) ]
TOTAL THIS MO. 211 CLEAR (SCALE 0-3) 11
DPTR FM NORMAL -103 PTCLDY (SCALE 4-7) 12
TOTAL FM JUL 1 2354 CLOUDY (SCALE 8-10) 4
DPTR FM NORMAL -282
[CDD (BASE 65) ]
TOTAL THIS MO. 4
DPTR FM NORMAL -4 [PRESSURE DATA]
TOTAL FM JAN 1 10 HIGHEST SLP M ON M
DPTR FM NORMAL -1 LOWEST SLP 29.60 ON 25
[REMARKS]