000
CXUS53 KMKX 010810
CF6MSN
PRELIMINARY LOCAL CLIMATOLOGICAL DATA (WS FORM: F-6)
STATION: MADISON WI
MONTH: MAY
YEAR: 2021
LATITUDE: 43 7 N
LONGITUDE: 89 20 W
TEMPERATURE IN F: :PCPN: SNOW: WIND :SUNSHINE: SKY :PK WND
================================================================================
1 2 3 4 5 6A 6B 7 8 9 10 11 12 13 14 15 16 17 18
12Z AVG MX 2MIN
DY MAX MIN AVG DEP HDD CDD WTR SNW DPTH SPD SPD DIR MIN PSBL S-S WX SPD DR
================================================================================
1 87 46 67 15 0 2 0.00 0.0 0 12.5 24 200 M M 5 8 38 220
2 84 59 72 19 0 7 T 0.0 0 9.3 21 10 M M 5 3 29 360
3 68 54 61 8 4 0 0.58 0.0 0 7.2 16 10 M M 9 13 22 10
4 60 41 51 -3 14 0 0.00 0.0 0 8.9 18 350 M M 9 26 360
5 62 35 49 -5 16 0 0.03 0.0 0 5.1 14 350 M M 5 1 20 360
6 59 41 50 -4 15 0 0.21 0.0 0 6.5 17 30 M M 7 1 25 360
7 53 35 44 -11 21 0 0.00 0.0 0 7.8 21 350 M M 5 30 320
8 54 30 42 -13 23 0 0.00 0.0 0 5.6 18 110 M M 5 24 120
9 61 39 50 -6 15 0 0.00 0.0 0 8.4 17 50 M M 6 26 50
10 53 37 45 -11 20 0 T 0.0 0 5.7 15 50 M M 8 22 40
11 59 30 45 -11 20 0 0.00 0.0 0 5.2 17 20 M M 3 27 10
12 65 36 51 -6 14 0 0.00 0.0 0 1.8 9 60 M M 2 15 70
13 68 37 53 -4 12 0 0.00 0.0 0 2.9 10 310 M M 3 16 300
14 70 38 54 -3 11 0 0.00 0.0 0 3.8 15 190 M M 5 22 190
15 61 52 57 -1 8 0 0.09 0.0 0 7.5 21 170 M M 10 1 27 190
16 71 54 63 5 2 0 0.00 0.0 0 3.1 12 180 M M 8 1 18 180
17 76 47 62 4 3 0 0.00 0.0 0 7.6 17 120 M M 4 1 26 110
18 74 53 64 5 1 0 0.24 0.0 0 12.3 24 160 M M 8 1 32 150
19 75 63 69 10 0 4 0.05 0.0 0 11.7 21 160 M M 9 1 27 160
20 81 66 74 14 0 9 T 0.0 0 11.5 22 190 M M 8 1 33 180
21 74 65 70 10 0 5 0.09 0.0 0 8.1 17 190 M M 9 1 25 240
22 83 64 74 14 0 9 0.00 0.0 0 5.3 10 230 M M 6 18 250
23 79 57 68 7 0 3 0.29 0.0 0 5.3 14 50 M M 9 18 17 50
24 83 56 70 9 0 5 0.00 0.0 0 6.0 13 200 M M 8 1 24 240
25 81 67 74 13 0 9 T 0.0 0 9.2 18 200 M M 7 30 240
26 76 51 64 2 1 0 0.00 0.0 0 9.0 16 310 M M 3 31 320
27 51 39 45 -17 20 0 0.59 0.0 0 14.8 23 30 M M 8 1 34 30
28 51 38 45 -17 20 0 0.03 0.0 0 15.1 22 60 M M 9 1 32 50
29 64 33 49 -14 16 0 0.00 0.0 0 5.3 15 60 M M 1 21 30
30 66 34 50 -13 15 0 0.00 0.0 0 2.6 10 160 M M 6 16 200
31 72 50 61 -2 4 0 0.00 0.0 0 5.5 13 360 M M 5 22 270
================================================================================
SM 2121 1447 275 53 2.20 0.0 230.6 M 195
================================================================================
AV 68.4 46.7 7.4 FASTST M M 6 MAX(MPH)
MISC ----> # 24 200 38 220
================================================================================
NOTES:
# LAST OF SEVERAL OCCURRENCES
COLUMN 17 PEAK WIND IN M.P.H.
PRELIMINARY LOCAL CLIMATOLOGICAL DATA (WS FORM: F-6) , PAGE 2
STATION: MADISON WI
MONTH: MAY
YEAR: 2021
LATITUDE: 43 7 N
LONGITUDE: 89 20 W
[TEMPERATURE DATA] [PRECIPITATION DATA] SYMBOLS USED IN COLUMN 16
AVERAGE MONTHLY: 57.5 TOTAL FOR MONTH: 2.20 1 = FOG OR MIST
DPTR FM NORMAL: -0.6 DPTR FM NORMAL: -1.90 2 = FOG REDUCING VISIBILITY
HIGHEST: 87 ON 1 GRTST 24HR 0.61 ON 27-28 TO 1/4 MILE OR LESS
LOWEST: 30 ON 11, 8 3 = THUNDER
SNOW, ICE PELLETS, HAIL 4 = ICE PELLETS
TOTAL MONTH: 0.0 INCH 5 = HAIL
GRTST 24HR 0.0 6 = FREEZING RAIN OR DRIZZLE
GRTST DEPTH: 0 7 = DUSTSTORM OR SANDSTORM:
VSBY 1/2 MILE OR LESS
8 = SMOKE OR HAZE
[NO. OF DAYS WITH] [WEATHER - DAYS WITH] 9 = BLOWING SNOW
X = TORNADO
MAX 32 OR BELOW: 0 0.01 INCH OR MORE: 10
MAX 90 OR ABOVE: 0 0.10 INCH OR MORE: 5
MIN 32 OR BELOW: 2 0.50 INCH OR MORE: 2
MIN 0 OR BELOW: 0 1.00 INCH OR MORE: 0
[HDD (BASE 65) ]
TOTAL THIS MO. 275 CLEAR (SCALE 0-3) 5
DPTR FM NORMAL 23 PTCLDY (SCALE 4-7) 18
TOTAL FM JUL 1 7002 CLOUDY (SCALE 8-10) 8
DPTR FM NORMAL -88
[CDD (BASE 65) ]
TOTAL THIS MO. 53
DPTR FM NORMAL 17 [PRESSURE DATA]
TOTAL FM JAN 1 61 HIGHEST SLP M ON M
DPTR FM NORMAL 22 LOWEST SLP 29.44 ON 2
[REMARKS]
#FINAL-05-21#