000
CXUS55 KMSO 121907
CF6MSO
PRELIMINARY LOCAL CLIMATOLOGICAL DATA (WS FORM: F-6)
STATION: MISSOULA MT
MONTH: NOVEMBER
YEAR: 2022
LATITUDE: 46 55 N
LONGITUDE: 114 5 W
TEMPERATURE IN F: :PCPN: SNOW: WIND :SUNSHINE: SKY :PK WND
================================================================================
1 2 3 4 5 6A 6B 7 8 9 10 11 12 13 14 15 16 17 18
12Z AVG MX 2MIN
DY MAX MIN AVG DEP HDD CDD WTR SNW DPTH SPD SPD DIR MIN PSBL S-S WX SPD DR
================================================================================
1 57 39 48 11 17 0 T 0.0 0 4.2 15 340 M M 5 20 340
2 46 26 36 -1 29 0 0.09 T 0 6.6 24 260 M M 7 1 32 250
3 38 21 30 -6 35 0 T T 0 1.5 12 200 M M 7 17 240
4 45 33 39 3 26 0 0.04 T 0 4.7 14 150 M M 10 1 19 180
5 49 25 37 1 28 0 0.28 0.5 0 12.3 36 250 M M 8 18 54 250
6 39 24 32 -3 33 0 0.00 0.0 0 11.4 25 130 M M 4 1 34 130
7 31 19 25 -10 40 0 0.04 0.8 0 12.8 33 140 M M 7 12 41 90
8 31 17 24 -11 41 0 0.00 0.0 T 3.8 17 110 M M 3 8 26 90
9 23 18 21 -13 44 0 0.43 5.7 T 5.6 12 130 M M 10 128 15 100
10 27 16 22 -12 43 0 T 0.1 6 2.4 9 120 M M 10 18 11 120
11 24 10 17 -17 48 0 0.00 0.0 5 3.2 9 120 M M 4 18 12 120
12 24 4 14 -19 51 0 0.00 0.0 4 2.0 9 120 M M 4 128 11 110
13 33 13 23 -10 42 0 0.00 0.0 4 3.3 17 10 M M 7 18 24 10
14 32 21 27 -6 38 0 0.00 0.0 4 3.3 12 360 M M 10 15 360
15 33 17 25 -7 40 0 0.00 0.0 4 2.5 9 190 M M 6 12 170
16 29 14 22 -10 43 0 0.09 2.0 3 2.7 9 130 M M 8 1 10 140
17 29 3 16 -16 49 0 T 0.1 5 8.0 18 140 M M 3 18 22 140
18 18 -3 8 -23 57 0 0.00 0.0 5 0.6 6 50 M M 0 8 7 200
19 16 -5 6 -25 59 0 0.00 0.0 4 1.2 8 120 M M 1 128 10 130
20 18 -3 8 -23 57 0 0.00 0.0 4 1.2 8 140 M M 0 18 9 120
21 24 4 14 -16 51 0 0.00 0.0 4 0.9 6 150 M M 8 18 6 150
22 37 17 27 -3 38 0 0.00 0.0 4 2.4 12 120 M M 7 18 14 110
23 40 24 32 2 33 0 T T 4 7.4 18 310 M M 9 24 300
24 37 19 28 -1 37 0 0.00 0.0 3 0.6 9 120 M M 0 1 9 120
25 43 13 28 -1 37 0 0.00 0.0 3 2.4 10 140 M M 2 18 12 240
26 44 32 38 9 27 0 0.00 0.0 3 4.9 17 260 M M 8 24 260
27 41 21 31 3 34 0 0.03 0.5 1 9.2 32 290 M M 10 12 43 290
28 29 10 20 -8 45 0 T T 1 7.4 26 120 M M 5 33 120
29 23 13 18 -10 47 0 T T 1 9.2 22 120 M M 7 31 110
30 29 13 21 -7 44 0 0.07 0.9 1 10.4 25 130 M M 8 18 32 120
================================================================================
SM 989 475 1213 0 1.07 10.6 148.1 M 178
================================================================================
AV 33.0 15.8 4.9 FASTST M M 6 MAX(MPH)
MISC ----> 36 250 54 250
================================================================================
NOTES:
# LAST OF SEVERAL OCCURRENCES
COLUMN 17 PEAK WIND IN M.P.H.
PRELIMINARY LOCAL CLIMATOLOGICAL DATA (WS FORM: F-6) , PAGE 2
STATION: MISSOULA MT
MONTH: NOVEMBER
YEAR: 2022
LATITUDE: 46 55 N
LONGITUDE: 114 5 W
[TEMPERATURE DATA] [PRECIPITATION DATA] SYMBOLS USED IN COLUMN 16
AVERAGE MONTHLY: 24.4 TOTAL FOR MONTH: 1.07 1 = FOG OR MIST
DPTR FM NORMAL: -7.9 DPTR FM NORMAL: -0.11 2 = FOG REDUCING VISIBILITY
HIGHEST: 57 ON 1 GRTST 24HR 0.47 ON 9- 9 TO 1/4 MILE OR LESS
LOWEST: -5 ON 19 3 = THUNDER
SNOW, ICE PELLETS, HAIL 4 = ICE PELLETS
TOTAL MONTH: 10.6 INCHES 5 = HAIL
GRTST 24HR 5.7 ON 9- 9 6 = FREEZING RAIN OR DRIZZLE
GRTST DEPTH: 6 ON 10 7 = DUSTSTORM OR SANDSTORM:
VSBY 1/2 MILE OR LESS
8 = SMOKE OR HAZE
[NO. OF DAYS WITH] [WEATHER - DAYS WITH] 9 = BLOWING SNOW
X = TORNADO
MAX 32 OR BELOW: 16 0.01 INCH OR MORE: 8
MAX 90 OR ABOVE: 0 0.10 INCH OR MORE: 2
MIN 32 OR BELOW: 28 0.50 INCH OR MORE: 0
MIN 0 OR BELOW: 3 1.00 INCH OR MORE: 0
[HDD (BASE 65) ]
TOTAL THIS MO. 1213 CLEAR (SCALE 0-3) 6
DPTR FM NORMAL 231 PTCLDY (SCALE 4-7) 16
TOTAL FM JUL 1 1786 CLOUDY (SCALE 8-10) 8
DPTR FM NORMAL -172
[CDD (BASE 65) ]
TOTAL THIS MO. 0
DPTR FM NORMAL 0 [PRESSURE DATA]
TOTAL FM JAN 1 609 HIGHEST SLP 30.86 ON 18
DPTR FM NORMAL 302 LOWEST SLP 29.22 ON 5
[REMARKS]
#FINAL-11-22#