000
CXUS55 KMSO 022249
CF6MSO
PRELIMINARY LOCAL CLIMATOLOGICAL DATA (WS FORM: F-6)
STATION: MISSOULA MT
MONTH: MAY
YEAR: 2022
LATITUDE: 46 55 N
LONGITUDE: 114 5 W
TEMPERATURE IN F: :PCPN: SNOW: WIND :SUNSHINE: SKY :PK WND
================================================================================
1 2 3 4 5 6A 6B 7 8 9 10 11 12 13 14 15 16 17 18
12Z AVG MX 2MIN
DY MAX MIN AVG DEP HDD CDD WTR SNW DPTH SPD SPD DIR MIN PSBL S-S WX SPD DR
================================================================================
1 62 43 53 5 12 0 0.01 0.0 0 5.0 14 60 M M 9 20 330
2 70 33 52 3 13 0 T 0.0 0 5.7 23 60 M M 2 33 50
3 70 41 56 7 9 0 0.00 0.0 0 10.0 24 250 M M 3 32 260
4 73 44 59 10 6 0 0.00 0.0 0 3.3 12 130 M M 4 16 140
5 78 43 61 11 4 0 T 0.0 0 8.8 37 240 M M 4 51 240
6 61 46 54 4 11 0 0.63 0.0 0 6.9 20 250 M M 9 1 26 320
7 53 42 48 -2 17 0 0.06 0.0 0 7.5 22 200 M M 9 1 29 200
8 50 31 41 -10 24 0 T 0.0 0 6.2 23 250 M M 7 35 250
9 53 25 39 -12 26 0 T 0.0 0 6.1 23 270 M M 5 30 280
10 59 30 45 -6 20 0 0.00 0.0 0 4.6 16 300 M M 4 22 310
11 63 27 45 -7 20 0 0.00 0.0 0 4.4 15 70 M M 2 24 80
12 62 39 51 -1 14 0 0.00 0.0 0 4.0 17 280 M M 5 30 260
13 54 35 45 -7 20 0 T 0.0 0 12.6 29 280 M M 6 39 240
14 55 36 46 -7 19 0 0.01 0.0 0 3.8 8 280 M M 9 11 320
15 77 34 56 3 9 0 0.13 0.0 0 4.1 22 240 M M 2 18 33 260
16 73 48 61 8 4 0 T 0.0 0 8.1 25 300 M M 5 38 330
17 70 40 55 1 10 0 0.00 0.0 0 7.6 23 270 M M 2 29 260
18 62 37 50 -4 15 0 0.00 0.0 0 10.1 32 270 M M 6 41 290
19 52 36 44 -10 21 0 0.02 0.0 0 13.6 29 280 M M 8 39 280
20 57 38 48 -6 17 0 0.02 0.0 0 8.1 21 270 M M 8 27 50
21 59 35 47 -8 18 0 T T 0 8.8 23 170 M M 9 34 80
22 65 42 54 -1 11 0 0.00 0.0 0 4.1 20 290 M M 7 32 310
23 65 37 51 -4 14 0 T 0.0 0 4.0 25 230 M M 5 38 190
24 64 43 54 -1 11 0 T 0.0 0 3.3 20 280 M M 8 24 280
25 68 48 58 2 7 0 T 0.0 0 5.7 16 330 M M 10 22 330
26 82 44 63 7 2 0 T 0.0 0 3.9 17 350 M M 2 24 360
27 71 51 61 5 4 0 0.16 0.0 0 9.6 29 310 M M 7 1 44 300
28 62 44 53 -3 12 0 0.07 0.0 0 6.0 15 300 M M 9 19 300
29 66 40 53 -3 12 0 0.01 0.0 0 6.9 21 70 M M 8 26 60
30 63 49 56 0 9 0 T 0.0 0 5.7 16 330 M M 10 23 330
31 70 41 56 -1 9 0 0.00 0.0 0 7.6 20 130 M M 4 33 120
================================================================================
SM 1989 1222 400 0 1.12 T 206.1 M 188
================================================================================
AV 64.2 39.4 6.6 FASTST M M 6 MAX(MPH)
MISC ----> 37 240 51 240
================================================================================
NOTES:
# LAST OF SEVERAL OCCURRENCES
COLUMN 17 PEAK WIND IN M.P.H.
PRELIMINARY LOCAL CLIMATOLOGICAL DATA (WS FORM: F-6) , PAGE 2
STATION: MISSOULA MT
MONTH: MAY
YEAR: 2022
LATITUDE: 46 55 N
LONGITUDE: 114 5 W
[TEMPERATURE DATA] [PRECIPITATION DATA] SYMBOLS USED IN COLUMN 16
AVERAGE MONTHLY: 51.8 TOTAL FOR MONTH: 1.12 1 = FOG OR MIST
DPTR FM NORMAL: -1.2 DPTR FM NORMAL: -0.65 2 = FOG REDUCING VISIBILITY
HIGHEST: 82 ON 26 GRTST 24HR 0.68 ON 6- 7 TO 1/4 MILE OR LESS
LOWEST: 25 ON 9 3 = THUNDER
SNOW, ICE PELLETS, HAIL 4 = ICE PELLETS
TOTAL MONTH: T 5 = HAIL
GRTST 24HR T ON 21-21 6 = FREEZING RAIN OR DRIZZLE
GRTST DEPTH: 0 7 = DUSTSTORM OR SANDSTORM:
VSBY 1/2 MILE OR LESS
8 = SMOKE OR HAZE
[NO. OF DAYS WITH] [WEATHER - DAYS WITH] 9 = BLOWING SNOW
X = TORNADO
MAX 32 OR BELOW: 0 0.01 INCH OR MORE: 10
MAX 90 OR ABOVE: 0 0.10 INCH OR MORE: 3
MIN 32 OR BELOW: 4 0.50 INCH OR MORE: 1
MIN 0 OR BELOW: 0 1.00 INCH OR MORE: 0
[HDD (BASE 65) ]
TOTAL THIS MO. 400 CLEAR (SCALE 0-3) 5
DPTR FM NORMAL 25 PTCLDY (SCALE 4-7) 18
TOTAL FM JUL 1 6983 CLOUDY (SCALE 8-10) 8
DPTR FM NORMAL -346
[CDD (BASE 65) ]
TOTAL THIS MO. 0
DPTR FM NORMAL -3 [PRESSURE DATA]
TOTAL FM JAN 1 0 HIGHEST SLP 30.27 ON 21
DPTR FM NORMAL -3 LOWEST SLP 29.54 ON 5
[REMARKS]
#FINAL-05-22#