000
CXUS55 KMSO 010900
CF6MSO
PRELIMINARY LOCAL CLIMATOLOGICAL DATA (WS FORM: F-6)
STATION: MISSOULA MT
MONTH: OCTOBER
YEAR: 2021
LATITUDE: 46 55 N
LONGITUDE: 114 5 W
TEMPERATURE IN F: :PCPN: SNOW: WIND :SUNSHINE: SKY :PK WND
================================================================================
1 2 3 4 5 6A 6B 7 8 9 10 11 12 13 14 15 16 17 18
12Z AVG MX 2MIN
DY MAX MIN AVG DEP HDD CDD WTR SNW DPTH SPD SPD DIR MIN PSBL S-S WX SPD DR
================================================================================
1 70 43 57 6 8 0 T 0.0 0 4.0 14 280 M M 4 18 300
2 74 34 54 3 11 0 0.00 0.0 0 1.5 10 340 M M 0 1 13 330
3 79 35 57 7 8 0 0.00 0.0 0 2.7 14 340 M M 0 19 340
4 83 37 60 10 5 0 0.00 0.0 0 2.8 14 140 M M 0 19 140
5 84 40 62 13 3 0 0.00 0.0 0 1.9 10 330 M M 0 17 300
6 67 42 55 6 10 0 0.00 0.0 0 10.4 25 320 M M 3 39 330
7 58 36 47 -1 18 0 T 0.0 0 2.7 9 320 M M 7 13 310
8 54 28 41 -7 24 0 0.00 0.0 0 5.2 15 340 M M 5 21 340
9 61 35 48 1 17 0 0.00 0.0 0 8.0 21 270 M M 3 28 320
10 61 37 49 2 16 0 T 0.0 0 8.4 32 300 M M 7 49 300
11 44 27 36 -10 29 0 0.07 T 0 4.6 16 10 M M 4 1 22 10
12 48 17 33 -13 32 0 0.00 0.0 0 2.5 9 300 M M 4 12 16 320
13 44 19 32 -13 33 0 T 0.0 0 1.8 9 10 M M 6 13 240
14 43 32 38 -7 27 0 0.05 T 0 5.2 15 310 M M 10 1 21 310
15 58 32 45 1 20 0 0.00 0.0 0 2.4 10 290 M M 9 14 290
16 73 30 52 8 13 0 0.00 0.0 0 1.8 16 240 M M 0 8 21 240
17 75 27 51 8 14 0 0.00 0.0 0 3.0 12 150 M M 0 16 130
18 69 32 51 8 14 0 0.00 0.0 0 4.7 20 120 M M 1 25 10
19 66 45 56 14 9 0 0.00 0.0 0 14.9 22 130 M M 1 30 130
20 64 37 51 9 14 0 T 0.0 0 8.4 25 300 M M 4 36 310
21 63 37 50 8 15 0 0.01 0.0 0 2.5 9 320 M M 4 12 320
22 57 32 45 4 20 0 0.41 0.0 0 4.6 23 350 M M 5 1 32 350
23 51 39 45 4 20 0 0.04 0.0 0 2.9 15 200 M M 9 19 200
24 52 31 42 2 23 0 0.06 0.0 0 8.6 24 140 M M 6 1 32 150
25 49 39 44 4 21 0 0.29 0.0 0 6.2 20 300 M M 9 1 26 300
26 51 38 45 5 20 0 0.01 0.0 0 3.6 20 210 M M 10 12 24 200
27 53 41 47 8 18 0 0.09 0.0 0 6.8 24 260 M M 9 1 34 280
28 59 39 49 10 16 0 T 0.0 0 3.2 14 140 M M 9 18 160
29 67 43 55 17 10 0 0.02 0.0 0 8.0 24 300 M M 9 34 290
30 50 30 40 2 25 0 0.00 0.0 0 5.6 20 360 M M 3 30 360
31 47 29 38 0 27 0 0.00 0.0 0 12.1 23 120 M M 0 31 120
================================================================================
SM 1874 1063 540 0 1.05 T 161.0 M 141
================================================================================
AV 60.5 34.3 5.2 FASTST M M 5 MAX(MPH)
MISC ----> 32 300 49 300
================================================================================
NOTES:
# LAST OF SEVERAL OCCURRENCES
COLUMN 17 PEAK WIND IN M.P.H.
PRELIMINARY LOCAL CLIMATOLOGICAL DATA (WS FORM: F-6) , PAGE 2
STATION: MISSOULA MT
MONTH: OCTOBER
YEAR: 2021
LATITUDE: 46 55 N
LONGITUDE: 114 5 W
[TEMPERATURE DATA] [PRECIPITATION DATA] SYMBOLS USED IN COLUMN 16
AVERAGE MONTHLY: 47.4 TOTAL FOR MONTH: 1.05 1 = FOG OR MIST
DPTR FM NORMAL: 3.3 DPTR FM NORMAL: -0.13 2 = FOG REDUCING VISIBILITY
HIGHEST: 84 ON 5 GRTST 24HR 0.45 ON 22-23 TO 1/4 MILE OR LESS
LOWEST: 17 ON 12 3 = THUNDER
SNOW, ICE PELLETS, HAIL 4 = ICE PELLETS
TOTAL MONTH: T 5 = HAIL
GRTST 24HR T ON 11-11 6 = FREEZING RAIN OR DRIZZLE
GRTST DEPTH: 0 7 = DUSTSTORM OR SANDSTORM:
VSBY 1/2 MILE OR LESS
8 = SMOKE OR HAZE
[NO. OF DAYS WITH] [WEATHER - DAYS WITH] 9 = BLOWING SNOW
X = TORNADO
MAX 32 OR BELOW: 0 0.01 INCH OR MORE: 10
MAX 90 OR ABOVE: 0 0.10 INCH OR MORE: 2
MIN 32 OR BELOW: 13 0.50 INCH OR MORE: 0
MIN 0 OR BELOW: 0 1.00 INCH OR MORE: 0
[HDD (BASE 65) ]
TOTAL THIS MO. 540 CLEAR (SCALE 0-3) 12
DPTR FM NORMAL -109 PTCLDY (SCALE 4-7) 11
TOTAL FM JUL 1 793 CLOUDY (SCALE 8-10) 8
DPTR FM NORMAL -183
[CDD (BASE 65) ]
TOTAL THIS MO. 0
DPTR FM NORMAL 0 [PRESSURE DATA]
TOTAL FM JAN 1 587 HIGHEST SLP M ON M
DPTR FM NORMAL 280 LOWEST SLP 29.45 ON 25
[REMARKS]
#FINAL-10-21#