000
CXUS55 KMSO 031853
CLMMSO
CLIMATE REPORT
NATIONAL WEATHER SERVICE MISSOULA MT
1253 PM MDT MON JUL 03 2023
...................................
...THE MISSOULA MT CLIMATE SUMMARY FOR THE MONTH OF JUNE 2023...
CLIMATE NORMAL PERIOD 1991 TO 2020
CLIMATE RECORD PERIOD 1893 TO 2023
WEATHER OBSERVED NORMAL DEPART LAST YEAR`S
VALUE DATE(S) VALUE FROM VALUE
NORMAL
..............................................................
TEMPERATURE (F)
RECORD
HIGH 102 06/28/2015
LOW 30 06/10/1999
06/19/1920
06/01/1917
HIGHEST 91 06/30 MM MM 95
LOWEST 38 06/20 MM MM 40
AVG. MAXIMUM 77.0 73.2 3.8 73.9
AVG. MINIMUM 51.1 46.3 4.8 48.5
MEAN 64.1 59.7 4.4 61.2
DAYS MAX >= 90 1 2.1 -1.1 2
DAYS MAX <= 32 0 0.0 0.0 0
DAYS MIN <= 32 0 0.2 -0.2 0
DAYS MIN <= 0 0 0.0 0.0 0
PRECIPITATION (INCHES)
RECORD
MAXIMUM 4.79 1907
MINIMUM 0.22 1918
TOTALS 2.03 2.14 -0.11 2.02
DAILY AVG. 0.07 0.07 -0.00 0.07
DAYS >= .01 15 12.5 2.5 13
DAYS >= .10 7 6.1 0.9 8
DAYS >= .50 1 1.1 -0.1 0
DAYS >= 1.00 0 0.0 0.0 0
GREATEST
24 HR. TOTAL 0.73 06/17 TO 06/18 0.54
SNOWFALL (INCHES)
TOTALS 0.0 0.0 0.0 0.0
SINCE 7/1 50.0 43.0 7.0 MM
DAYS >= TRACE 0 0.1 -0.1 0
DAYS >= 1.0 0 0.0 0.0 0
GREATEST
SNOW DEPTH 0 0
24 HR TOTAL MM MM
DEGREE DAYS
HEATING TOTAL 80 185 -105
SINCE 7/1 7170 7512 -342
COOLING TOTAL 59 28 31
SINCE 1/1 85 31 54
..............................................................
WIND (MPH)
AVERAGE WIND SPEED 4.9
HIGHEST WIND SPEED/DIRECTION 31/180 DATE 06/07
HIGHEST GUST SPEED/DIRECTION 43/170 DATE 06/07
SKY COVER
POSSIBLE SUNSHINE (PERCENT) MM
AVERAGE SKY COVER 0.40
NUMBER OF DAYS FAIR 14
NUMBER OF DAYS PC 12
NUMBER OF DAYS CLOUDY 4
AVERAGE RH (PERCENT) 64
WEATHER CONDITIONS. NUMBER OF DAYS WITH
THUNDERSTORM 12 MIXED PRECIP 0
HEAVY RAIN 3 RAIN 6
LIGHT RAIN 20 FREEZING RAIN 0
LT FREEZING RAIN 0 HAIL 0
HEAVY SNOW 0 SNOW 0
LIGHT SNOW 0 SLEET 0
FOG 10 FOG W/VIS <= 1/4 MILE 1
HAZE 2
- INDICATES NEGATIVE NUMBERS.
R INDICATES RECORD WAS SET OR TIED.
MM INDICATES DATA IS MISSING.
T INDICATES TRACE AMOUNT.
$$