000
CXUS51 KBTV 010800
CF6MSS
PRELIMINARY LOCAL CLIMATOLOGICAL DATA (WS FORM: F-6)
STATION: MASSENA NY
MONTH: DECEMBER
YEAR: 2023
LATITUDE: 44 55 N
LONGITUDE: 74 51 W
TEMPERATURE IN F: :PCPN: SNOW: WIND :SUNSHINE: SKY :PK WND
================================================================================
1 2 3 4 5 6A 6B 7 8 9 10 11 12 13 14 15 16 17 18
12Z AVG MX 2MIN
DY MAX MIN AVG DEP HDD CDD WTR SNW DPTH SPD SPD DIR MIN PSBL S-S WX SPD DR
================================================================================
1 50 37 44 15 21 0 0.14 M M 6.1 17 220 M M 10 1 26 230
2 37 34 36 7 29 0 0.07 M M 6.8 15 50 M M 10 1 18 60
3 36 30 33 4 32 0 0.43 M M 13.7 22 50 M M 10 16 27 50
4 35 27 31 3 34 0 0.39 M M 4.5 15 60 M M 10 1 19 60
5 28 23 26 -2 39 0 T M M 6.2 15 60 M M 10 1 19 60
6 23 13 18 -9 47 0 T M M 5.7 13 280 M M 10 18 15 300
7 22 8 15 -12 50 0 T M M 4.9 10 70 M M 9 18 14 70
8 28 21 25 -2 40 0 0.00 M M 8.8 15 70 M M 9 18 19 60
9 35 27 31 5 34 0 T M M 7.5 13 70 M M 10 1 16 70
10 50 35 43 17 22 0 0.20 M M 3.8 16 230 M M 10 1 21 240
11 40 26 33 7 32 0 0.09 M M 9.6 20 280 M M 10 1 29 290
12 40 20 30 5 35 0 T M M 10.8 26 220 M M 7 35 210
13 35 22 29 4 36 0 T M M 10.9 22 280 M M 7 1 30 260
14 37 14 26 2 39 0 0.00 M M 9.4 17 220 M M 2 23 210
15 50 36 43 19 22 0 0.00 M M 14.1 21 230 M M 2 27 230
16 44 24 34 10 31 0 0.00 M M 5.7 13 260 M M 2 1 17 250
17 50 29 40 17 25 0 0.10 M M 6.7 21 160 M M 4 1 28 150
18 49 39 44 21 21 0 1.16 M M 8.6 17 240 M M 10 1 24 240
19 39 18 29 6 36 0 0.03 M M 9.3 21 280 M M 9 18 26 230
20 32 16 24 2 41 0 0.00 M M 5.0 13 350 M M 7 16 10
21 26 11 19 -3 46 0 0.00 M M 6.7 18 40 M M 1 24 30
22 24 10 17 -5 48 0 0.00 M M 5.4 12 20 M M 0 14 40
23 30 17 24 3 41 0 0.02 M M 5.2 8 80 M M 8 16 10 80
24 34 30 32 11 33 0 T M M 3.5 7 30 M M 10 16 8 30
25 39 30 35 14 30 0 0.00 M M 1.5 7 70 M M 10 18 7 60
26 50 27 39 19 26 0 0.07 M M 2.5 8 60 M M 8 12 10 50
27 39 36 38 18 27 0 0.02 M M 9.4 15 50 M M 10 12 20 50
28 37 35 36 16 29 0 0.05 M M 10.0 18 60 M M 10 1 23 50
29 39 35 37 18 28 0 0.12 M M 4.7 10 300 M M 10 1 13 300
30 35 25 30 11 35 0 T M M 8.5 14 250 M M 10 1 18 290
31 25 22 24 5 41 0 0.00 M M 5.9 12 290 M M 10 16 290
================================================================================
SM 1138 777 1050 0 2.89 M 221.4 M 245
================================================================================
AV 36.7 25.1 7.1 FASTST M M 8 MAX(MPH)
MISC ----> 26 220 35 210
================================================================================
NOTES:
# LAST OF SEVERAL OCCURRENCES
COLUMN 17 PEAK WIND IN M.P.H.
PRELIMINARY LOCAL CLIMATOLOGICAL DATA (WS FORM: F-6) , PAGE 2
STATION: MASSENA NY
MONTH: DECEMBER
YEAR: 2023
LATITUDE: 44 55 N
LONGITUDE: 74 51 W
[TEMPERATURE DATA] [PRECIPITATION DATA] SYMBOLS USED IN COLUMN 16
AVERAGE MONTHLY: 30.9 TOTAL FOR MONTH: 2.89 1 = FOG OR MIST
DPTR FM NORMAL: 7.1 DPTR FM NORMAL: 0.80 2 = FOG REDUCING VISIBILITY
HIGHEST: 50 ON 26,17 GRTST 24HR 1.16 ON 18-18 TO 1/4 MILE OR LESS
LOWEST: 8 ON 7 3 = THUNDER
SNOW, ICE PELLETS, HAIL 4 = ICE PELLETS
TOTAL MONTH: M 5 = HAIL
GRTST 24HR M ON M 6 = FREEZING RAIN OR DRIZZLE
GRTST DEPTH: M ON M 7 = DUSTSTORM OR SANDSTORM:
VSBY 1/2 MILE OR LESS
8 = SMOKE OR HAZE
[NO. OF DAYS WITH] [WEATHER - DAYS WITH] 9 = BLOWING SNOW
X = TORNADO
MAX 32 OR BELOW: 9 0.01 INCH OR MORE: 14
MAX 90 OR ABOVE: 0 0.10 INCH OR MORE: 7
MIN 32 OR BELOW: 23 0.50 INCH OR MORE: 1
MIN 0 OR BELOW: 0 1.00 INCH OR MORE: 1
[HDD (BASE 65) ]
TOTAL THIS MO. 1050 CLEAR (SCALE 0-3) 5
DPTR FM NORMAL -227 PTCLDY (SCALE 4-7) 6
TOTAL FM JUL 1 2507 CLOUDY (SCALE 8-10) 20
DPTR FM NORMAL -448
[CDD (BASE 65) ]
TOTAL THIS MO. 0
DPTR FM NORMAL 0 [PRESSURE DATA]
TOTAL FM JAN 1 419 HIGHEST SLP 30.72 ON 21
DPTR FM NORMAL 13 LOWEST SLP 29.07 ON 18
[REMARKS]
#FINAL-12-23#