000
CXUS54 KLIX 010810
CF6MSY
PRELIMINARY LOCAL CLIMATOLOGICAL DATA (WS FORM: F-6)
STATION: NEW ORLEANS
MONTH: APRIL
YEAR: 2023
LATITUDE: 29 58 N
LONGITUDE: 90 15 W
TEMPERATURE IN F: :PCPN: SNOW: WIND :SUNSHINE: SKY :PK WND
================================================================================
1 2 3 4 5 6A 6B 7 8 9 10 11 12 13 14 15 16 17 18
12Z AVG MX 2MIN
DY MAX MIN AVG DEP HDD CDD WTR SNW DPTH SPD SPD DIR MIN PSBL S-S WX SPD DR
================================================================================
1 86 66 76 9 0 11 T 0.0 M 7.5 16 250 M M 6 1 22 220
2 82 62 72 5 0 7 0.00 0.0 M 8.8 25 110 M M 8 1 30 100
3 86 73 80 13 0 15 T 0.0 M 11.3 21 200 M M 7 1 32 190
4 84 74 79 11 0 14 0.00 0.0 M 13.3 24 160 M M 8 1 36 170
5 84 75 80 12 0 15 0.00 0.0 M 12.6 24 150 M M 9 18 34 140
6 85 73 79 11 0 14 0.00 0.0 M 9.3 17 130 M M 8 1 23 140
7 75 68 72 4 0 7 0.38 0.0 M 8.2 20 330 M M 9 13 26 350
8 74 65 70 2 0 5 0.03 0.0 M 8.4 14 350 M M 9 1 22 360
9 67 59 63 -6 2 0 0.01 0.0 M 9.7 17 50 M M 10 1 24 40
10 73 60 67 -2 0 2 0.01 0.0 M 10.0 18 60 M M 8 1 24 80
11 71 64 68 -1 0 3 0.00 0.0 M 12.4 21 70 M M 8 28 80
12 71 63 67 -2 0 2 0.02 0.0 M 12.2 21 60 M M M 31 70
13 71 60 66 -4 0 1 0.00 0.0 M 7.8 15 290 M M M 20 320
14 80 58 69 -1 0 4 0.00 0.0 M 7.9 18 140 M M 5 26 140
15 80 65 73 3 0 8 1.43 0.0 M 8.5 31 310 M M 9 13 53 310
16 73 56 65 -5 0 0 0.55 0.0 M 10.9 26 300 M M 7 13 43 340
17 74 54 64 -6 1 0 0.00 0.0 M 6.3 13 360 M M 0 19 360
18 75 52 64 -7 1 0 0.00 0.0 M 4.7 16 130 M M 5 20 120
19 80 61 71 0 0 6 0.00 0.0 M 10.2 17 180 M M 4 24 190
20 83 66 75 4 0 10 0.00 0.0 M 10.7 17 140 M M 4 28 120
21 79 67 73 2 0 8 0.10 0.0 M 6.7 23 140 M M 5 13 29 140
22 79 60 70 -2 0 5 0.00 0.0 M 7.8 20 30 M M 3 29 20
23 77 64 71 -1 0 6 T 0.0 M 10.0 18 80 M M 7 26 10
24 70 60 65 -7 0 0 T 0.0 M 10.1 17 30 M M 7 24 10
25 79 63 71 -1 0 6 0.00 0.0 M 7.7 15 60 M M 6 23 60
26 82 67 75 3 0 10 0.00 0.0 M 8.1 16 130 M M 7 22 140
27 85 67 76 3 0 11 0.56 0.0 M 7.6 22 280 M M 7 13 26 280
28 83 66 75 2 0 10 0.00 0.0 M 5.1 13 290 M M 2 18 310
29 78 63 71 -2 0 6 0.07 0.0 M 9.5 23 290 M M 8 1 32 280
30 80 58 69 -4 0 4 0.00 0.0 M 11.2 20 290 M M 2 28 270
================================================================================
SM 2346 1909 4 190 3.16 0.0 274.5 M 178
================================================================================
AV 78.2 63.6 9.1 FASTST M M 6 MAX(MPH)
MISC ----> 31 310 53 310
================================================================================
NOTES:
# LAST OF SEVERAL OCCURRENCES
COLUMN 17 PEAK WIND IN M.P.H.
PRELIMINARY LOCAL CLIMATOLOGICAL DATA (WS FORM: F-6) , PAGE 2
STATION: NEW ORLEANS
MONTH: APRIL
YEAR: 2023
LATITUDE: 29 58 N
LONGITUDE: 90 15 W
[TEMPERATURE DATA] [PRECIPITATION DATA] SYMBOLS USED IN COLUMN 16
AVERAGE MONTHLY: 70.9 TOTAL FOR MONTH: 3.16 1 = FOG OR MIST
DPTR FM NORMAL: 0.8 DPTR FM NORMAL: -2.06 2 = FOG REDUCING VISIBILITY
HIGHEST: 86 ON 3, 1 GRTST 24HR 1.98 ON 15-16 TO 1/4 MILE OR LESS
LOWEST: 52 ON 18 3 = THUNDER
SNOW, ICE PELLETS, HAIL 4 = ICE PELLETS
TOTAL MONTH: 0.0 INCH 5 = HAIL
GRTST 24HR 0.0 6 = FREEZING RAIN OR DRIZZLE
GRTST DEPTH: M ON M 7 = DUSTSTORM OR SANDSTORM:
VSBY 1/2 MILE OR LESS
8 = SMOKE OR HAZE
[NO. OF DAYS WITH] [WEATHER - DAYS WITH] 9 = BLOWING SNOW
X = TORNADO
MAX 32 OR BELOW: 0 0.01 INCH OR MORE: 10
MAX 90 OR ABOVE: 0 0.10 INCH OR MORE: 5
MIN 32 OR BELOW: 0 0.50 INCH OR MORE: 3
MIN 0 OR BELOW: 0 1.00 INCH OR MORE: 1
[HDD (BASE 65) ]
TOTAL THIS MO. 4 CLEAR (SCALE 0-3) 4
DPTR FM NORMAL -23 PTCLDY (SCALE 4-7) 18
TOTAL FM JUL 1 826 CLOUDY (SCALE 8-10) 8
DPTR FM NORMAL -347
[CDD (BASE 65) ]
TOTAL THIS MO. 190
DPTR FM NORMAL 10 [PRESSURE DATA]
TOTAL FM JAN 1 535 HIGHEST SLP M ON M
DPTR FM NORMAL 224 LOWEST SLP 29.67 ON 29
[REMARKS]
#FINAL-04-23#