000
CXUS54 KLIX 010910
CF6MSY
PRELIMINARY LOCAL CLIMATOLOGICAL DATA (WS FORM: F-6)
STATION: NEW ORLEANS
MONTH: FEBRUARY
YEAR: 2022
LATITUDE: 29 58 N
LONGITUDE: 90 15 W
TEMPERATURE IN F: :PCPN: SNOW: WIND :SUNSHINE: SKY :PK WND
================================================================================
1 2 3 4 5 6A 6B 7 8 9 10 11 12 13 14 15 16 17 18
12Z AVG MX 2MIN
DY MAX MIN AVG DEP HDD CDD WTR SNW DPTH SPD SPD DIR MIN PSBL S-S WX SPD DR
================================================================================
1 70 57 64 8 1 0 0.08 0.0 M 16.6 30 110 M M 8 18 38 110
2 68 62 65 9 0 0 0.34 0.0 M 7.8 16 230 M M 10 1 20 230
3 74 44 59 3 6 0 2.08 M M 12.8 35 230 M M 10 123 44 220
4 44 35 40 -16 25 0 0.21 M M 14.7 23 330 M M 10 13 30 340
5 50 33 42 -14 23 0 0.00 0.0 M 9.1 20 350 M M 2 28 360
6 55 34 45 -11 20 0 0.00 0.0 M 2.4 9 330 M M 1 14 340
7 54 42 48 -8 17 0 0.00 0.0 M 5.3 13 10 M M 8 8 16 360
8 59 44 52 -5 13 0 0.00 0.0 M 4.0 9 330 M M 3 8 13 50
9 64 39 52 -5 13 0 0.00 0.0 M 4.3 10 180 M M 1 18 14 180
10 69 39 54 -3 11 0 0.00 0.0 M 2.4 10 180 M M 2 18 12 180
11 69 43 56 -1 9 0 0.00 0.0 M 3.7 12 180 M M 3 18 14 170
12 70 44 57 -1 8 0 0.00 0.0 M 5.1 20 340 M M 6 128 27 360
13 55 38 47 -11 18 0 0.03 M M 11.7 23 340 M M 2 31 340
14 65 37 51 -7 14 0 0.00 0.0 M 3.6 9 180 M M 4 8 12 330
15 67 41 54 -4 11 0 0.00 0.0 M 7.8 17 110 M M 2 18 22 110
16 77 53 65 7 0 0 0.00 0.0 M 15.2 30 140 M M 5 8 36 170
17 78 63 71 13 0 6 0.20 0.0 M 16.7 29 180 M M 9 18 37 170
18 63 46 55 -4 10 0 0.00 0.0 M 12.4 20 330 M M 8 26 340
19 63 44 54 -5 11 0 0.00 0.0 M 6.7 16 40 M M 5 8 21 20
20 71 48 60 1 5 0 0.00 0.0 M 7.4 15 100 M M 7 19 100
21 78 61 70 11 0 5 T 0.0 M 10.8 18 170 M M 8 18 25 170
22 81 68 75 15 0 10 T 0.0 M 11.7 18 180 M M 9 128 26 160
23 81 69 75 15 0 10 0.00 0.0 M 9.2 16 180 M M 7 128 21 150
24 81 69 75 15 0 10 T 0.0 M 11.1 21 160 M M 7 18 30 150
25 72 52 62 2 3 0 0.01 0.0 M 11.8 21 330 M M 10 18 27 320
26 63 51 57 -3 8 0 0.00 0.0 M 7.0 12 40 M M 10 16 10
27 63 46 55 -6 10 0 0.44 M M 10.4 17 350 M M 8 1 23 340
28 65 45 55 -6 10 0 0.00 0.0 M 9.2 17 10 M M 4 22 10
================================================================================
SM 1869 1347 246 41 3.39 0.0 250.9 M 169
================================================================================
AV 66.8 48.1 9.0 FASTST M M 6 MAX(MPH)
MISC ----> 35 230 44 220
================================================================================
NOTES:
# LAST OF SEVERAL OCCURRENCES
COLUMN 17 PEAK WIND IN M.P.H.
PRELIMINARY LOCAL CLIMATOLOGICAL DATA (WS FORM: F-6) , PAGE 2
STATION: NEW ORLEANS
MONTH: FEBRUARY
YEAR: 2022
LATITUDE: 29 58 N
LONGITUDE: 90 15 W
[TEMPERATURE DATA] [PRECIPITATION DATA] SYMBOLS USED IN COLUMN 16
AVERAGE MONTHLY: 57.4 TOTAL FOR MONTH: 3.39 1 = FOG OR MIST
DPTR FM NORMAL: -0.6 DPTR FM NORMAL: -0.74 2 = FOG REDUCING VISIBILITY
HIGHEST: 81 ON 24,23 GRTST 24HR 2.18 ON 3- 4 TO 1/4 MILE OR LESS
LOWEST: 33 ON 5 3 = THUNDER
SNOW, ICE PELLETS, HAIL 4 = ICE PELLETS
TOTAL MONTH: 0.0 INCH 5 = HAIL
GRTST 24HR 0.0 6 = FREEZING RAIN OR DRIZZLE
GRTST DEPTH: M ON M 7 = DUSTSTORM OR SANDSTORM:
VSBY 1/2 MILE OR LESS
8 = SMOKE OR HAZE
[NO. OF DAYS WITH] [WEATHER - DAYS WITH] 9 = BLOWING SNOW
X = TORNADO
MAX 32 OR BELOW: 0 0.01 INCH OR MORE: 8
MAX 90 OR ABOVE: 0 0.10 INCH OR MORE: 5
MIN 32 OR BELOW: 0 0.50 INCH OR MORE: 1
MIN 0 OR BELOW: 0 1.00 INCH OR MORE: 1
[HDD (BASE 65) ]
TOTAL THIS MO. 246 CLEAR (SCALE 0-3) 8
DPTR FM NORMAL 20 PTCLDY (SCALE 4-7) 10
TOTAL FM JUL 1 888 CLOUDY (SCALE 8-10) 10
DPTR FM NORMAL -142
[CDD (BASE 65) ]
TOTAL THIS MO. 41
DPTR FM NORMAL 9 [PRESSURE DATA]
TOTAL FM JAN 1 62 HIGHEST SLP 30.52 ON 5
DPTR FM NORMAL 11 LOWEST SLP 29.82 ON 3
[REMARKS]
#FINAL-02-22#