000
CXUS54 KLIX 010810
CF6MSY
PRELIMINARY LOCAL CLIMATOLOGICAL DATA (WS FORM: F-6)
STATION: NEW ORLEANS
MONTH: APRIL
YEAR: 2020
LATITUDE: 29 58 N
LONGITUDE: 90 15 W
TEMPERATURE IN F: :PCPN: SNOW: WIND :SUNSHINE: SKY :PK WND
================================================================================
1 2 3 4 5 6A 6B 7 8 9 10 11 12 13 14 15 16 17 18
12Z AVG MX 2MIN
DY MAX MIN AVG DEP HDD CDD WTR SNW DPTH SPD SPD DIR MIN PSBL S-S WX SPD DR
================================================================================
1 75 58 67 1 0 2 0.00 0.0 M 6.4 16 30 M M 4 24 20
2 80 53 67 1 0 2 T 0.0 M 6.9 16 120 M M 7 21 140
3 81 60 71 5 0 6 0.00 0.0 M 5.9 14 110 M M 6 17 120
4 80 62 71 5 0 6 0.05 0.0 M 5.0 15 110 M M 9 1 18 90
5 83 62 73 6 0 8 0.01 0.0 M 6.6 15 60 M M 7 18 19 50
6 83 63 73 6 0 8 0.00 0.0 M 8.6 18 140 M M 7 23 140
7 88 71 80 13 0 15 T 0.0 M 7.7 15 230 M M 9 18 19 220
8 88 75 82 15 0 17 0.00 0.0 M 8.0 17 260 M M 7 18 22 220
9 90 71 81 14 0 16 0.05 0.0 M 7.6 33 310 M M 7 138 49 300
10 75 65 70 2 0 5 T 0.0 M 10.0 20 60 M M 7 33 30
11 79 63 71 3 0 6 0.00 0.0 M 11.7 18 120 M M 8 24 140
12 86 74 80 12 0 15 0.22 0.0 M 16.7 30 190 M M 9 138 42 190
13 79 62 71 3 0 6 0.00 0.0 M 8.1 18 340 M M 2 18 22 340
14 75 59 67 -2 0 2 0.00 0.0 M 11.1 21 10 M M 7 28 10
15 71 54 63 -6 2 0 0.00 0.0 M 12.1 20 360 M M 6 26 350
16 75 59 67 -2 0 2 0.00 0.0 M 11.0 21 110 M M 4 27 70
17 83 58 71 2 0 6 T 0.0 M 6.9 17 140 M M 8 3 21 150
18 78 71 75 5 0 10 2.38 0.0 M 5.6 24 160 M M 9 1358 33 160
19 86 73 80 10 0 15 0.57 0.0 M 14.1 28 260 M M 9 138 40 240
20 79 66 73 3 0 8 0.00 0.0 M 7.2 17 340 M M 6 23 340
21 85 64 75 5 0 10 0.00 0.0 M 3.4 9 10 M M 4 14 30
22 84 67 76 5 0 11 T 0.0 M 13.6 25 150 M M 8 34 140
23 82 68 75 4 0 10 0.10 0.0 M 10.1 24 160 M M 7 138 32 160
24 85 64 75 4 0 10 0.00 0.0 M 6.3 13 190 M M 2 20 40
25 88 67 78 6 0 13 0.03 0.0 M 7.8 17 290 M M 4 3 25 300
26 82 66 74 2 0 9 T 0.0 M 8.4 14 50 M M 4 21 20
27 80 62 71 -1 0 6 0.00 0.0 M 8.6 17 90 M M 4 21 100
28 83 61 72 0 0 7 1.21 0.0 M 9.7 23 300 M M 8 13 32 330
29 76 65 71 -2 0 6 0.79 0.0 M 10.3 29 350 M M 6 13 45 350
30 79 58 69 -4 0 4 0.00 0.0 M 6.6 15 320 M M 1 20 340
================================================================================
SM 2438 1921 2 241 5.41 0.0 262.0 M 186
================================================================================
AV 81.3 64.0 8.7 FASTST M M 6 MAX(MPH)
MISC ----> 33 310 49 300
================================================================================
NOTES:
# LAST OF SEVERAL OCCURRENCES
COLUMN 17 PEAK WIND IN M.P.H.
PRELIMINARY LOCAL CLIMATOLOGICAL DATA (WS FORM: F-6) , PAGE 2
STATION: NEW ORLEANS
MONTH: APRIL
YEAR: 2020
LATITUDE: 29 58 N
LONGITUDE: 90 15 W
[TEMPERATURE DATA] [PRECIPITATION DATA] SYMBOLS USED IN COLUMN 16
AVERAGE MONTHLY: 72.7 TOTAL FOR MONTH: 5.41 1 = FOG OR MIST
DPTR FM NORMAL: 3.6 DPTR FM NORMAL: 0.80 2 = FOG REDUCING VISIBILITY
HIGHEST: 90 ON 9 GRTST 24HR 2.38 ON 18-18 TO 1/4 MILE OR LESS
LOWEST: 53 ON 2 3 = THUNDER
SNOW, ICE PELLETS, HAIL 4 = ICE PELLETS
TOTAL MONTH: 0.0 INCH 5 = HAIL
GRTST 24HR 0.0 6 = FREEZING RAIN OR DRIZZLE
GRTST DEPTH: M ON M 7 = DUSTSTORM OR SANDSTORM:
VSBY 1/2 MILE OR LESS
8 = SMOKE OR HAZE
[NO. OF DAYS WITH] [WEATHER - DAYS WITH] 9 = BLOWING SNOW
X = TORNADO
MAX 32 OR BELOW: 0 0.01 INCH OR MORE: 10
MAX 90 OR ABOVE: 1 0.10 INCH OR MORE: 6
MIN 32 OR BELOW: 0 0.50 INCH OR MORE: 4
MIN 0 OR BELOW: 0 1.00 INCH OR MORE: 2
[HDD (BASE 65) ]
TOTAL THIS MO. 2 CLEAR (SCALE 0-3) 3
DPTR FM NORMAL -32 PTCLDY (SCALE 4-7) 21
TOTAL FM JUL 1 756 CLOUDY (SCALE 8-10) 6
DPTR FM NORMAL -521
[CDD (BASE 65) ]
TOTAL THIS MO. 241
DPTR FM NORMAL 84 [PRESSURE DATA]
TOTAL FM JAN 1 621 HIGHEST SLP M ON M
DPTR FM NORMAL 364 LOWEST SLP 29.59 ON 12
[REMARKS]
#FINAL-04-20#