000
CXUS52 KKEY 011704 CCA
CF6MTH
PRELIMINARY LOCAL CLIMATOLOGICAL DATA (WS FORM: F-6)...CORRECTED
STATION: MARATHON
MONTH: MAY
YEAR: 2023
LATITUDE: 24 43 N
LONGITUDE: 81 5 W
TEMPERATURE IN F: :PCPN: SNOW: WIND :SUNSHINE: SKY :PK WND
================================================================================
1 2 3 4 5 6A 6B 7 8 9 10 11 12 13 14 15 16 17 18
12Z AVG MX 2MIN
DY MAX MIN AVG DEP HDD CDD WTR SNW DPTH SPD SPD DIR MIN PSBL S-S WX SPD DR
================================================================================
1 85 73 79 -1 0 14 0.00 0.0 0 7.4 17 280 M M 2 24 290
2 89 69 79 -1 0 14 0.00 0.0 0 3.0 9 290 M M 0 14 290
3 86 73 80 0 0 15 0.00 0.0 0 5.4 14 280 M M 1 19 280
4 84 73 79 -1 0 14 0.00 0.0 0 5.2 14 40 M M 1 20 30
5 89 71 80 -1 0 15 0.00 0.0 0 5.8 12 80 M M 1 20 80
6 90 76 83 2 0 18 0.00 0.0 0 8.7 17 50 M M 1 22 50
7 89 79 84 3 0 19 T 0.0 0 12.1 21 70 M M 3 32 110
8 89 77 83 2 0 18 0.00 0.0 0 8.6 15 80 M M 2 8 23 90
9 92 76 84 3 0 19 0.00 0.0 0 6.2 10 90 M M 2 8 17 110
10 90 76 83 2 0 18 0.00 0.0 0 5.8 10 90 M M 0 8 18 100
11 91 77 84 3 0 19 0.00 0.0 0 9.2 16 70 M M 1 25 70
12 91 80 86 5 0 21 0.00 0.0 0 11.1 17 70 M M 3 28 110
13 88 79 84 3 0 19 0.00 0.0 0 11.5 17 90 M M 1 26 80
14 89 79 84 3 0 19 T 0.0 0 8.4 14 30 M M 2 3 19 50
15 91 78 85 3 0 20 T 0.0 0 6.1 13 40 M M 2 8 18 40
16 91 77 84 2 0 19 0.00 0.0 0 3.9 8 150 M M 2 12 200
17 91 75 83 1 0 18 0.09 0.0 0 4.1 13 300 M M 3 1 21 300
18 93 77 85 3 0 20 0.00 0.0 0 3.6 9 120 M M 2 16 140
19 92 75 84 2 0 19 0.30 0.0 0 3.5 26 20 M M 3 138 35 10
20 92 75 84 2 0 19 0.75 0.0 0 5.9 17 80 M M 3 1 26 80
21 92 78 85 3 0 20 T 0.0 0 4.8 16 40 M M 4 21 40
22 91 78 85 3 0 20 0.40 0.0 0 4.1 17 350 M M 6 1 26 350
23 91 75 83 1 0 18 1.00 0.0 0 3.7 20 60 M M 5 138 29 150
24 90 72 81 -2 0 16 0.36 0.0 0 4.5 15 160 M M 4 13 25 170
25 91 75 83 0 0 18 0.00 0.0 0 5.0 15 50 M M 2 3 22 40
26 89 73 81 -2 0 16 0.04 0.0 0 5.9 17 290 M M 4 13 23 290
27 87 76 82 -1 0 17 0.17 0.0 0 5.3 13 40 M M 3 1 18 350
28 89 76 83 0 0 18 0.00 0.0 0 3.5 8 330 M M 2 13 280
29 87 76 82 -1 0 17 0.00 0.0 0 3.9 10 340 M M 2 16 330
30 91 74 83 0 0 18 0.11 0.0 0 3.6 14 60 M M 2 13 21 50
31 91 76 84 1 0 19 0.51 0.0 0 5.2 17 180 M M 4 138 31 190
================================================================================
SM 2781 2344 0 554 3.73 0.0 185.0 M 73
================================================================================
AV 89.7 75.6 6.0 FASTST M M 2 MAX(MPH)
MISC ----> 26 20 35 10
================================================================================
NOTES:
# LAST OF SEVERAL OCCURRENCES
COLUMN 17 PEAK WIND IN M.P.H.
PRELIMINARY LOCAL CLIMATOLOGICAL DATA (WS FORM: F-6) , PAGE 2
STATION: MARATHON
MONTH: MAY
YEAR: 2023
LATITUDE: 24 43 N
LONGITUDE: 81 5 W
[TEMPERATURE DATA] [PRECIPITATION DATA] SYMBOLS USED IN COLUMN 16
AVERAGE MONTHLY: 82.7 TOTAL FOR MONTH: 3.73 1 = FOG OR MIST
DPTR FM NORMAL: 1.0 DPTR FM NORMAL: 0.37 2 = FOG REDUCING VISIBILITY
HIGHEST: 93 ON 18 GRTST 24HR 1.00 ON 23-23 TO 1/4 MILE OR LESS
LOWEST: 69 ON 2 3 = THUNDER
SNOW, ICE PELLETS, HAIL 4 = ICE PELLETS
TOTAL MONTH: 0.0 INCH 5 = HAIL
GRTST 24HR 0.0 6 = FREEZING RAIN OR DRIZZLE
GRTST DEPTH: 0 7 = DUSTSTORM OR SANDSTORM:
VSBY 1/2 MILE OR LESS
8 = SMOKE OR HAZE
[NO. OF DAYS WITH] [WEATHER - DAYS WITH] 9 = BLOWING SNOW
X = TORNADO
MAX 32 OR BELOW: 0 0.01 INCH OR MORE: 10
MAX 90 OR ABOVE: 18 0.10 INCH OR MORE: 8
MIN 32 OR BELOW: 0 0.50 INCH OR MORE: 3
MIN 0 OR BELOW: 0 1.00 INCH OR MORE: 1
[HDD (BASE 65) ]
TOTAL THIS MO. 0 CLEAR (SCALE 0-3) 25
DPTR FM NORMAL 0 PTCLDY (SCALE 4-7) 6
TOTAL FM JUL 1 44 CLOUDY (SCALE 8-10) 0
DPTR FM NORMAL -27
[CDD (BASE 65) ]
TOTAL THIS MO. 554
DPTR FM NORMAL 38 [PRESSURE DATA]
TOTAL FM JAN 1 2193 HIGHEST SLP M ON M
DPTR FM NORMAL 570 LOWEST SLP 29.70 ON 25
[REMARKS]
SOME DATES THIS MONTH UTILIZED DATA FROM THE OFFICIAL BACKUP SITE
LOCATED AT CURRY HAMMOCK STATE PARK (SITE ID: MTEF1). THOSE DATES
ARE INDICATED BELOW, ALONG WITH THE OBSERVATION PARAMETER THAT WAS
BACKED UP (INDICATED BY AN X.)
TEMPERATURE :PCPN:
================================
1 2 3 4 5 6A 6B 7
DY MAX MIN AVG DEP HDD CDD WTR
================================
19 X
20 X
21 X
22 X
23 X
CORRECTED SNOW DEPTH ON 26TH TO ZERO
CORRECTED ALIGNMENT OF SNOW, ICE PELLETS, HAIL TABLE
CORRECTED SKY COVER TABLE
ADDED TABLE DETAILING USE OF BACKUP DATA
#FINAL-05-23#
ROSS