000
CXUS55 KBOI 281002
CF6MUO
PRELIMINARY LOCAL CLIMATOLOGICAL DATA (WS FORM: F-6)
STATION: MOUNTAIN HOME AFB
MONTH: FEBRUARY
YEAR: 2023
LATITUDE: 43 2 N
LONGITUDE: 115 52 W
TEMPERATURE IN F: :PCPN: SNOW: WIND :SUNSHINE: SKY :PK WND
================================================================================
1 2 3 4 5 6A 6B 7 8 9 10 11 12 13 14 15 16 17 18
12Z AVG MX 2MIN
DY MAX MIN AVG DEP HDD CDD WTR SNW DPTH SPD SPD DIR MIN PSBL S-S WX SPD DR
================================================================================
1 32 13 23 -9 42 0 0.00 M M 14.7 20 100 M M 3 M M
2 39 14 27 -5 38 0 0.00 M M 14.7 21 120 M M 0 M M
3 40 25 33 0 32 0 0.00 M M 15.0 21 100 M M 4 M M
4 46 20 33 0 32 0 0.00 M M 13.3 22 110 M M 2 31 100
5 48 30 39 6 26 0 T M M 11.7 29 110 M M 5 36 100
6 44 29 37 4 28 0 0.00 M M 15.2 29 300 M M 6 37 300
7 47 22 35 2 30 0 0.00 M M 7.2 17 80 M M 3 M M
8 42 22 32 -1 33 0 0.00 M M 12.4 23 300 M M 3 32 320
9 42 18 30 -4 35 0 0.00 M M 12.6 21 110 M M 1 25 90
10 44 23 34 0 31 0 0.00 M M 22.4 32 100 M M 1 39 120
11 45 20 33 -1 32 0 0.00 M M 4.2 9 300 M M 0 M M
12 44 17 31 -3 34 0 0.00 M M 3.6 8 110 M M 0 M M
13 45 20 33 -1 32 0 T M M 15.2 28 270 M M 3 37 280
14 34 22 28 -7 37 0 T M M 19.7 30 310 M M 7 9 38 310
15 41 20 31 -4 34 0 0.00 M M 16.8 27 320 M M 0 31 320
16 41 14 28 -7 37 0 0.00 M M 12.2 20 90 M M 0 M M
17 41 18 30 -5 35 0 0.00 M M 12.3 18 100 M M 0 M M
18 37 15 26 -10 39 0 0.00 M M 6.5 10 100 M M 7 M M
19 47 17 32 -4 33 0 0.00 M M 3.7 9 320 M M 1 M M
20 54 28 41 5 24 0 0.00 M M 7.7 20 290 M M 7 M M
21 48 23 36 0 29 0 T M M 13.9 36 310 M M 6 41 300
22 37 19 28 -9 37 0 T M M 14.9 27 100 M M 5 33 100
23 32 16 24 -13 41 0 T M M 21.2 30 100 M M 5 38 90
24 42 17 30 -7 35 0 0.00 M M 17.4 27 100 M M 0 35 100
25 51 19 35 -3 30 0 0.00 M M 10.8 18 100 M M 0 22 100
26 40 28 34 -4 31 0 T M M 9.8 20 120 M M 6 28 300
27 40 27 34 -4 31 0 T M M 10.0 24 100 M M 7 13 32 90
================================================================================
SM 1143 556 898 0 T M 339.1 M 82
================================================================================
AV 42.3 20.6 12.6 FASTST M M 3 MAX(MPH)
MISC ----> 36 310 41 300
================================================================================
NOTES:
# LAST OF SEVERAL OCCURRENCES
COLUMN 17 PEAK WIND IN M.P.H.
PRELIMINARY LOCAL CLIMATOLOGICAL DATA (WS FORM: F-6) , PAGE 2
STATION: MOUNTAIN HOME AFB
MONTH: FEBRUARY
YEAR: 2023
LATITUDE: 43 2 N
LONGITUDE: 115 52 W
[TEMPERATURE DATA] [PRECIPITATION DATA] SYMBOLS USED IN COLUMN 16
AVERAGE MONTHLY: 31.5 TOTAL FOR MONTH: T 1 = FOG OR MIST
DPTR FM NORMAL: -3.4 DPTR FM NORMAL: -0.83 2 = FOG REDUCING VISIBILITY
HIGHEST: 54 ON 20 GRTST 24HR T ON 5- 5 TO 1/4 MILE OR LESS
LOWEST: 13 ON 1 3 = THUNDER
SNOW, ICE PELLETS, HAIL 4 = ICE PELLETS
TOTAL MONTH: M 5 = HAIL
GRTST 24HR M ON M 6 = FREEZING RAIN OR DRIZZLE
GRTST DEPTH: M ON M 7 = DUSTSTORM OR SANDSTORM:
VSBY 1/2 MILE OR LESS
8 = SMOKE OR HAZE
[NO. OF DAYS WITH] [WEATHER - DAYS WITH] 9 = BLOWING SNOW
X = TORNADO
MAX 32 OR BELOW: 2 0.01 INCH OR MORE: 0
MAX 90 OR ABOVE: 0 0.10 INCH OR MORE: 0
MIN 32 OR BELOW: 27 0.50 INCH OR MORE: 0
MIN 0 OR BELOW: 0 1.00 INCH OR MORE: 0
[HDD (BASE 65) ]
TOTAL THIS MO. 898 CLEAR (SCALE 0-3) 14
DPTR FM NORMAL 83 PTCLDY (SCALE 4-7) 13
TOTAL FM JUL 1 4550 CLOUDY (SCALE 8-10) 0
DPTR FM NORMAL 241
[CDD (BASE 65) ]
TOTAL THIS MO. 0
DPTR FM NORMAL 0 [PRESSURE DATA]
TOTAL FM JAN 1 0 HIGHEST SLP M ON M
DPTR FM NORMAL 0 LOWEST SLP M ON M
[REMARKS]