000
CXUS55 KBOI 011002
CF6MYL
PRELIMINARY LOCAL CLIMATOLOGICAL DATA (WS FORM: F-6)
STATION: MCCALL ID
MONTH: NOVEMBER
YEAR: 2020
LATITUDE: 44 52 N
LONGITUDE: 116 6 W
TEMPERATURE IN F: :PCPN: SNOW: WIND :SUNSHINE: SKY :PK WND
================================================================================
1 2 3 4 5 6A 6B 7 8 9 10 11 12 13 14 15 16 17 18
12Z AVG MX 2MIN
DY MAX MIN AVG DEP HDD CDD WTR SNW DPTH SPD SPD DIR MIN PSBL S-S WX SPD DR
================================================================================
1 61 23 42 7 23 0 0.00 M M 1.0 6 290 M M 0 7 230
2 63 25 44 10 21 0 0.00 M M 1.4 7 60 M M 0 9 180
3 64 24 44 10 21 0 0.00 M M 1.7 14 210 M M 0 17 210
4 61 28 45 11 20 0 0.00 M M 4.2 16 190 M M 3 20 200
5 64 29 47 14 18 0 0.00 M M 6.8 22 190 M M 1 29 190
6 61 38 50 17 15 0 0.00 M M 4.6 10 190 M M 4 15 180
7 41 28 35 3 30 0 0.15 M M 6.5 23 10 M M 7 1 36 10
8 28 21 25 -7 40 0 0.16 M M 6.9 14 300 M M 10 18 20 300
9 28 17 23 -9 42 0 T M M 2.2 12 20 M M 9 18 16 10
10 29 22 26 -5 39 0 0.09 M M 4.6 14 180 M M 10 18 18 170
11 32 11 22 -9 43 0 0.21 M M 3.1 16 310 M M 8 128 26 340
12 29 9 19 -11 46 0 0.00 M M 2.9 15 180 M M 6 18 20 150
13 34 20 27 -3 38 0 0.69 M M 7.9 23 180 M M 9 12 33 160
14 33 26 30 1 35 0 0.09 M M 8.7 17 240 M M 9 18 25 260
15 37 28 33 4 32 0 0.17 M M 4.6 15 160 M M 10 1 20 160
16 42 30 36 8 29 0 0.08 M M 2.1 8 70 M M 7 12 11 140
17 50 25 38 10 27 0 0.19 M M 3.8 22 240 M M 7 128 35 230
18 40 31 36 9 29 0 0.55 M M 6.1 26 180 M M 9 13 39 160
19 36 18 27 0 38 0 0.10 M M 4.8 14 260 M M 7 128 23 240
20 24 10 17 -9 48 0 T M M 1.2 6 210 M M 6 128 7 190
21 26 5 16 -10 49 0 T M M 0.9 6 200 M M 4 128 10 230
22 26 4 15 -11 50 0 0.00 M M 0.8 7 200 M M 5 128 8 70
23 30 13 22 -3 43 0 0.00 M M 0.6 7 260 M M 7 18 8 260
24 32 15 24 0 41 0 0.00 M M 1.6 7 60 M M 5 128 8 70
25 32 15 24 0 41 0 0.19 M M 2.6 10 280 M M 8 1 14 280
26 30 7 19 -5 46 0 0.00 M M 0.5 8 60 M M 7 128 9 190
27 28 3 16 -7 49 0 0.00 M M 0.6 5 60 M M 3 128 6 180
28 29 3 16 -7 49 0 0.00 M M 1.7 7 250 M M 5 128 8 250
29 24 3 14 -8 51 0 0.00 M M 0.7 6 60 M M 5 128 7 70
30 32 2 17 -5 48 0 0.02 M M 1.8 10 80 M M 8 128 11 80
================================================================================
SM 1146 533 1101 0 2.69 M 96.9 M 179
================================================================================
AV 38.2 17.8 3.2 FASTST M M 6 MAX(MPH)
MISC ----> 26 180 39 160
================================================================================
NOTES:
# LAST OF SEVERAL OCCURRENCES
COLUMN 17 PEAK WIND IN M.P.H.
PRELIMINARY LOCAL CLIMATOLOGICAL DATA (WS FORM: F-6) , PAGE 2
STATION: MCCALL ID
MONTH: NOVEMBER
YEAR: 2020
LATITUDE: 44 52 N
LONGITUDE: 116 6 W
[TEMPERATURE DATA] [PRECIPITATION DATA] SYMBOLS USED IN COLUMN 16
AVERAGE MONTHLY: 28.0 TOTAL FOR MONTH: 2.69 1 = FOG OR MIST
DPTR FM NORMAL: -0.5 DPTR FM NORMAL: -0.03 2 = FOG REDUCING VISIBILITY
HIGHEST: 64 ON 5, 3 GRTST 24HR 0.74 ON 17-18 TO 1/4 MILE OR LESS
LOWEST: 2 ON 30 3 = THUNDER
SNOW, ICE PELLETS, HAIL 4 = ICE PELLETS
TOTAL MONTH: M 5 = HAIL
GRTST 24HR M ON M 6 = FREEZING RAIN OR DRIZZLE
GRTST DEPTH: M ON M 7 = DUSTSTORM OR SANDSTORM:
VSBY 1/2 MILE OR LESS
8 = SMOKE OR HAZE
[NO. OF DAYS WITH] [WEATHER - DAYS WITH] 9 = BLOWING SNOW
X = TORNADO
MAX 32 OR BELOW: 16 0.01 INCH OR MORE: 13
MAX 90 OR ABOVE: 0 0.10 INCH OR MORE: 9
MIN 32 OR BELOW: 29 0.50 INCH OR MORE: 2
MIN 0 OR BELOW: 0 1.00 INCH OR MORE: 0
[HDD (BASE 65) ]
TOTAL THIS MO. 1101 CLEAR (SCALE 0-3) 6
DPTR FM NORMAL 6 PTCLDY (SCALE 4-7) 14
TOTAL FM JUL 1 2156 CLOUDY (SCALE 8-10) 10
DPTR FM NORMAL -483
[CDD (BASE 65) ]
TOTAL THIS MO. 0
DPTR FM NORMAL 0 [PRESSURE DATA]
TOTAL FM JAN 1 135 HIGHEST SLP 30.71 ON 21
DPTR FM NORMAL 110 LOWEST SLP 29.28 ON 8
[REMARKS]
#FINAL-11-20#