000
CXUS55 KBOI 011002
CF6MYL
PRELIMINARY LOCAL CLIMATOLOGICAL DATA (WS FORM: F-6)
STATION: MCCALL ID
MONTH: MARCH
YEAR: 2020
LATITUDE: 44 52 N
LONGITUDE: 116 6 W
TEMPERATURE IN F: :PCPN: SNOW: WIND :SUNSHINE: SKY :PK WND
================================================================================
1 2 3 4 5 6A 6B 7 8 9 10 11 12 13 14 15 16 17 18
12Z AVG MX 2MIN
DY MAX MIN AVG DEP HDD CDD WTR SNW DPTH SPD SPD DIR MIN PSBL S-S WX SPD DR
================================================================================
1 36 13 25 0 40 0 0.00 M M 7.8 15 340 M M 2 23 340
2 33 12 23 -2 42 0 0.02 M M 1.5 6 350 M M 9 1 7 200
3 42 25 34 8 31 0 0.02 M M 2.5 10 230 M M 7 18 12 240
4 43 22 33 7 32 0 T M M 3.2 13 270 M M 5 20 270
5 50 16 33 7 32 0 0.00 M M 1.8 12 170 M M 0 15 160
6 50 25 38 12 27 0 0.00 M M 3.1 12 170 M M 0 16 170
7 47 30 39 12 26 0 0.23 M M 6.8 24 180 M M 10 12 32 180
8 36 26 31 4 34 0 0.03 M M 2.1 14 160 M M 10 1 16 150
9 36 25 31 4 34 0 0.20 M M 3.0 8 30 M M 10 18 12 310
10 39 14 27 -1 38 0 0.00 M M 2.2 9 160 M M 4 1 12 150
11 47 18 33 5 32 0 0.00 M M 3.5 14 260 M M 1 18 260
12 40 15 28 0 37 0 0.00 M M 3.2 12 270 M M 0 14 280
13 40 12 26 -2 39 0 0.00 M M 2.2 8 160 M M 2 11 170
14 37 28 33 4 32 0 0.27 M M 6.4 18 150 M M 10 18 26 170
15 40 28 34 5 31 0 0.30 M M 4.1 20 200 M M 8 1 25 210
16 50 17 34 5 31 0 0.00 M M 3.6 13 10 M M 1 1 16 20
17 48 19 34 5 31 0 0.10 M M 3.0 13 170 M M 6 18 18 170
18 39 27 33 3 32 0 0.09 M M 2.8 10 330 M M 8 128 13 270
19 49 19 34 4 31 0 0.00 M M 4.0 10 300 M M 2 128 13 270
20 46 21 34 4 31 0 0.00 M M 2.9 14 300 M M 3 17 300
21 46 18 32 2 33 0 0.00 M M 2.5 13 250 M M 1 18 240
22 45 15 30 -1 35 0 0.00 M M 2.6 9 180 M M 0 11 180
23 38 24 31 0 34 0 0.09 M M 4.9 21 140 M M 7 18 25 160
24 34 28 31 0 34 0 0.29 M M 3.7 13 130 M M 9 12 15 140
25 33 11 22 -9 43 0 0.33 M M 3.2 15 270 M M 8 128 19 270
26 35 3 19 -13 46 0 0.00 M M 2.9 9 270 M M 5 1 12 240
27 38 16 27 -5 38 0 0.00 M M 2.3 13 290 M M 9 16 290
28 41 27 34 2 31 0 T M M 2.3 9 180 M M 9 1 11 180
29 38 27 33 1 32 0 0.11 M M 3.4 14 180 M M 9 18 17 200
30 36 32 34 2 31 0 0.70 M M 9.9 21 150 M M 10 1 27 150
31 37 20 29 -4 36 0 0.27 M M 5.5 18 300 M M 8 18 25 300
================================================================================
SM 1269 633 1056 0 3.05 M 112.9 M 173
================================================================================
AV 40.9 20.4 3.6 FASTST M M 6 MAX(MPH)
MISC ----> 24 180 32 180
================================================================================
NOTES:
# LAST OF SEVERAL OCCURRENCES
COLUMN 17 PEAK WIND IN M.P.H.
PRELIMINARY LOCAL CLIMATOLOGICAL DATA (WS FORM: F-6) , PAGE 2
STATION: MCCALL ID
MONTH: MARCH
YEAR: 2020
LATITUDE: 44 52 N
LONGITUDE: 116 6 W
[TEMPERATURE DATA] [PRECIPITATION DATA] SYMBOLS USED IN COLUMN 16
AVERAGE MONTHLY: 30.7 TOTAL FOR MONTH: 3.05 1 = FOG OR MIST
DPTR FM NORMAL: 1.7 DPTR FM NORMAL: 0.85 2 = FOG REDUCING VISIBILITY
HIGHEST: 50 ON 16, 6 GRTST 24HR 0.72 ON 30-31 TO 1/4 MILE OR LESS
LOWEST: 3 ON 26 3 = THUNDER
SNOW, ICE PELLETS, HAIL 4 = ICE PELLETS
TOTAL MONTH: M 5 = HAIL
GRTST 24HR M ON M 6 = FREEZING RAIN OR DRIZZLE
GRTST DEPTH: M ON M 7 = DUSTSTORM OR SANDSTORM:
VSBY 1/2 MILE OR LESS
8 = SMOKE OR HAZE
[NO. OF DAYS WITH] [WEATHER - DAYS WITH] 9 = BLOWING SNOW
X = TORNADO
MAX 32 OR BELOW: 0 0.01 INCH OR MORE: 15
MAX 90 OR ABOVE: 0 0.10 INCH OR MORE: 10
MIN 32 OR BELOW: 31 0.50 INCH OR MORE: 1
MIN 0 OR BELOW: 0 1.00 INCH OR MORE: 0
[HDD (BASE 65) ]
TOTAL THIS MO. 1056 CLEAR (SCALE 0-3) 11
DPTR FM NORMAL -58 PTCLDY (SCALE 4-7) 8
TOTAL FM JUL 1 7073 CLOUDY (SCALE 8-10) 12
DPTR FM NORMAL -717
[CDD (BASE 65) ]
TOTAL THIS MO. 0
DPTR FM NORMAL 0 [PRESSURE DATA]
TOTAL FM JAN 1 0 HIGHEST SLP 30.36 ON 10
DPTR FM NORMAL 0 LOWEST SLP 29.46 ON 14
[REMARKS]
#FINAL-03-20#