000
CXHW50 PHFO 011250
CF6NGF
PRELIMINARY LOCAL CLIMATOLOGICAL DATA (WS FORM: F-6)
STATION: KANEOHE BAY MCAS HI
MONTH: JUNE
YEAR: 2022
LATITUDE: 21 25 N
LONGITUDE: 157 46 W
TEMPERATURE IN F: :PCPN: SNOW: WIND :SUNSHINE: SKY :PK WND
================================================================================
1 2 3 4 5 6A 6B 7 8 9 10 11 12 13 14 15 16 17 18
12Z AVG MX 2MIN
DY MAX MIN AVG DEP HDD CDD WTR SNW DPTH SPD SPD DIR MIN PSBL S-S WX SPD DR
================================================================================
1 82 76 79 2 0 14 T M M 8.3 13 70 M M 6 19 70
2 82 75 79 1 0 14 T M M 7.6 13 60 M M 8 17 100
3 82 71 77 -1 0 12 0.02 M M 6.6 12 50 M M 4 M M
4 83 75 79 1 0 14 T M M 6.1 9 40 M M 3 M M
5 82 74 78 0 0 13 T M M 7.2 12 60 M M 6 M M
6 83 75 79 1 0 14 0.00 M M 6.3 11 50 M M 3 M M
7 83 76 80 2 0 15 0.00 M M 8.1 14 60 M M 5 19 60
8 81 76 79 1 0 14 T M M 8.2 13 60 M M 6 17 70
9 82 75 79 1 0 14 0.00 M M 7.7 13 60 M M 7 16 80
10 84 75 80 2 0 15 0.00 M M 10.0 14 60 M M 5 M M
11 83 76 80 2 0 15 0.00 M M 10.6 14 60 M M 4 24 70
12 83 77 80 2 0 15 0.00 M M 12.2 16 70 M M 8 22 80
13 82 77 80 2 0 15 T M M 11.5 15 60 M M 7 22 70
14 83 75 79 1 0 14 0.03 M M 11.4 16 60 M M 4 1 23 80
15 84 75 80 2 0 15 0.07 M M 9.3 14 40 M M 6 19 70
16 81 77 79 1 0 14 0.06 M M 8.5 14 60 M M 6 8 17 80
17 83 76 80 2 0 15 T M M 9.7 13 50 M M 6 18 70
18 83 77 80 2 0 15 0.00 M M 9.7 14 70 M M 8 21 90
19 84 76 80 2 0 15 0.00 M M 9.8 13 60 M M 6 18 80
20 83 76 80 2 0 15 0.06 M M 9.5 14 60 M M 8 19 60
21 83 76 80 2 0 15 0.02 M M 10.2 13 50 M M 6 21 80
22 82 77 80 2 0 15 T M M 9.4 13 60 M M 6 M M
23 83 76 80 2 0 15 0.00 M M 10.6 14 60 M M 4 17 60
24 82 73 78 0 0 13 0.08 M M 9.0 18 40 M M 5 18 M M
25 83 75 79 1 0 14 T M M 7.6 12 70 M M 5 M M
26 82 75 79 1 0 14 0.00 M M 7.0 11 40 M M 5 M M
27 82 76 79 0 0 14 0.00 M M 8.7 13 60 M M 5 18 70
28 83 76 80 1 0 15 T M M 11.1 15 60 M M 4 23 70
29 84 76 80 1 0 15 0.02 M M 11.1 15 60 M M 7 23 80
30 84 78 81 2 0 16 0.02 M M 10.8 14 60 M M 8 21 60
================================================================================
SM 2481 2268 0 433 0.38 M 273.8 M 171
================================================================================
AV 82.7 75.6 9.1 FASTST M M 6 MAX(MPH)
MISC ----> 18 40 24 70
================================================================================
NOTES:
# LAST OF SEVERAL OCCURRENCES
COLUMN 17 PEAK WIND IN M.P.H.
PRELIMINARY LOCAL CLIMATOLOGICAL DATA (WS FORM: F-6) , PAGE 2
STATION: KANEOHE BAY MCAS HI
MONTH: JUNE
YEAR: 2022
LATITUDE: 21 25 N
LONGITUDE: 157 46 W
[TEMPERATURE DATA] [PRECIPITATION DATA] SYMBOLS USED IN COLUMN 16
AVERAGE MONTHLY: 79.1 TOTAL FOR MONTH: 0.38 1 = FOG OR MIST
DPTR FM NORMAL: 1.0 DPTR FM NORMAL: -0.89 2 = FOG REDUCING VISIBILITY
HIGHEST: 84 ON 30,29 GRTST 24HR 0.08 ON 24-24 TO 1/4 MILE OR LESS
LOWEST: 71 ON 3 3 = THUNDER
SNOW, ICE PELLETS, HAIL 4 = ICE PELLETS
TOTAL MONTH: M 5 = HAIL
GRTST 24HR M ON M 6 = FREEZING RAIN OR DRIZZLE
GRTST DEPTH: M ON M 7 = DUSTSTORM OR SANDSTORM:
VSBY 1/2 MILE OR LESS
8 = SMOKE OR HAZE
[NO. OF DAYS WITH] [WEATHER - DAYS WITH] 9 = BLOWING SNOW
X = TORNADO
MAX 32 OR BELOW: 0 0.01 INCH OR MORE: 9
MAX 90 OR ABOVE: 0 0.10 INCH OR MORE: 0
MIN 32 OR BELOW: 0 0.50 INCH OR MORE: 0
MIN 0 OR BELOW: 0 1.00 INCH OR MORE: 0
[HDD (BASE 65) ]
TOTAL THIS MO. 0 CLEAR (SCALE 0-3) 0
DPTR FM NORMAL 0 PTCLDY (SCALE 4-7) 29
TOTAL FM JUL 1 0 CLOUDY (SCALE 8-10) 1
DPTR FM NORMAL 0
[CDD (BASE 65) ]
TOTAL THIS MO. 433
DPTR FM NORMAL 40 [PRESSURE DATA]
TOTAL FM JAN 1 2061 HIGHEST SLP M ON M
DPTR FM NORMAL 248 LOWEST SLP 29.94 ON 24
[REMARKS]
#FINAL-06-22#