000
CXUS51 KOKX 011457 RRA
CLMNYC
CLIMATE REPORT
NATIONAL WEATHER SERVICE NEW YORK, NY
1057 AM EDT TUE AUG 01 2023
...................................
...THE CENTRAL PARK NY CLIMATE SUMMARY FOR THE MONTH OF JULY 2023...
CLIMATE NORMAL PERIOD 1991 TO 2020
CLIMATE RECORD PERIOD 1869 TO 2023
WEATHER OBSERVED NORMAL DEPART LAST YEAR`S
VALUE DATE(S) VALUE FROM VALUE DATE(S)
NORMAL
................................................................
TEMPERATURE (F)
RECORD
HIGH 106 07/09/1936
LOW 52 07/01/1943
HIGHEST 93 07/05 MM MM 95 07/20
07/23
07/24
LOWEST 66 07/30 MM MM 65 07/04
07/31
AVG. MAXIMUM 86.4 84.9 1.5 87.3
AVG. MINIMUM 71.7 70.1 1.6 71.8
MEAN 79.0 77.5 1.5 79.5
DAYS MAX >= 90 5 7.0 -2.0 10
DAYS MAX <= 32 0 0.0 0.0 0
DAYS MIN <= 32 0 0.0 0.0 0
DAYS MIN <= 0 0 0.0 0.0 0
PRECIPITATION (INCHES)
RECORD
MAXIMUM 11.89 1889
MINIMUM 0.44 1999
TOTALS 5.34 4.60 0.74 4.55
DAILY AVG. 0.17 0.15 0.02 0.15
DAYS >= .01 12 10.5 1.5 8
DAYS >= .10 10 6.9 3.1 6
DAYS >= .50 4 3.2 0.8 3
DAYS >= 1.00 1 1.4 -0.4 2
GREATEST
24 HR. TOTAL 1.36 07/15 TO 07/16 1.85 07/18 TO 07/18
STORM TOTAL 1.32 1.85
(MM/DD(HH)) MM
DEGREE DAYS
HEATING TOTAL 0 0 0 0
SINCE 7/1 0 0 0 MM
COOLING TOTAL 446 388 58 458
SINCE 1/1 699 695 4 MM
................................................................
WIND (MPH)
AVERAGE WIND SPEED 2.6
HIGHEST WIND SPEED/DIRECTION 100/015 DATE 07/07
HIGHEST GUST SPEED/DIRECTION 100/033 DATE 07/07
AVERAGE RH (PERCENT) 68
WEATHER CONDITIONS. NUMBER OF DAYS WITH
THUNDERSTORM 13 MIXED PRECIP 0
HEAVY RAIN 9 RAIN 7
LIGHT RAIN 13 FREEZING RAIN 0
LT FREEZING RAIN 0 HAIL 0
HEAVY SNOW 0 SNOW 0
LIGHT SNOW 0 SLEET 0
FOG 18 FOG W/VIS <= 1/4 MILE 2
HAZE 9
- INDICATES NEGATIVE NUMBERS.
R INDICATES RECORD WAS SET OR TIED.
MM INDICATES DATA IS MISSING.
T INDICATES TRACE AMOUNT.
$$