000
CXUS54 KMAF 011420
CF6ODO
PRELIMINARY LOCAL CLIMATOLOGICAL DATA (WS FORM: F-6)
STATION: ODESSA SCHLEYMEYER
MONTH: NOVEMBER
YEAR: 2021
LATITUDE: 31 55 N
LONGITUDE: 102 23 W
TEMPERATURE IN F: :PCPN: SNOW: WIND :SUNSHINE: SKY :PK WND
================================================================================
1 2 3 4 5 6A 6B 7 8 9 10 11 12 13 14 15 16 17 18
12Z AVG MX 2MIN
DY MAX MIN AVG DEP HDD CDD WTR SNW DPTH SPD SPD DIR MIN PSBL S-S WX SPD DR
================================================================================
1 73 44 59 0 6 0 0.00 M M 7.6 13 160 M M 1 17 180
2 58 45 52 -7 13 0 T M M 11.6 20 60 M M 8 18 22 60
3 49 43 46 -12 19 0 T M M 10.3 17 30 M M 10 1 21 30
4 56 41 49 -9 16 0 0.00 M M 5.2 10 180 M M 6 13 200
5 74 37 56 -2 9 0 0.00 M M 8.5 15 160 M M 1 12 20 160
6 79 45 62 5 3 0 0.00 M M 8.3 16 170 M M 2 128 23 180
7 82 44 63 6 2 0 0.00 M M 9.9 18 170 M M 0 21 170
8 85 51 68 12 0 3 0.00 M M 9.9 17 180 M M 0 22 190
9 81 55 68 12 0 3 0.00 M M 6.9 16 170 M M 0 18 21 170
10 82 51 67 11 0 2 0.00 M M 11.3 25 290 M M 0 1 31 270
11 70 45 58 3 7 0 0.00 M M 8.6 14 160 M M 0 18 140
12 64 43 54 -1 11 0 0.00 M M 10.7 25 60 M M 0 32 40
13 75 39 57 3 8 0 0.00 M M 9.4 22 200 M M 0 27 210
14 72 46 59 5 6 0 0.00 M M 9.2 24 60 M M 0 30 50
15 84 43 64 10 1 0 0.00 M M 7.3 16 200 M M 0 20 230
16 86 48 67 14 0 2 T M M 10.7 23 240 M M 0 29 250
17 76 49 63 10 2 0 0.00 M M 11.2 25 50 M M 0 32 50
18 57 36 47 -5 18 0 0.00 M M 10.8 23 50 M M 1 28 60
19 68 38 53 1 12 0 0.00 M M 11.7 22 200 M M 0 26 210
20 81 46 64 12 1 0 0.00 M M 11.1 21 190 M M 0 26 180
21 62 47 55 4 10 0 0.00 M M 12.8 30 50 M M 0 35 40
22 65 34 50 -1 15 0 0.00 M M 6.1 12 220 M M 0 15 220
23 74 43 59 8 6 0 0.00 M M 10.4 20 190 M M 0 26 190
24 75 52 64 14 1 0 0.00 M M 9.6 22 270 M M 0 27 270
25 57 37 47 -3 18 0 0.00 M M 11.7 23 30 M M 0 30 30
26 61 34 48 -2 17 0 0.00 M M 6.0 15 200 M M 1 8 18 190
27 67 47 57 8 8 0 T M M 8.7 18 30 M M 7 26 360
28 65 42 54 5 11 0 0.00 M M 6.9 15 70 M M 0 20 70
29 75 39 57 8 8 0 0.00 M M 7.8 16 240 M M 0 23 240
30 77 46 62 14 3 0 0.00 M M 6.5 15 250 M M 0 19 250
================================================================================
SM 2130 1310 231 10 T M 276.7 M 37
================================================================================
AV 71.0 43.7 9.2 FASTST M M 1 MAX(MPH)
MISC ----> 30 50 35 40
================================================================================
NOTES:
# LAST OF SEVERAL OCCURRENCES
COLUMN 17 PEAK WIND IN M.P.H.
PRELIMINARY LOCAL CLIMATOLOGICAL DATA (WS FORM: F-6) , PAGE 2
STATION: ODESSA SCHLEYMEYER
MONTH: NOVEMBER
YEAR: 2021
LATITUDE: 31 55 N
LONGITUDE: 102 23 W
[TEMPERATURE DATA] [PRECIPITATION DATA] SYMBOLS USED IN COLUMN 16
AVERAGE MONTHLY: 57.3 TOTAL FOR MONTH: T 1 = FOG OR MIST
DPTR FM NORMAL: 3.7 DPTR FM NORMAL: -0.72 2 = FOG REDUCING VISIBILITY
HIGHEST: 86 ON 16 GRTST 24HR T ON 2- 2 TO 1/4 MILE OR LESS
LOWEST: 34 ON 26,22 3 = THUNDER
SNOW, ICE PELLETS, HAIL 4 = ICE PELLETS
TOTAL MONTH: M 5 = HAIL
GRTST 24HR M ON M 6 = FREEZING RAIN OR DRIZZLE
GRTST DEPTH: M ON M 7 = DUSTSTORM OR SANDSTORM:
VSBY 1/2 MILE OR LESS
8 = SMOKE OR HAZE
[NO. OF DAYS WITH] [WEATHER - DAYS WITH] 9 = BLOWING SNOW
X = TORNADO
MAX 32 OR BELOW: 0 0.01 INCH OR MORE: 0
MAX 90 OR ABOVE: 0 0.10 INCH OR MORE: 0
MIN 32 OR BELOW: 0 0.50 INCH OR MORE: 0
MIN 0 OR BELOW: 0 1.00 INCH OR MORE: 0
[HDD (BASE 65) ]
TOTAL THIS MO. 231 CLEAR (SCALE 0-3) 26
DPTR FM NORMAL -121 PTCLDY (SCALE 4-7) 2
TOTAL FM JUL 1 271 CLOUDY (SCALE 8-10) 2
DPTR FM NORMAL -182
[CDD (BASE 65) ]
TOTAL THIS MO. 10
DPTR FM NORMAL 0 [PRESSURE DATA]
TOTAL FM JAN 1 2482 HIGHEST SLP 30.54 ON 18
DPTR FM NORMAL 4 LOWEST SLP 29.74 ON 10
[REMARKS]
#FINAL-11-21#