000
CXUS52 KCAE 011400
CF6OGB
PRELIMINARY LOCAL CLIMATOLOGICAL DATA (WS FORM: F-6)
STATION: ORANGEBURG AIRPORT SC
MONTH: SEPTEMBER
YEAR: 2022
LATITUDE: 33 27 N
LONGITUDE: 80 51 W
TEMPERATURE IN F: :PCPN: SNOW: WIND :SUNSHINE: SKY :PK WND
================================================================================
1 2 3 4 5 6A 6B 7 8 9 10 11 12 13 14 15 16 17 18
12Z AVG MX 2MIN
DY MAX MIN AVG DEP HDD CDD WTR SNW DPTH SPD SPD DIR MIN PSBL S-S WX SPD DR
================================================================================
1 81 72 77 -2 0 12 0.00 M M 3.2 9 40 M M 3 12 13 40
2 88 72 80 1 0 15 0.00 M M 4.4 14 130 M M 5 1 18 120
3 87 73 80 1 0 15 M M M 3.8 17 150 M M 3 13 21 140
4 88 73 81 3 0 16 0.00 M M 3.3 12 140 M M 4 1 14 120
5 85 74 80 2 0 15 M M M 4.2 21 230 M M 6 13 24 200
6 91 74 83 5 0 18 0.00 M M 6.1 16 250 M M 3 1 20 290
7 88 70 79 1 0 14 0.41 M M 3.0 14 320 M M 1 13 20 320
8 82 70 76 -2 0 11 T M M 5.1 14 30 M M 4 1 18 20
9 79 69 74 -4 0 9 0.04 M M 8.0 14 50 M M 4 1 21 60
10 86 72 79 2 0 14 0.30 M M 4.9 21 280 M M 8 13 26 270
11 87 73 80 3 0 15 T M M 4.1 14 210 M M 3 17 210
12 88 73 81 4 0 16 0.01 M M 5.1 13 180 M M 4 13 19 190
13 86 66 76 -1 0 11 0.00 M M 4.8 16 230 M M 0 1 20 230
14 85 59 72 -4 0 7 0.00 M M 4.0 12 30 M M 1 17 50
15 83 63 73 -3 0 8 0.00 M M 5.0 14 30 M M 1 20 30
16 84 60 72 -4 0 7 0.00 M M 3.3 14 40 M M 1 1 17 30
17 84 61 73 -3 0 8 0.00 M M 4.0 13 50 M M 0 1 17 70
18 88 68 78 3 0 13 0.00 M M 6.2 13 40 M M 2 18 50
19 89 67 78 3 0 13 0.00 M M 4.9 13 20 M M 1 1 16 20
20 92 64 78 3 0 13 0.00 M M 1.4 8 30 M M 0 1 12 40
21 92 67 80 5 0 15 0.00 M M 2.4 9 110 M M 0 13 40
22 97 65 81 7 0 16 0.03 M M 6.7 22 30 M M 1 1 33 40
23 78 54 66 -8 0 1 0.00 M M 6.4 21 40 M M 0 28 40
24 81 50 66 -8 0 1 0.00 M M 1.6 8 60 M M 0 1 10 50
25 87 59 73 0 0 8 0.00 M M 5.6 16 210 M M 1 21 220
26 89 62 76 3 0 11 0.00 M M 5.1 16 250 M M 0 1 23 260
27 78 55 67 -6 0 2 0.00 M M 3.2 10 30 M M 0 14 30
28 76 57 67 -5 0 2 0.00 M M 11.3 20 30 M M 1 26 30
29 65 59 62 -10 3 0 0.08 M M 14.7 23 20 M M 10 35 40
30 60 57 59 -13 6 0 2.18 M M 16.3 29 360 M M 10 1 42 340
================================================================================
SM 2524 1958 9 306 3.05 M 162.1 M 77
================================================================================
AV 84.1 65.3 5.4 FASTST M M 3 MAX(MPH)
MISC ----> 29 360 42 340
================================================================================
NOTES:
# LAST OF SEVERAL OCCURRENCES
COLUMN 17 PEAK WIND IN M.P.H.
PRELIMINARY LOCAL CLIMATOLOGICAL DATA (WS FORM: F-6) , PAGE 2
STATION: ORANGEBURG AIRPORT SC
MONTH: SEPTEMBER
YEAR: 2022
LATITUDE: 33 27 N
LONGITUDE: 80 51 W
[TEMPERATURE DATA] [PRECIPITATION DATA] SYMBOLS USED IN COLUMN 16
AVERAGE MONTHLY: 74.7 TOTAL FOR MONTH: 3.05 1 = FOG OR MIST
DPTR FM NORMAL: -1.1 DPTR FM NORMAL: -0.93 2 = FOG REDUCING VISIBILITY
HIGHEST: 97 ON 22 GRTST 24HR 2.26 ON 29-30 TO 1/4 MILE OR LESS
LOWEST: 50 ON 24 3 = THUNDER
SNOW, ICE PELLETS, HAIL 4 = ICE PELLETS
TOTAL MONTH: M 5 = HAIL
GRTST 24HR M ON M 6 = FREEZING RAIN OR DRIZZLE
GRTST DEPTH: M ON M 7 = DUSTSTORM OR SANDSTORM:
VSBY 1/2 MILE OR LESS
8 = SMOKE OR HAZE
[NO. OF DAYS WITH] [WEATHER - DAYS WITH] 9 = BLOWING SNOW
X = TORNADO
MAX 32 OR BELOW: 0 0.01 INCH OR MORE: 7
MAX 90 OR ABOVE: 4 0.10 INCH OR MORE: 3
MIN 32 OR BELOW: 0 0.50 INCH OR MORE: 1
MIN 0 OR BELOW: 0 1.00 INCH OR MORE: 1
[HDD (BASE 65) ]
TOTAL THIS MO. 9 CLEAR (SCALE 0-3) 19
DPTR FM NORMAL 6 PTCLDY (SCALE 4-7) 9
TOTAL FM JUL 1 9 CLOUDY (SCALE 8-10) 2
DPTR FM NORMAL 9
[CDD (BASE 65) ]
TOTAL THIS MO. 306
DPTR FM NORMAL -21 [PRESSURE DATA]
TOTAL FM JAN 1 2215 HIGHEST SLP 30.21 ON 17
DPTR FM NORMAL 110 LOWEST SLP 29.55 ON 30
[REMARKS]
#FINAL-09-22#