000
CXUS55 KCAE 011400
CF6OGB
PRELIMINARY LOCAL CLIMATOLOGICAL DATA (WS FORM: F-6)
STATION: ORANGEBURG AIRPORT SC
MONTH: OCTOBER
YEAR: 2020
LATITUDE: 33 27 N
LONGITUDE: 80 51 W
TEMPERATURE IN F: :PCPN: SNOW: WIND :SUNSHINE: SKY :PK WND
================================================================================
1 2 3 4 5 6A 6B 7 8 9 10 11 12 13 14 15 16 17 18
12Z AVG MX 2MIN
DY MAX MIN AVG DEP HDD CDD WTR SNW DPTH SPD SPD DIR MIN PSBL S-S WX SPD DR
================================================================================
1 81 52 67 -3 0 2 0.00 M M 4.2 13 210 M M 0 1 16 220
2 75 54 65 -5 0 0 0.00 M M 5.9 18 20 M M 1 27 10
3 74 53 64 -6 1 0 0.00 M M 5.8 14 40 M M 0 18 40
4 70 55 63 -6 2 0 0.00 M M 6.1 16 40 M M 0 23 20
5 76 50 63 -6 2 0 0.00 M M 3.1 12 40 M M 0 1 16 40
6 79 54 67 -2 0 2 0.00 M M 3.7 13 70 M M 4 1 20 130
7 86 62 74 6 0 9 0.00 M M 2.9 13 260 M M 4 12 17 240
8 88 56 72 4 0 7 0.00 M M 1.4 9 50 M M 1 12 11 40
9 83 61 72 4 0 7 0.00 M M 3.1 14 160 M M 1 1 18 170
10 80 70 75 8 0 10 M M M 5.4 15 180 M M 9 1 20 180
11 87 72 80 13 0 15 M M M 6.2 16 270 M M 8 1 21 260
12 84 70 77 11 0 12 M M M 4.9 15 250 M M 9 19 260
13 87 66 77 11 0 12 M M M 2.0 9 270 M M 3 12 14 280
14 82 60 71 5 0 6 0.00 M M 4.2 13 30 M M 0 1 16 40
15 84 62 73 8 0 8 0.35 M M 2.7 21 190 M M 5 1 24 170
16 82 61 72 7 0 7 T M M 5.1 13 20 M M 7 1 16 30
17 68 52 60 -5 5 0 0.00 M M 7.7 16 30 M M 1 22 30
18 73 50 62 -2 3 0 0.00 M M 5.9 12 30 M M 4 16 40
19 80 54 67 3 0 2 0.00 M M 4.5 13 30 M M 0 16 40
20 79 56 68 4 0 3 0.00 M M 4.3 12 20 M M 2 1 14 70
21 81 67 74 11 0 9 0.00 M M 4.7 10 50 M M 3 1 15 50
22 81 67 74 11 0 9 T M M 3.3 10 10 M M 6 1 13 30
23 84 64 74 11 0 9 0.00 M M 2.7 9 40 M M 0 13 50
24 83 59 71 9 0 6 0.00 M M 1.7 8 170 M M 0 12 10 170
25 79 67 73 11 0 8 0.28 M M 4.7 14 360 M M 9 1 18 30
26 74 59 67 5 0 2 0.00 M M 3.8 12 40 M M 6 1 17 50
27 80 57 69 7 0 4 0.00 M M 1.8 7 230 M M 3 1 10 230
28 83 65 74 13 0 9 0.00 M M 5.8 14 150 M M 6 1 20 160
29 81 71 76 15 0 11 0.03 M M 15.6 29 250 M M 8 1 36 240
30 74 52 63 2 2 0 0.00 M M 10.2 31 260 M M 0 39 260
31 67 47 57 -3 8 0 0.00 M M 8.1 15 40 M M 6 22 50
================================================================================
SM 2465 1845 23 169 0.66 M 151.5 M 106
================================================================================
AV 79.5 59.5 4.9 FASTST M M 3 MAX(MPH)
MISC ----> # 31 260 # 39 260
================================================================================
NOTES:
# LAST OF SEVERAL OCCURRENCES
COLUMN 17 PEAK WIND IN M.P.H.
PRELIMINARY LOCAL CLIMATOLOGICAL DATA (WS FORM: F-6) , PAGE 2
STATION: ORANGEBURG AIRPORT SC
MONTH: OCTOBER
YEAR: 2020
LATITUDE: 33 27 N
LONGITUDE: 80 51 W
[TEMPERATURE DATA] [PRECIPITATION DATA] SYMBOLS USED IN COLUMN 16
AVERAGE MONTHLY: 69.5 TOTAL FOR MONTH: 0.66 1 = FOG OR MIST
DPTR FM NORMAL: 4.3 DPTR FM NORMAL: -2.73 2 = FOG REDUCING VISIBILITY
HIGHEST: 88 ON 8 GRTST 24HR 0.35 ON 15-15 TO 1/4 MILE OR LESS
LOWEST: 47 ON 31 3 = THUNDER
SNOW, ICE PELLETS, HAIL 4 = ICE PELLETS
TOTAL MONTH: M 5 = HAIL
GRTST 24HR M ON M 6 = FREEZING RAIN OR DRIZZLE
GRTST DEPTH: M ON M 7 = DUSTSTORM OR SANDSTORM:
VSBY 1/2 MILE OR LESS
8 = SMOKE OR HAZE
[NO. OF DAYS WITH] [WEATHER - DAYS WITH] 9 = BLOWING SNOW
X = TORNADO
MAX 32 OR BELOW: 0 0.01 INCH OR MORE: 3
MAX 90 OR ABOVE: 0 0.10 INCH OR MORE: 2
MIN 32 OR BELOW: 0 0.50 INCH OR MORE: 0
MIN 0 OR BELOW: 0 1.00 INCH OR MORE: 0
[HDD (BASE 65) ]
TOTAL THIS MO. 23 CLEAR (SCALE 0-3) 15
DPTR FM NORMAL -63 PTCLDY (SCALE 4-7) 11
TOTAL FM JUL 1 27 CLOUDY (SCALE 8-10) 5
DPTR FM NORMAL -63
[CDD (BASE 65) ]
TOTAL THIS MO. 169
DPTR FM NORMAL 76 [PRESSURE DATA]
TOTAL FM JAN 1 2299 HIGHEST SLP 30.38 ON 31
DPTR FM NORMAL 212 LOWEST SLP 29.60 ON 29
[REMARKS]
#FINAL-10-20#