000
CXHW52 PHFO 011250
CF6OGG
PRELIMINARY LOCAL CLIMATOLOGICAL DATA (WS FORM: F-6)
STATION: KAHULUI HI
MONTH: MAY
YEAR: 2021
LATITUDE: 20 53 N
LONGITUDE: 156 26 W
TEMPERATURE IN F: :PCPN: SNOW: WIND :SUNSHINE: SKY :PK WND
================================================================================
1 2 3 4 5 6A 6B 7 8 9 10 11 12 13 14 15 16 17 18
12Z AVG MX 2MIN
DY MAX MIN AVG DEP HDD CDD WTR SNW DPTH SPD SPD DIR MIN PSBL S-S WX SPD DR
================================================================================
1 84 68 76 0 0 11 0.00 M M 15.1 30 60 M M 2 41 60
2 84 70 77 1 0 12 0.00 M M 15.8 29 60 M M 3 38 70
3 87 70 79 3 0 14 0.00 M M 12.8 25 40 M M 2 32 40
4 86 65 76 0 0 11 T M M 12.2 25 40 M M 3 30 40
5 85 72 79 3 0 14 T M M 15.1 28 40 M M 3 33 50
6 83 68 76 0 0 11 0.01 M M 9.2 20 40 M M 3 26 40
7 87 69 78 2 0 13 0.00 M M 13.4 30 80 M M 4 40 70
8 85 63 74 -2 0 9 0.00 M M 13.7 26 80 M M 3 35 70
9 86 67 77 0 0 12 T M M 13.7 30 60 M M 4 39 50
10 86 65 76 -1 0 11 0.00 M M 15.1 28 80 M M 3 37 80
11 86 70 78 1 0 13 T M M 18.4 31 40 M M 2 38 50
12 84 69 77 0 0 12 T M M 15.7 30 40 M M 4 38 40
13 84 70 77 0 0 12 T M M 15.2 28 40 M M 4 35 50
14 85 70 78 1 0 13 0.01 M M 15.3 29 40 M M 2 35 40
15 84 68 76 -1 0 11 0.01 M M 13.1 28 40 M M 4 8 35 40
16 84 69 77 0 0 12 T M M 13.3 25 40 M M 4 31 50
17 83 68 76 -1 0 11 0.07 M M 14.7 28 60 M M 4 37 70
18 85 69 77 0 0 12 T M M 17.5 31 60 M M 3 43 50
19 83 70 77 0 0 12 0.00 M M 17.5 31 60 M M 3 45 60
20 85 66 76 -1 0 11 0.04 M M 16.6 28 70 M M 3 1 36 50
21 82 65 74 -3 0 9 0.00 M M 16.4 30 60 M M 3 40 70
22 87 72 80 2 0 15 0.00 M M 11.2 24 40 M M 5 28 30
23 88 69 79 1 0 14 0.00 M M 10.0 22 70 M M 5 29 70
24 88 67 78 0 0 13 0.00 M M 6.3 14 10 M M 2 18 340
25 90 66 78 0 0 13 0.00 M M 8.2 25 30 M M 2 29 40
26 89 67 78 0 0 13 0.00 M M 11.5 25 30 M M 3 29 30
27 89 67 78 0 0 13 0.00 M M 12.3 25 40 M M 3 31 30
28 87 66 77 -1 0 12 0.00 M M 14.7 26 40 M M 3 31 40
29 88 64 76 -2 0 11 0.00 M M 6.4 20 30 M M 2 23 30
30 85 65 75 -3 0 10 0.00 M M 7.4 16 20 M M 1 21 20
31 89 64 77 -1 0 12 0.00 M M 8.1 22 40 M M 2 26 30
================================================================================
SM 2658 2098 0 372 0.14 M 405.9 M 94
================================================================================
AV 85.7 67.7 13.1 FASTST M M 3 MAX(MPH)
MISC ----> # 31 40 45 60
================================================================================
NOTES:
# LAST OF SEVERAL OCCURRENCES
COLUMN 17 PEAK WIND IN M.P.H.
PRELIMINARY LOCAL CLIMATOLOGICAL DATA (WS FORM: F-6) , PAGE 2
STATION: KAHULUI HI
MONTH: MAY
YEAR: 2021
LATITUDE: 20 53 N
LONGITUDE: 156 26 W
[TEMPERATURE DATA] [PRECIPITATION DATA] SYMBOLS USED IN COLUMN 16
AVERAGE MONTHLY: 76.7 TOTAL FOR MONTH: 0.14 1 = FOG OR MIST
DPTR FM NORMAL: -0.4 DPTR FM NORMAL: -0.57 2 = FOG REDUCING VISIBILITY
HIGHEST: 90 ON 25 GRTST 24HR 0.07 ON 16-17 TO 1/4 MILE OR LESS
LOWEST: 63 ON 8 3 = THUNDER
SNOW, ICE PELLETS, HAIL 4 = ICE PELLETS
TOTAL MONTH: M 5 = HAIL
GRTST 24HR M ON M 6 = FREEZING RAIN OR DRIZZLE
GRTST DEPTH: M ON M 7 = DUSTSTORM OR SANDSTORM:
VSBY 1/2 MILE OR LESS
8 = SMOKE OR HAZE
[NO. OF DAYS WITH] [WEATHER - DAYS WITH] 9 = BLOWING SNOW
X = TORNADO
MAX 32 OR BELOW: 0 0.01 INCH OR MORE: 5
MAX 90 OR ABOVE: 1 0.10 INCH OR MORE: 0
MIN 32 OR BELOW: 0 0.50 INCH OR MORE: 0
MIN 0 OR BELOW: 0 1.00 INCH OR MORE: 0
[HDD (BASE 65) ]
TOTAL THIS MO. 0 CLEAR (SCALE 0-3) 20
DPTR FM NORMAL 0 PTCLDY (SCALE 4-7) 11
TOTAL FM JUL 1 0 CLOUDY (SCALE 8-10) 0
DPTR FM NORMAL 0
[CDD (BASE 65) ]
TOTAL THIS MO. 372
DPTR FM NORMAL -3 [PRESSURE DATA]
TOTAL FM JAN 1 1431 HIGHEST SLP 30.17 ON 15
DPTR FM NORMAL -8 LOWEST SLP 29.94 ON 11
[REMARKS]
#FINAL-05-21#