000
CXUS53 KEAX 011601
CLMOJC
CLIMATE REPORT
NATIONAL WEATHER SERVICE KANSAS CITY/PLEASANT HILL MO
1050 AM CDT FRI SEP 01 2023
...................................
...THE JOHNSON COUNTY EXECUTIVE KS CLIMATE SUMMARY FOR THE MONTH OF AUGUST 2023...
CLIMATE NORMAL PERIOD: 1991 TO 2020
CLIMATE RECORD PERIOD: 9999 TO 9999
WEATHER OBSERVED NORMAL DEPART LAST YEAR`S
VALUE DATE(S) VALUE FROM VALUE DATE(S)
NORMAL
................................................................
TEMPERATURE (F)
HIGHEST 105 08/25 98 7 98 08/02
LOWEST 59 08/16 57 2 61 08/31
AVG. MAXIMUM 89.8 86.7 3.1 88.9
AVG. MINIMUM 69.7 67.3 2.4 68.6
MEAN 79.8 77.0 2.8 78.7
DAYS MAX >= 90 13 11.7 1.3 12
DAYS MAX <= 32 0 0.0 0.0 0
DAYS MIN <= 32 0 0.0 0.0 0
DAYS MIN <= 0 0 0.0 0.0 0
PRECIPITATION (INCHES)
TOTALS 2.28R 4.38 -2.10 3.46
DAILY AVG. 0.07 0.14 -0.07 0.11
DAYS >= .01 7 9.1 -2.1 6
DAYS >= .10 5 5.3 -0.3 6
DAYS >= .50 2 2.7 -0.7 2
DAYS >= 1.00 1 1.8 -0.8 1
GREATEST
24 HR. TOTAL 1.05 08/13 TO 08/13
DEGREE DAYS
HEATING TOTAL 0 1 -1 0
SINCE 7/1 0 0 0 MM
COOLING TOTAL 467 373 94 434
SINCE 1/1 1441 1171 270 MM
................................................................
WIND (MPH)
AVERAGE WIND SPEED 6.6
HIGHEST WIND SPEED/DIRECTION 87/360 DATE 08/15
HIGHEST GUST SPEED/DIRECTION 87/360 DATE 08/15
SKY COVER
POSSIBLE SUNSHINE (PERCENT) MM
AVERAGE SKY COVER 0.21
NUMBER OF DAYS FAIR 23
NUMBER OF DAYS PC 8
NUMBER OF DAYS CLOUDY 0
AVERAGE RH (PERCENT) 69
WEATHER CONDITIONS. NUMBER OF DAYS WITH
THUNDERSTORM 7 MIXED PRECIP 0
HEAVY RAIN 4 RAIN 4
LIGHT RAIN 7 FREEZING RAIN 0
LT FREEZING RAIN 0 HAIL 0
HEAVY SNOW 0 SNOW 0
LIGHT SNOW 0 SLEET 0
FOG 11 FOG W/VIS <= 1/4 MILE 1
HAZE 2
- INDICATES NEGATIVE NUMBERS.
R INDICATES RECORD WAS SET OR TIED.
MM INDICATES DATA IS MISSING.
T INDICATES TRACE AMOUNT.
$$