000
CXUS56 KSGX 010933
CLMOKB
CLIMATE REPORT
NATIONAL WEATHER SERVICE SAN DIEGO, CA
233 AM PDT THU JUN 01 2023
...................................
...THE OCEANSIDE AIRPORT CA CLIMATE SUMMARY FOR THE MONTH OF MAY 2023...
CLIMATE NORMAL PERIOD: 1991 TO 2020
CLIMATE RECORD PERIOD: 1999 TO 2023
WEATHER OBSERVED NORMAL DEPART LAST YEAR`S
VALUE DATE(S) VALUE FROM VALUE DATE(S)
NORMAL
................................................................
TEMPERATURE (F)
RECORD
HIGH 99 05/14/2014
LOW 38 05/01/2011
HIGHEST 71 05/21 MM MM 85 05/13
LOWEST 45 05/06 MM MM 41 05/11
05/12
AVG. MAXIMUM 67.9 69.8 -1.9 70.8
AVG. MINIMUM 55.5 54.4 1.1 54.2
MEAN 61.7 62.1 -0.4 62.5
DAYS MAX >= 90 0 0.1 -0.1 0
DAYS MAX <= 32 0 0.0 0.0 0
DAYS MAX >= 45 31 31
DAYS MIN <= 32 0 0.0 0.0 0
PRECIPITATION (INCHES)
RECORD
MAXIMUM 1.46 2015
MINIMUM MM MM
TOTALS 0.32 0.30 0.02 T
DAILY AVG. 0.01 0.01 0.00 T
DAYS >= .01 5 3.7 1.3 0
DAYS >= .10 1 0.7 0.3 0
DAYS >= .50 0 0.2 -0.2 0
DAYS >= 1.00 0 0.0 0.0 0
DAYS >= %-5.2F 0 0
DAYS >= %-5.2F 0 0
GREATEST
24 HR. TOTAL 0.20 05/03 TO 05/04 T 05/28 TO 05/28
05/04 TO 05/05
05/20 TO 05/20
05/28 TO 05/28
STORM TOTAL 0.13 0.00
(MM/DD(HH)) MM
DEGREE DAYS
HEATING TOTAL 92 99 -7 77
SINCE 7/1 2074 1934 140 MM
COOLING TOTAL 1 9 -8 9
SINCE 1/1 1 15 -14 MM
FREEZE DATES
RECORD
EARLIEST MM
LATEST MM
EARLIEST 12/26
LATEST 01/23
................................................................
WIND (MPH)
AVERAGE WIND SPEED 5.4
RESULTANT WIND SPEED/DIRECTION 4/250
HIGHEST WIND SPEED/DIRECTION 18/250 DATE 05/30
HIGHEST GUST SPEED/DIRECTION 25/280 DATE 05/25
SKY COVER
POSSIBLE SUNSHINE (PERCENT) MM
AVERAGE SKY COVER 0.78
NUMBER OF DAYS FAIR 3
NUMBER OF DAYS PC 9
NUMBER OF DAYS CLOUDY 19
AVERAGE RH (PERCENT) 77
WEATHER CONDITIONS. NUMBER OF DAYS WITH
THUNDERSTORM 0 MIXED PRECIP 0
HEAVY RAIN 1 RAIN 0
LIGHT RAIN 9 FREEZING RAIN 0
LT FREEZING RAIN 0 HAIL 0
HEAVY SNOW 0 SNOW 0
LIGHT SNOW 0 SLEET 0
FOG 0 FOG W/VIS <= 1/4 MILE 0
HAZE 0
- INDICATES NEGATIVE NUMBERS.
R INDICATES RECORD WAS SET OR TIED.
MM INDICATES DATA IS MISSING.
T INDICATES TRACE AMOUNT.
$$