000
CXUS55 KTWC 010855
CF6OLS
PRELIMINARY LOCAL CLIMATOLOGICAL DATA (WS FORM: F-6)
STATION: NOGALES AZ AIRPORT
MONTH: DECEMBER
YEAR: 2022
LATITUDE: 31 25 N
LONGITUDE: 110 51 W
TEMPERATURE IN F: :PCPN: SNOW: WIND :SUNSHINE: SKY :PK WND
================================================================================
1 2 3 4 5 6A 6B 7 8 9 10 11 12 13 14 15 16 17 18
12Z AVG MX 2MIN
DY MAX MIN AVG DEP HDD CDD WTR SNW DPTH SPD SPD DIR MIN PSBL S-S WX SPD DR
================================================================================
1 73 36 55 3 10 0 0.00 M M 6.6 20 230 M M 0 26 240
2 75 47 61 10 4 0 0.00 M M 6.1 20 240 M M 0 25 200
3 64 47 56 5 9 0 0.17 M M 3.0 12 90 M M 6 123 14 80
4 60 53 57 6 8 0 0.98 M M 2.5 10 160 M M 9 12 13 280
5 71 47 59 8 6 0 0.00 M M 3.9 16 220 M M 2 12 22 210
6 67 42 55 5 10 0 0.00 M M 5.4 20 230 M M 0 25 230
7 65 41 53 3 12 0 0.00 M M 6.8 20 230 M M 4 27 270
8 66 34 50 0 15 0 0.00 M M 2.7 78 300 M M 0 15 270
9 68 36 52 2 13 0 0.00 M M 3.0 10 270 M M 0 16 309
10 70 29 50 0 15 0 0.00 M M 3.6 10 90 M M M 12 90
11 70 32 51 1 14 0 0.00 M M 7.6 21 210 M M M 28 200
12 53 35 44 -5 21 0 0.53 M M 8.6 22 230 M M M 30 20
13 53 28 41 -8 24 0 0.09 M M 5.5 15 220 M M M 21 260
14 51 23 37 -12 28 0 0.00 M M 3.6 9 350 M M 0 16 350
15 59 22 41 -8 24 0 0.00 M M 2.2 9 300 M M 0 14 300
16 58 29 44 -5 21 0 0.00 M M 2.2 8 330 M M 0 12 340
17 64 24 44 -5 21 0 0.00 M M 3.0 8 190 M M 0 12 180
18 61 41 51 2 14 0 0.00 M M 4.2 16 190 M M 9 22 180
19 62 29 46 -3 19 0 0.00 M M 3.6 9 300 M M M 15 0
20 67 26 47 -2 18 0 0.00 M M 3.3 8 50 M M M 10 240
21 69 26 48 -1 17 0 0.00 M M 2.4 8 350 M M M 14 280
22 70 28 49 0 16 0 0.00 M M 1.4 7 90 M M M 10 300
23 69 31 50 1 15 0 0.00 M M 3.0 12 260 M M M 18 270
24 72 29 51 2 14 0 0.00 M M 4.4 13 330 M M M 19 310
25 72 35 54 5 11 0 0.00 M M 5.4 14 40 M M 0 20 50
26 77 31 54 5 11 0 0.00 M M 3.3 10 90 M M 0 11 90
27 76 37 57 8 8 0 0.00 M M 5.4 17 210 M M 0 27 220
28 57 39 48 -1 17 0 T M M 9.5 33 220 M M 5 51 200
29 60 35 48 -1 17 0 0.00 M M 6.9 20 210 M M 4 28 220
30 58 39 49 0 16 0 0.00 M M 3.2 10 260 M M 7 14 270
31 69 35 52 3 13 0 0.00 M M 4.7 16 210 M M 0 20 200
================================================================================
SM 2026 1066 461 0 1.77 M 137.0 M 46
================================================================================
AV 65.4 34.4 4.4 FASTST M M 2 MAX(MPH)
MISC ----> 78 300 51 200
================================================================================
NOTES:
# LAST OF SEVERAL OCCURRENCES
COLUMN 17 PEAK WIND IN M.P.H.
PRELIMINARY LOCAL CLIMATOLOGICAL DATA (WS FORM: F-6) , PAGE 2
STATION: NOGALES AZ AIRPORT
MONTH: DECEMBER
YEAR: 2022
LATITUDE: 31 25 N
LONGITUDE: 110 51 W
[TEMPERATURE DATA] [PRECIPITATION DATA] SYMBOLS USED IN COLUMN 16
AVERAGE MONTHLY: 49.9 TOTAL FOR MONTH: 1.77 1 = FOG OR MIST
DPTR FM NORMAL: 0.5 DPTR FM NORMAL: 0.76 2 = FOG REDUCING VISIBILITY
HIGHEST: 77 ON 26 GRTST 24HR 0.98 ON 4- 4 TO 1/4 MILE OR LESS
LOWEST: 22 ON 15 3 = THUNDER
SNOW, ICE PELLETS, HAIL 4 = ICE PELLETS
TOTAL MONTH: M 5 = HAIL
GRTST 24HR M ON M 6 = FREEZING RAIN OR DRIZZLE
GRTST DEPTH: M ON M 7 = DUSTSTORM OR SANDSTORM:
VSBY 1/2 MILE OR LESS
8 = SMOKE OR HAZE
[NO. OF DAYS WITH] [WEATHER - DAYS WITH] 9 = BLOWING SNOW
X = TORNADO
MAX 32 OR BELOW: 0 0.01 INCH OR MORE: 4
MAX 90 OR ABOVE: 0 0.10 INCH OR MORE: 3
MIN 32 OR BELOW: 14 0.50 INCH OR MORE: 2
MIN 0 OR BELOW: 0 1.00 INCH OR MORE: 0
[HDD (BASE 65) ]
TOTAL THIS MO. 461 CLEAR (SCALE 0-3) 14
DPTR FM NORMAL -23 PTCLDY (SCALE 4-7) 5
TOTAL FM JUL 1 916 CLOUDY (SCALE 8-10) 12
DPTR FM NORMAL 123
[CDD (BASE 65) ]
TOTAL THIS MO. 0
DPTR FM NORMAL 0 [PRESSURE DATA]
TOTAL FM JAN 1 2118 HIGHEST SLP M ON M
DPTR FM NORMAL 142 LOWEST SLP 29.76 ON 28
[REMARKS]
#FINAL-12-22#