000
CXUS55 KTWC 280855
CF6OLS
PRELIMINARY LOCAL CLIMATOLOGICAL DATA (WS FORM: F-6)
STATION: NOGALES AZ AIRPORT
MONTH: MARCH
YEAR: 2024
LATITUDE: 31 25 N
LONGITUDE: 110 51 W
TEMPERATURE IN F: :PCPN: SNOW: WIND :SUNSHINE: SKY :PK WND
================================================================================
1 2 3 4 5 6A 6B 7 8 9 10 11 12 13 14 15 16 17 18
12Z AVG MX 2MIN
DY MAX MIN AVG DEP HDD CDD WTR SNW DPTH SPD SPD DIR MIN PSBL S-S WX SPD DR
================================================================================
1 74 38 56 2 9 0 0.00 M M 3.5 14 250 M M 0 18 250
2 72 40 56 2 9 0 0.00 M M 7.0 21 230 M M 0 29 230
3 71 41 56 2 9 0 0.00 M M 7.8 22 230 M M 0 28 220
4 69 41 55 1 10 0 0.00 M M 4.9 16 290 M M 1 25 280
5 71 35 53 -2 12 0 0.00 M M 3.9 15 240 M M 0 20 230
6 66 43 55 0 10 0 0.00 M M 6.5 18 180 M M 1 26 180
7 61 39 50 -5 15 0 0.01 M M 8.7 25 220 M M 6 35 230
8 56 38 47 -8 18 0 0.12 M M 3.8 17 310 M M 5 1 28 300
9 67 34 51 -4 14 0 0.00 M M 4.6 13 50 M M 0 19 40
10 71 43 57 1 8 0 0.00 M M 5.5 18 140 M M 0 26 70
11 74 38 56 0 9 0 0.00 M M 5.6 20 230 M M 0 26 230
12 75 37 56 0 9 0 0.00 M M 6.7 18 220 M M 0 26 220
13 71 42 57 1 8 0 0.00 M M 8.7 24 230 M M 0 35 230
14 70 38 54 -2 11 0 0.00 M M 9.5 28 220 M M 2 40 230
15 62 45 54 -3 11 0 0.01 M M 14.9 36 190 M M 9 50 190
16 64 34 49 -8 16 0 0.00 M M 3.4 16 250 M M 2 24 240
17 64 32 48 -9 17 0 0.00 M M 3.9 15 260 M M 0 25 260
18 72 34 53 -4 12 0 0.00 M M 6.4 22 220 M M M 31 220
19 71 37 54 -4 11 0 0.00 M M 4.0 17 230 M M M 24 250
20 71 42 57 -1 8 0 T 0.0 0 4.7 22 300 M M M 32 310
21 73 41 57 -1 8 0 0.00 M M 4.9 15 350 M M 1 24 300
22 78 40 59 1 6 0 0.00 M M 3.5 13 290 M M 0 19 210
23 72 48 60 2 5 0 0.00 0.0 0 9.2 25 210 M M M 36 200
24 57 39 48 -10 17 0 0.05 M M 14.1 29 210 M M 7 1 45 230
25 56 34 45 -14 20 0 0.15 M M 5.5 22 260 M M 7 1 31 250
26 62 39 51 -8 14 0 0.07 M M 7.9 21 250 M M 5 8 27 250
27 69 35 52 -7 13 0 0.00 M M 4.2 12 240 M M 0 18 290
================================================================================
SM 1839 1047 309 0 0.41 0.0 173.3 M 46
================================================================================
AV 68.1 38.8 6.4 FASTST M M 2 MAX(MPH)
MISC ----> 36 190 50 190
================================================================================
NOTES:
# LAST OF SEVERAL OCCURRENCES
COLUMN 17 PEAK WIND IN M.P.H.
PRELIMINARY LOCAL CLIMATOLOGICAL DATA (WS FORM: F-6) , PAGE 2
STATION: NOGALES AZ AIRPORT
MONTH: MARCH
YEAR: 2024
LATITUDE: 31 25 N
LONGITUDE: 110 51 W
[TEMPERATURE DATA] [PRECIPITATION DATA] SYMBOLS USED IN COLUMN 16
AVERAGE MONTHLY: 53.4 TOTAL FOR MONTH: 0.41 1 = FOG OR MIST
DPTR FM NORMAL: -3.0 DPTR FM NORMAL: -0.16 2 = FOG REDUCING VISIBILITY
HIGHEST: 78 ON 22 GRTST 24HR 0.17 ON 24-25 TO 1/4 MILE OR LESS
LOWEST: 32 ON 17 3 = THUNDER
SNOW, ICE PELLETS, HAIL 4 = ICE PELLETS
TOTAL MONTH: 0.0 INCH 5 = HAIL
GRTST 24HR 0.0 6 = FREEZING RAIN OR DRIZZLE
GRTST DEPTH: 0 7 = DUSTSTORM OR SANDSTORM:
VSBY 1/2 MILE OR LESS
8 = SMOKE OR HAZE
[NO. OF DAYS WITH] [WEATHER - DAYS WITH] 9 = BLOWING SNOW
X = TORNADO
MAX 32 OR BELOW: 0 0.01 INCH OR MORE: 6
MAX 90 OR ABOVE: 0 0.10 INCH OR MORE: 2
MIN 32 OR BELOW: 1 0.50 INCH OR MORE: 0
MIN 0 OR BELOW: 0 1.00 INCH OR MORE: 0
[HDD (BASE 65) ]
TOTAL THIS MO. 309 CLEAR (SCALE 0-3) 17
DPTR FM NORMAL 75 PTCLDY (SCALE 4-7) 5
TOTAL FM JUL 1 1780 CLOUDY (SCALE 8-10) 5
DPTR FM NORMAL -90
[CDD (BASE 65) ]
TOTAL THIS MO. 0
DPTR FM NORMAL 0 [PRESSURE DATA]
TOTAL FM JAN 1 2 HIGHEST SLP M ON M
DPTR FM NORMAL 1 LOWEST SLP 29.53 ON 24
[REMARKS]