000
CXAK56 PAFG 011006
CF6OME
PRELIMINARY LOCAL CLIMATOLOGICAL DATA (WS FORM: F-6)
STATION: NOME AK
MONTH: MAY
YEAR: 2022
LATITUDE: 64 30 N
LONGITUDE: 165 26 W
TEMPERATURE IN F: :PCPN: SNOW: WIND :SUNSHINE: SKY :PK WND
================================================================================
1 2 3 4 5 6A 6B 7 8 9 10 11 12 13 14 15 16 17 18
12Z AVG MX 2MIN
DY MAX MIN AVG DEP HDD CDD WTR SNW DPTH SPD SPD DIR MIN PSBL S-S WX SPD DR
================================================================================
1 46 34 40 8 25 0 0.00 M M 22.2 29 10 M M 1 35 10
2 36 22 29 -3 36 0 0.00 M M 14.8 24 360 M M 1 27 350
3 33 17 25 -8 40 0 0.00 M M 5.8 13 230 M M 0 15 230
4 37 22 30 -3 35 0 0.08 M M 3.7 10 230 M M 3 1 11 250
5 37 26 32 -2 33 0 0.00 M M 4.0 10 220 M M 0 15 210
6 32 24 28 -6 37 0 0.00 M M 8.9 25 260 M M 5 1 29 270
7 33 27 30 -4 35 0 0.03 M M 14.5 22 220 M M 10 1 25 220
8 33 31 32 -3 33 0 0.15 M M 19.5 26 210 M M 10 12 34 290
9 34 27 31 -4 34 0 T M M 16.7 30 290 M M 4 36 290
10 34 23 29 -6 36 0 0.09 M M 7.3 14 220 M M 8 1 18 230
11 42 31 37 1 28 0 0.12 M M 10.0 21 260 M M 8 126 24 260
12 39 27 33 -3 32 0 0.03 M M 16.1 28 310 M M 7 1 34 310
13 41 24 33 -3 32 0 0.00 M M 8.4 16 280 M M 0 22 290
14 36 23 30 -7 35 0 0.20 M M 7.7 14 140 M M 5 1 18 110
15 48 32 40 3 25 0 0.15 M M 8.6 14 260 M M 6 1 18 60
16 43 33 38 1 27 0 0.00 M M 8.4 23 350 M M 2 27 360
17 39 25 32 -6 33 0 0.00 M M 6.5 14 260 M M 0 15 250
18 35 28 32 -6 33 0 0.01 M M 5.7 12 260 M M 7 12 15 240
19 50 27 39 1 26 0 0.00 M M 4.0 8 190 M M 5 12 12 160
20 67 45 56 17 9 0 0.00 M M 13.5 25 90 M M 0 30 90
21 66 49 58 19 7 0 0.00 M M 11.3 22 110 M M 2 26 90
22 69 50 60 21 5 0 0.00 M M 11.5 21 40 M M 0 28 30
23 64 39 52 12 13 0 0.00 M M 4.9 17 30 M M 0 8 21 30
24 57 40 49 9 16 0 0.00 M M 5.8 14 330 M M 0 15 280
25 48 37 43 3 22 0 0.00 M M 9.8 17 240 M M 1 12 20 240
26 38 34 36 -5 29 0 0.00 M M 9.9 16 260 M M 10 12 19 260
27 41 35 38 -3 27 0 0.00 M M 10.2 16 240 M M 10 19 240
28 51 34 43 2 22 0 0.00 M M 7.3 14 260 M M 8 1 17 240
29 49 32 41 -1 24 0 0.00 M M 4.8 9 180 M M 3 1 12 220
30 61 44 53 11 12 0 0.00 M M 9.4 22 120 M M 1 26 140
31 65 41 53 11 12 0 T M M 6.8 25 230 M M 4 30 230
================================================================================
SM 1404 983 813 0 0.86 M 298.0 M 121
================================================================================
AV 45.3 31.7 9.6 FASTST M M 4 MAX(MPH)
MISC ----> 30 290 36 290
================================================================================
NOTES:
# LAST OF SEVERAL OCCURRENCES
COLUMN 17 PEAK WIND IN M.P.H.
PRELIMINARY LOCAL CLIMATOLOGICAL DATA (WS FORM: F-6) , PAGE 2
STATION: NOME AK
MONTH: MAY
YEAR: 2022
LATITUDE: 64 30 N
LONGITUDE: 165 26 W
[TEMPERATURE DATA] [PRECIPITATION DATA] SYMBOLS USED IN COLUMN 16
AVERAGE MONTHLY: 38.5 TOTAL FOR MONTH: 0.86 1 = FOG OR MIST
DPTR FM NORMAL: 1.2 DPTR FM NORMAL: -0.03 2 = FOG REDUCING VISIBILITY
HIGHEST: 69 ON 22 GRTST 24HR 0.35 ON 14-15 TO 1/4 MILE OR LESS
LOWEST: 17 ON 3 3 = THUNDER
SNOW, ICE PELLETS, HAIL 4 = ICE PELLETS
TOTAL MONTH: M 5 = HAIL
GRTST 24HR M ON M 6 = FREEZING RAIN OR DRIZZLE
GRTST DEPTH: M ON M 7 = DUSTSTORM OR SANDSTORM:
VSBY 1/2 MILE OR LESS
8 = SMOKE OR HAZE
[NO. OF DAYS WITH] [WEATHER - DAYS WITH] 9 = BLOWING SNOW
X = TORNADO
MAX 32 OR BELOW: 1 0.01 INCH OR MORE: 9
MAX 90 OR ABOVE: 0 0.10 INCH OR MORE: 4
MIN 32 OR BELOW: 18 0.50 INCH OR MORE: 0
MIN 0 OR BELOW: 0 1.00 INCH OR MORE: 0
[HDD (BASE 65) ]
TOTAL THIS MO. 813 CLEAR (SCALE 0-3) 15
DPTR FM NORMAL -47 PTCLDY (SCALE 4-7) 10
TOTAL FM JUL 1 13216 CLOUDY (SCALE 8-10) 6
DPTR FM NORMAL 235
[CDD (BASE 65) ]
TOTAL THIS MO. 0
DPTR FM NORMAL 0 [PRESSURE DATA]
TOTAL FM JAN 1 0 HIGHEST SLP M ON M
DPTR FM NORMAL 0 LOWEST SLP 29.36 ON 1
[REMARKS]
#FINAL-05-22#