000
CXUS53 KARX 011326
CF6ONA
PRELIMINARY LOCAL CLIMATOLOGICAL DATA (WS FORM: F-6)
STATION: WINONA_MUNI_(AWOS) MN
MONTH: JANUARY
YEAR: 2023
LATITUDE: 44 4 N
LONGITUDE: 91 42 W
TEMPERATURE IN F: :PCPN: SNOW: WIND :SUNSHINE: SKY :PK WND
================================================================================
1 2 3 4 5 6A 6B 7 8 9 10 11 12 13 14 15 16 17 18
12Z AVG MX 2MIN
DY MAX MIN AVG DEP HDD CDD WTR SNW DPTH SPD SPD DIR MIN PSBL S-S WX SPD DR
================================================================================
1 37 28 33 M 32 0 0.00 0.0 M 1.6 6 290 M M 3 M M
2 30 23 27 M 38 0 M M M 1.6 7 330 M M 7 1 M M
3 36 30 33 M 32 0 0.59 M M 5.8 13 90 M M 10 1 17 110
4 34 32 33 M 32 0 0.17 0.0 M 0.0 M M M M 10 1 M M
5 32 27 30 M 35 0 M M M 6.1 12 320 M M 10 16 330
6 27 9 18 M 47 0 0.00 0.0 M 4.5 8 330 M M 7 1 M M
7 23 1 12 M 53 0 0.00 0.0 M 0.7 6 310 M M 0 18 M M
8 25 7 16 M 49 0 0.00 0.0 M 1.5 7 150 M M 3 1 M M
9 32 14 23 M 42 0 0.00 0.0 M 2.3 9 150 M M 3 18 M M
10 28 19 24 M 41 0 0.00 0.0 M 1.2 5 310 M M 9 1 M M
11 34 28 31 M 34 0 0.00 0.0 M 3.6 9 320 M M 7 18 M M
12 34 27 31 M 34 0 0.00 0.0 M 11.8 18 320 M M 10 18 24 330
13 27 21 24 M 41 0 0.00 0.0 M 5.5 14 320 M M 10 18 320
14 32 19 26 M 39 0 0.00 0.0 M 6.6 12 160 M M 4 17 150
15 41 32 37 M 28 0 0.00 0.0 M 7.0 10 140 M M 2 M M
16 36 34 35 M 30 0 0.22 0.0 M 5.1 9 130 M M 10 1 M M
17 36 32 34 M 31 0 0.02 0.0 M 6.6 9 300 M M 10 1 M M
18 34 30 32 M 33 0 M M M 5.9 16 110 M M 10 23 110
19 32 30 31 M 34 0 M M M 6.1 15 320 M M 10 1 18 320
20 30 21 26 M 39 0 0.00 0.0 M 8.8 15 340 M M 10 21 320
21 27 18 23 M 42 0 0.00 0.0 M 1.9 7 240 M M 10 M M
22 27 21 24 M 41 0 0.00 0.0 M 2.7 7 330 M M 10 1 M M
23 32 14 23 M 42 0 0.00 0.0 M 3.4 8 280 M M 9 1 17 290
24 32 18 25 M 40 0 0.00 0.0 M 2.9 9 290 M M 6 17 300
25 32 27 30 M 35 0 M M M 5.3 16 320 M M 10 1 21 320
26 27 10 19 M 46 0 M M M 7.1 15 320 M M 6 18 310
27 34 12 23 M 42 0 M M M 10.9 16 290 M M 6 1 25 290
28 14 9 12 M 53 0 0.00 0.0 M 5.4 10 290 M M 8 M M
29 10 1 6 M 59 0 0.00 0.0 M 8.8 12 320 M M 4 17 330
30 7 -8 0 M 65 0 0.00 0.0 M 5.8 12 310 M M 1 18 280
31 12 -15 -1 M 66 0 0.00 0.0 M 1.9 9 240 M M 1 16 250
================================================================================
SM 894 571 1275 0 1.00 0.0 148.4 M 216
================================================================================
AV 28.8 18.4 4.8 FASTST M M 7 MAX(MPH)
MISC ----> 18 320 25 290
================================================================================
NOTES:
# LAST OF SEVERAL OCCURRENCES
COLUMN 17 PEAK WIND IN M.P.H.
PRELIMINARY LOCAL CLIMATOLOGICAL DATA (WS FORM: F-6) , PAGE 2
STATION: WINONA_MUNI_(AWOS) MN
MONTH: JANUARY
YEAR: 2023
LATITUDE: 44 4 N
LONGITUDE: 91 42 W
[TEMPERATURE DATA] [PRECIPITATION DATA] SYMBOLS USED IN COLUMN 16
AVERAGE MONTHLY: 23.6 TOTAL FOR MONTH: 1.00 1 = FOG OR MIST
DPTR FM NORMAL: 0.0 DPTR FM NORMAL: M 2 = FOG REDUCING VISIBILITY
HIGHEST: 41 ON 15 GRTST 24HR 0.96 ON 2- 3 TO 1/4 MILE OR LESS
LOWEST: -15 ON 31 3 = THUNDER
SNOW, ICE PELLETS, HAIL 4 = ICE PELLETS
TOTAL MONTH: 0.0 INCH 5 = HAIL
GRTST 24HR 0.0 6 = FREEZING RAIN OR DRIZZLE
GRTST DEPTH: M ON M 7 = DUSTSTORM OR SANDSTORM:
VSBY 1/2 MILE OR LESS
8 = SMOKE OR HAZE
[NO. OF DAYS WITH] [WEATHER - DAYS WITH] 9 = BLOWING SNOW
X = TORNADO
MAX 32 OR BELOW: 21 0.01 INCH OR MORE: 4
MAX 90 OR ABOVE: 0 0.10 INCH OR MORE: 3
MIN 32 OR BELOW: 30 0.50 INCH OR MORE: 1
MIN 0 OR BELOW: 2 1.00 INCH OR MORE: 0
[HDD (BASE 65) ]
TOTAL THIS MO. 1275 CLEAR (SCALE 0-3) 7
DPTR FM NORMAL M PTCLDY (SCALE 4-7) 9
TOTAL FM JUL 1 4058 CLOUDY (SCALE 8-10) 15
DPTR FM NORMAL M
[CDD (BASE 65) ]
TOTAL THIS MO. 0
DPTR FM NORMAL M [PRESSURE DATA]
TOTAL FM JAN 1 0 HIGHEST SLP M ON M
DPTR FM NORMAL M LOWEST SLP M ON M
[REMARKS]
#FINAL-01-23#