000
CXUS56 KBOI 011002
CF6ONO
PRELIMINARY LOCAL CLIMATOLOGICAL DATA (WS FORM: F-6)
STATION: ONTARIO OR
MONTH: OCTOBER
YEAR: 2021
LATITUDE: 44 1 N
LONGITUDE: 117 1 W
TEMPERATURE IN F: :PCPN: SNOW: WIND :SUNSHINE: SKY :PK WND
================================================================================
1 2 3 4 5 6A 6B 7 8 9 10 11 12 13 14 15 16 17 18
12Z AVG MX 2MIN
DY MAX MIN AVG DEP HDD CDD WTR SNW DPTH SPD SPD DIR MIN PSBL S-S WX SPD DR
================================================================================
1 75 36 56 -4 9 0 0.00 M M 1.9 8 270 M M 0 8 10 140
2 80 41 61 1 4 0 0.00 M M 1.8 8 160 M M 0 8 11 150
3 80 39 60 1 5 0 0.00 M M 2.6 8 270 M M 0 8 11 80
4 79 40 60 2 5 0 0.00 M M 2.4 9 180 M M 0 14 180
5 81 40 61 3 4 0 0.00 M M 2.2 10 240 M M 0 12 240
6 71 51 61 3 4 0 0.00 M M 9.0 18 330 M M 2 22 330
7 70 51 61 4 4 0 T M M 3.8 14 300 M M 5 8 19 290
8 66 50 58 1 7 0 0.00 M M 7.0 23 330 M M 7 30 320
9 70 40 55 -1 10 0 0.00 M M 9.2 21 320 M M 0 28 330
10 70 38 54 -2 11 0 0.07 M M 6.9 29 330 M M 6 38 330
11 59 44 52 -3 13 0 0.00 M M 24.1 33 330 M M 3 44 340
12 61 34 48 -7 17 0 0.00 M M 14.6 28 340 M M 0 36 330
13 56 34 45 -9 20 0 0.00 M M 4.2 13 160 M M 6 17 170
14 61 35 48 -6 17 0 0.00 M M 3.1 10 160 M M 6 16 180
15 67 28 48 -5 17 0 0.00 M M 2.3 7 40 M M 1 12 90
16 69 31 50 -3 15 0 0.00 M M 4.2 10 20 M M 0 15 360
17 75 35 55 3 10 0 0.00 M M 3.9 14 260 M M 0 8 17 260
18 74 50 62 10 3 0 0.00 M M 11.2 28 330 M M 1 37 330
19 68 40 54 3 11 0 0.00 M M 4.8 13 280 M M 0 8 17 270
20 70 44 57 6 8 0 T M M 9.9 26 150 M M 6 35 170
21 79 45 62 12 3 0 0.00 M M 5.1 16 150 M M 3 23 160
22 68 46 57 7 8 0 0.27 M M 8.5 28 300 M M 7 35 300
23 57 44 51 2 14 0 0.03 M M 2.4 12 140 M M 8 18 15 140
24 56 46 51 2 14 0 0.52 M M 15.3 29 150 M M 9 41 160
25 57 39 48 0 17 0 0.13 M M 5.0 13 190 M M 6 18 16 200
26 56 37 47 -1 18 0 0.02 M M 3.9 13 240 M M 5 18 17 230
27 64 38 51 3 14 0 0.00 M M 2.4 8 30 M M 5 12 30
28 73 44 59 12 6 0 0.00 M M 2.2 14 140 M M 5 18 130
29 67 49 58 11 7 0 0.08 M M 4.8 20 330 M M 3 24 330
30 63 44 54 8 11 0 T M M 7.0 17 330 M M 1 24 320
31 59 41 50 4 15 0 0.01 M M 3.5 15 350 M M 4 21 350
================================================================================
SM 2101 1274 321 0 1.13 M 189.2 M 99
================================================================================
AV 67.8 41.1 6.1 FASTST M M 3 MAX(MPH)
MISC ----> 33 330 44 340
================================================================================
NOTES:
# LAST OF SEVERAL OCCURRENCES
COLUMN 17 PEAK WIND IN M.P.H.
PRELIMINARY LOCAL CLIMATOLOGICAL DATA (WS FORM: F-6) , PAGE 2
STATION: ONTARIO OR
MONTH: OCTOBER
YEAR: 2021
LATITUDE: 44 1 N
LONGITUDE: 117 1 W
[TEMPERATURE DATA] [PRECIPITATION DATA] SYMBOLS USED IN COLUMN 16
AVERAGE MONTHLY: 54.4 TOTAL FOR MONTH: 1.13 1 = FOG OR MIST
DPTR FM NORMAL: 1.6 DPTR FM NORMAL: 0.49 2 = FOG REDUCING VISIBILITY
HIGHEST: 81 ON 5 GRTST 24HR 0.64 ON 24-25 TO 1/4 MILE OR LESS
LOWEST: 28 ON 15 3 = THUNDER
SNOW, ICE PELLETS, HAIL 4 = ICE PELLETS
TOTAL MONTH: M 5 = HAIL
GRTST 24HR M ON M 6 = FREEZING RAIN OR DRIZZLE
GRTST DEPTH: M ON M 7 = DUSTSTORM OR SANDSTORM:
VSBY 1/2 MILE OR LESS
8 = SMOKE OR HAZE
[NO. OF DAYS WITH] [WEATHER - DAYS WITH] 9 = BLOWING SNOW
X = TORNADO
MAX 32 OR BELOW: 0 0.01 INCH OR MORE: 8
MAX 90 OR ABOVE: 0 0.10 INCH OR MORE: 3
MIN 32 OR BELOW: 2 0.50 INCH OR MORE: 1
MIN 0 OR BELOW: 0 1.00 INCH OR MORE: 0
[HDD (BASE 65) ]
TOTAL THIS MO. 321 CLEAR (SCALE 0-3) 15
DPTR FM NORMAL -61 PTCLDY (SCALE 4-7) 15
TOTAL FM JUL 1 387 CLOUDY (SCALE 8-10) 1
DPTR FM NORMAL -72
[CDD (BASE 65) ]
TOTAL THIS MO. 0
DPTR FM NORMAL -4 [PRESSURE DATA]
TOTAL FM JAN 1 1485 HIGHEST SLP M ON M
DPTR FM NORMAL 385 LOWEST SLP 29.43 ON 24
[REMARKS]
#FINAL-10-21#