000
CXUS52 KMFL 312025
CF6OPF
PRELIMINARY LOCAL CLIMATOLOGICAL DATA (WS FORM: F-6)
STATION: OPA-LOCKA ARPT
MONTH: JUNE
YEAR: 2022
LATITUDE: 25 53 N
LONGITUDE: 80 17 W
TEMPERATURE IN F: :PCPN: SNOW: WIND :SUNSHINE: SKY :PK WND
================================================================================
1 2 3 4 5 6A 6B 7 8 9 10 11 12 13 14 15 16 17 18
12Z AVG MX 2MIN
DY MAX MIN AVG DEP HDD CDD WTR SNW DPTH SPD SPD DIR MIN PSBL S-S WX SPD DR
================================================================================
1 90 72 81 -1 0 16 T 0.0 0 5.2 25 350 M M 3 13 30 350
2 89 74 82 0 0 17 0.02 0.0 0 5.8 26 200 M M 3 3 41 220
3 77 72 75 -7 0 10 2.50 0.0 0 8.2 23 140 M M 10 1 29 150
4 86 73 80 -2 0 15 6.25 0.0 0 11.9 28 160 M M 8 13 35 150
5 89 73 81 -1 0 16 0.00 0.0 0 7.1 14 160 M M 2 16 130
6 90 76 83 1 0 18 0.10 0.0 M 7.0 20 170 M M 3 3 22 160
7 88 74 81 -1 0 16 0.25 0.0 M 9.0 21 210 M M 7 13 26 210
8 90 72 81 -1 0 16 0.03 0.0 0 5.8 16 350 M M 3 3 21 340
9 93 73 83 1 0 18 0.93 0.0 0 3.9 24 310 M M 2 13 29 310
10 88 73 81 -1 0 16 0.15 M M 7.9 18 190 M M 3 3 23 290
11 87 73 80 -2 0 15 0.05 0.0 0 3.9 18 230 M M 1 3 24 230
12 90 75 83 1 0 18 0.37 0.0 0 5.5 28 130 M M 2 38 32 140
13 92 76 84 1 0 19 T 0.0 0 5.3 14 120 M M 1 3 22 140
14 90 79 85 2 0 20 0.10 0.0 0 4.7 16 130 M M 2 3 19 130
15 90 77 84 1 0 19 T M M 7.0 17 100 M M 1 25 80
16 91 80 86 3 0 21 T 0.0 0 6.8 17 80 M M 2 22 100
17 90 73 82 -1 0 17 0.40 0.0 0 7.5 20 90 M M 3 13 25 90
18 92 77 85 2 0 20 T 0.0 0 5.8 18 10 M M 2 3 23 10
19 93 77 85 2 0 20 0.10 0.0 0 4.1 24 140 M M 2 3 30 140
20 90 76 83 0 0 18 0.12 0.0 0 4.8 18 70 M M 2 3 24 70
21 89 76 83 0 0 18 0.12 0.0 M 10.0 22 70 M M 2 8 27 50
22 87 74 81 -2 0 16 0.77 0.0 M 8.8 21 70 M M 3 1 26 20
23 90 75 83 0 0 18 0.00 0.0 0 6.3 14 130 M M 1 17 110
24 93 78 86 3 0 21 T 0.0 0 6.2 18 280 M M 2 3 24 260
25 92 74 83 0 0 18 0.51 0.0 0 3.2 36 10 M M 2 13 42 10
26 91 78 85 2 0 20 T 0.0 0 4.2 18 270 M M 2 3 23 110
27 91 78 85 2 0 20 0.01 M M 5.9 20 240 M M 2 3 28 240
28 90 77 84 1 0 19 0.03 M M 7.0 16 90 M M 2 22 100
29 90 73 82 -1 0 17 1.98 0.0 0 3.9 23 210 M M 3 13 29 190
30 91 77 84 1 0 19 0.01 0.0 0 8.4 20 130 M M 2 3 27 140
================================================================================
SM 2689 2255 0 531 14.80 0.0 191.1 M 83
================================================================================
AV 89.6 75.2 6.4 FASTST M M 3 MAX(MPH)
MISC ----> 36 10 42 10
================================================================================
NOTES:
# LAST OF SEVERAL OCCURRENCES
COLUMN 17 PEAK WIND IN M.P.H.
PRELIMINARY LOCAL CLIMATOLOGICAL DATA (WS FORM: F-6) , PAGE 2
STATION: OPA-LOCKA ARPT
MONTH: JUNE
YEAR: 2022
LATITUDE: 25 53 N
LONGITUDE: 80 17 W
[TEMPERATURE DATA] [PRECIPITATION DATA] SYMBOLS USED IN COLUMN 16
AVERAGE MONTHLY: 82.4 TOTAL FOR MONTH: 14.80 1 = FOG OR MIST
DPTR FM NORMAL: -0.2 DPTR FM NORMAL: 5.88 2 = FOG REDUCING VISIBILITY
HIGHEST: 93 ON 19,24 GRTST 24HR 6.25 ON 4- 4 TO 1/4 MILE OR LESS
LOWEST: 72 ON 8, 3 3 = THUNDER
SNOW, ICE PELLETS, HAIL 4 = ICE PELLETS
TOTAL MONTH: 0.0 INCH 5 = HAIL
GRTST 24HR 0.0 6 = FREEZING RAIN OR DRIZZLE
GRTST DEPTH: 0 7 = DUSTSTORM OR SANDSTORM:
VSBY 1/2 MILE OR LESS
8 = SMOKE OR HAZE
[NO. OF DAYS WITH] [WEATHER - DAYS WITH] 9 = BLOWING SNOW
X = TORNADO
MAX 32 OR BELOW: 0 0.01 INCH OR MORE: 21
MAX 90 OR ABOVE: 21 0.10 INCH OR MORE: 15
MIN 32 OR BELOW: 0 0.50 INCH OR MORE: 6
MIN 0 OR BELOW: 0 1.00 INCH OR MORE: 3
[HDD (BASE 65) ]
TOTAL THIS MO. 0 CLEAR (SCALE 0-3) 26
DPTR FM NORMAL 0 PTCLDY (SCALE 4-7) 3
TOTAL FM JUL 1 63 CLOUDY (SCALE 8-10) 1
DPTR FM NORMAL -58
[CDD (BASE 65) ]
TOTAL THIS MO. 531
DPTR FM NORMAL 3 [PRESSURE DATA]
TOTAL FM JAN 1 2149 HIGHEST SLP 30.17 ON 29
DPTR FM NORMAL 283 LOWEST SLP 29.59 ON 4
[REMARKS]
#FINAL-06-22#