000
CXUS54 KMRX 011030
CF6OQT
PRELIMINARY LOCAL CLIMATOLOGICAL DATA (WS FORM: F-6)
STATION: OAK RIDGE
MONTH: AUGUST
YEAR: 2021
LATITUDE: 36 1 N
LONGITUDE: 84 14 W
TEMPERATURE IN F: :PCPN: SNOW: WIND :SUNSHINE: SKY :PK WND
================================================================================
1 2 3 4 5 6A 6B 7 8 9 10 11 12 13 14 15 16 17 18
12Z AVG MX 2MIN
DY MAX MIN AVG DEP HDD CDD WTR SNW DPTH SPD SPD DIR MIN PSBL S-S WX SPD DR
================================================================================
1 87 68 78 -1 0 13 0.17 M M 1.8 9 310 M M 5 18 15 310
2 86 63 75 -4 0 10 0.00 M M 1.5 8 90 M M 1 18 13 360
3 85 66 76 -3 0 11 0.05 M M 1.4 8 70 M M 6 1 14 90
4 82 65 74 -5 0 9 0.32 M M 0.6 9 130 M M 7 12 17 170
5 88 63 76 -3 0 11 0.00 M M 1.2 7 290 M M 5 12 11 80
6 88 66 77 -2 0 12 0.00 M M 1.4 7 300 M M 2 11 300
7 85 69 77 -2 0 12 T M M 1.0 10 270 M M 3 16 270
8 88 64 76 -3 0 11 0.00 M M 1.2 7 150 M M 4 12 11 150
9 91 68 80 1 0 15 0.06 M M 1.4 15 290 M M 3 1 25 290
10 92 68 80 1 0 15 0.00 M M 1.7 9 290 M M 3 1 17 280
11 94 72 83 4 0 18 0.00 M M 2.3 10 260 M M 1 20 250
12 92 70 81 2 0 16 0.00 M M 1.8 7 280 M M 0 15 270
13 94 71 83 5 0 18 0.00 M M 2.1 12 280 M M 1 20 290
14 94 72 83 5 0 18 0.52 M M 0.9 15 140 M M 4 1 26 140
15 88 70 79 1 0 14 0.37 M M 1.3 16 100 M M 6 1 30 80
16 86 71 79 1 0 14 0.32 M M 1.2 7 160 M M 7 1 14 200
17 72 70 71 -7 0 6 1.63 M M 1.4 7 280 M M 8 1 16 50
18 88 69 79 1 0 14 0.00 M M 1.5 5 99 M M 5 1 M M
19 82 72 77 -1 0 12 0.01 M M 1.3 7 260 M M 6 15 180
20 89 73 81 3 0 16 0.10 M M 0.7 8 90 M M 6 1 13 110
21 86 69 78 0 0 13 0.01 M M 0.7 8 140 M M 3 1 14 200
22 92 72 82 4 0 17 0.95 M M 1.1 8 80 M M 5 1 12 360
23 93 68 81 3 0 16 0.00 M M 1.2 7 90 M M 0 1 11 90
24 93 70 82 5 0 17 0.00 M M 1.2 7 80 M M 1 1 10 10
25 92 72 82 5 0 17 0.00 M M 1.0 8 290 M M 1 1 15 310
26 93 70 82 5 0 17 0.44 M M 1.0 21 140 M M M 18 38 160
27 91 70 81 4 0 16 0.00 M M 0.0 8 160 M M 3 1 12 160
28 91 71 81 4 0 16 0.00 M M M 6 90 M M M 10 70
29 88 75 82 6 0 17 0.00 M M 2.3 5 160 M M 3 M M
30 90 69 80 4 0 15 0.71 M M 1.6 8 230 M M 3 1 20 210
31 76 69 73 -3 0 8 3.37 M M 2.0 7 280 M M 9 1 15 40
================================================================================
SM 2736 2145 0 434 9.03 M 39.8 M 111
================================================================================
AV 88.3 69.2 1.3 FASTST M M 4 MAX(MPH)
MISC ----> 21 140 38 160
================================================================================
NOTES:
# LAST OF SEVERAL OCCURRENCES
COLUMN 17 PEAK WIND IN M.P.H.
PRELIMINARY LOCAL CLIMATOLOGICAL DATA (WS FORM: F-6) , PAGE 2
STATION: OAK RIDGE
MONTH: AUGUST
YEAR: 2021
LATITUDE: 36 1 N
LONGITUDE: 84 14 W
[TEMPERATURE DATA] [PRECIPITATION DATA] SYMBOLS USED IN COLUMN 16
AVERAGE MONTHLY: 78.7 TOTAL FOR MONTH: 9.03 1 = FOG OR MIST
DPTR FM NORMAL: 0.6 DPTR FM NORMAL: 5.57 2 = FOG REDUCING VISIBILITY
HIGHEST: 94 ON 14,13 GRTST 24HR 3.37 ON 31-31 TO 1/4 MILE OR LESS
LOWEST: 63 ON 5, 2 3 = THUNDER
SNOW, ICE PELLETS, HAIL 4 = ICE PELLETS
TOTAL MONTH: M 5 = HAIL
GRTST 24HR M ON M 6 = FREEZING RAIN OR DRIZZLE
GRTST DEPTH: M ON M 7 = DUSTSTORM OR SANDSTORM:
VSBY 1/2 MILE OR LESS
8 = SMOKE OR HAZE
[NO. OF DAYS WITH] [WEATHER - DAYS WITH] 9 = BLOWING SNOW
X = TORNADO
MAX 32 OR BELOW: 0 0.01 INCH OR MORE: 15
MAX 90 OR ABOVE: 14 0.10 INCH OR MORE: 11
MIN 32 OR BELOW: 0 0.50 INCH OR MORE: 5
MIN 0 OR BELOW: 0 1.00 INCH OR MORE: 2
[HDD (BASE 65) ]
TOTAL THIS MO. 0 CLEAR (SCALE 0-3) 12
DPTR FM NORMAL 0 PTCLDY (SCALE 4-7) 16
TOTAL FM JUL 1 0 CLOUDY (SCALE 8-10) 3
DPTR FM NORMAL 0
[CDD (BASE 65) ]
TOTAL THIS MO. 434
DPTR FM NORMAL 29 [PRESSURE DATA]
TOTAL FM JAN 1 1333 HIGHEST SLP 30.21 ON 28
DPTR FM NORMAL -25 LOWEST SLP 29.55 ON 31
[REMARKS]
#FINAL-08-21#