000
CXUS53 KLOT 012341 CCA
CF6ORD
PRELIMINARY LOCAL CLIMATOLOGICAL DATA (WS FORM: F-6)
STATION: CHICAGO-OHARE
MONTH: FEBRUARY
YEAR: 2022
LATITUDE: 41 58 N
LONGITUDE: 87 54 W
TEMPERATURE IN F: :PCPN: SNOW: WIND :SUNSHINE: SKY :PK WND
================================================================================
1 2 3 4 5 6A 6B 7 8 9 10 11 12 13 14 15 16 17 18
12Z AVG MX 2MIN
DY MAX MIN AVG DEP HDD CDD WTR SNW DPTH SPD SPD DIR MIN PSBL S-S WX SPD DR
================================================================================
1 46 32 39 14 26 0 0.09 0.2 4 11.0 20 210 M M 9 18 29 210
2 33 16 25 0 40 0 0.30 5.4 2 15.5 24 360 M M 10 1 31 360
3 24 16 20 -6 45 0 T T 6 17.5 24 30 M M 10 31 40
4 24 10 17 -9 48 0 0.01 0.5 5 8.8 22 310 M M 8 31 300
5 20 4 12 -14 53 0 0.00 0.0 5 11.4 23 190 M M 4 32 190
6 33 18 26 0 39 0 0.00 0.0 5 12.7 17 220 M M 5 26 210
7 31 18 25 -1 40 0 T T 4 8.8 18 260 M M 8 16 26 270
8 38 19 29 2 36 0 0.00 0.0 3 10.6 20 190 M M 7 24 190
9 41 32 37 10 28 0 T T 2 12.2 21 260 M M 7 30 260
10 35 27 31 4 34 0 0.01 0.1 1 13.2 25 220 M M 10 40 210
11 44 28 36 9 29 0 0.08 0.5 0 15.0 28 250 M M 10 1 45 260
12 28 13 21 -7 44 0 T T 0 11.2 22 340 M M 7 30 330
13 20 12 16 -12 49 0 T T 0 7.2 15 320 M M 6 1 21 320
14 26 14 20 -8 45 0 T T 0 6.2 12 220 M M 9 17 210
15 45 22 34 5 31 0 0.00 0.0 0 10.5 20 180 M M 8 30 190
16 55 41 48 19 17 0 0.83 0.0 0 15.8 26 210 M M 10 1 42 200
17 41 16 29 0 36 0 0.22 2.9 0 19.3 33 20 M M 10 129 40 40
18 31 7 19 -11 46 0 T T 2 14.8 33 270 M M 4 47 260
19 25 9 17 -13 48 0 0.00 0.0 2 14.1 25 310 M M 2 38 310
20 47 17 32 2 33 0 0.00 0.0 1 17.3 32 220 M M 3 47 210
21 48 32 40 9 25 0 0.00 0.0 0 7.8 17 20 M M 8 18 23 20
22 44 23 34 3 31 0 0.87 T 0 12.1 23 40 M M 10 1368 32 260
23 23 15 19 -12 46 0 T 0.1 0 11.4 20 320 M M 8 29 290
24 27 21 24 -8 41 0 0.11 1.1 0 11.6 21 50 M M 10 1 28 50
25 31 18 25 -7 40 0 0.07 2.0 3 7.3 15 340 M M 6 18 20 350
26 31 13 22 -11 43 0 0.00 0.0 1 10.6 18 230 M M 0 26 230
27 43 26 35 2 30 0 0.00 0.0 0 8.1 21 240 M M 2 28 230
28 53 27 40 7 25 0 0.00 0.0 0 10.6 24 220 M M 6 39 210
================================================================================
SM 987 546 1048 0 2.59 12.8 332.6 M 197
================================================================================
AV 35.3 19.5 11.9 FASTST M M 7 MAX(MPH)
MISC ----> # 33 20 # 47 260
================================================================================
NOTES:
# LAST OF SEVERAL OCCURRENCES
COLUMN 17 PEAK WIND IN M.P.H.
PRELIMINARY LOCAL CLIMATOLOGICAL DATA (WS FORM: F-6) , PAGE 2
STATION: CHICAGO-OHARE
MONTH: FEBRUARY
YEAR: 2022
LATITUDE: 41 58 N
LONGITUDE: 87 54 W
[TEMPERATURE DATA] [PRECIPITATION DATA] SYMBOLS USED IN COLUMN 16
AVERAGE MONTHLY: 27.4 TOTAL FOR MONTH: 2.59 1 = FOG OR MIST
DPTR FM NORMAL: -1.4 DPTR FM NORMAL: 0.62 2 = FOG REDUCING VISIBILITY
HIGHEST: 55 ON 16 GRTST 24HR 1.02 ON 16-17 TO 1/4 MILE OR LESS
LOWEST: 4 ON 5 3 = THUNDER
SNOW, ICE PELLETS, HAIL 4 = ICE PELLETS
TOTAL MONTH: 12.8 INCHES 5 = HAIL
GRTST 24HR 5.6 ON 2-2 6 = FREEZING RAIN OR DRIZZLE
GRTST DEPTH: 6 ON 3 7 = DUSTSTORM OR SANDSTORM:
VSBY 1/2 MILE OR LESS
8 = SMOKE OR HAZE
[NO. OF DAYS WITH] [WEATHER - DAYS WITH] 9 = BLOWING SNOW
X = TORNADO
MAX 32 OR BELOW: 13 0.01 INCH OR MORE: 10
MAX 90 OR ABOVE: 0 0.10 INCH OR MORE: 5
MIN 32 OR BELOW: 27 0.50 INCH OR MORE: 2
MIN 0 OR BELOW: 0 1.00 INCH OR MORE: 0
[HDD (BASE 65) ]
TOTAL THIS MO. 1048 CLEAR (SCALE 0-3) 4
DPTR FM NORMAL 33 PTCLDY (SCALE 4-7) 11
TOTAL FM JUL 1 4217 CLOUDY (SCALE 8-10) 13
DPTR FM NORMAL -253
[CDD (BASE 65) ]
TOTAL THIS MO. 0
DPTR FM NORMAL 0 [PRESSURE DATA]
TOTAL FM JAN 1 0 HIGHEST SLP 30.55 ON 23
DPTR FM NORMAL 0 LOWEST SLP 29.46 ON 11
[REMARKS]
#FINAL-02-22#