000
CXUS51 KBOX 010810
CF6ORH
PRELIMINARY LOCAL CLIMATOLOGICAL DATA (WS FORM: F-6)
STATION: WORCESTER MA
MONTH: SEPTEMBER
YEAR: 2023
LATITUDE: 42 16 N
LONGITUDE: 71 52 W
TEMPERATURE IN F: :PCPN: SNOW: WIND :SUNSHINE: SKY :PK WND
================================================================================
1 2 3 4 5 6A 6B 7 8 9 10 11 12 13 14 15 16 17 18
12Z AVG MX 2MIN
DY MAX MIN AVG DEP HDD CDD WTR SNW DPTH SPD SPD DIR MIN PSBL S-S WX SPD DR
================================================================================
1 72 56 64 -3 1 0 0.00 0.0 M 6.3 12 260 M M 0 21 20
2 76 54 65 -1 0 0 0.00 0.0 M 10.9 16 230 M M 0 22 220
3 82 61 72 6 0 7 0.00 0.0 M 7.7 14 250 M M 2 19 240
4 86 69 78 12 0 13 0.00 0.0 M 4.6 13 300 M M 0 17 300
5 85 73 79 13 0 14 0.00 0.0 M 5.1 10 360 M M 1 15 360
6 88 73 81 16 0 16 0.00 0.0 M 7.6 14 320 M M 1 19 310
7 90 72 81 16 0 16 0.00 0.0 M 8.2 15 290 M M 0 21 280
8 83 67 75 10 0 10 0.18 0.0 M 7.3 29 240 M M 4 1238 43 250
9 83 66 75 11 0 10 0.01 0.0 M 7.7 13 90 M M 6 123 20 100
10 78 68 73 9 0 8 0.72 0.0 M 3.8 17 260 M M 9 123 27 260
11 78 66 72 8 0 7 2.50 0.0 M 4.6 15 150 M M 9 123 21 160
12 M M M M M M 0.01 0.0 M M M M M M 8 12 M M
13 77 63 70 7 0 5 0.59 0.0 M 5.6 14 150 M M 10 123 18 170
14 72 57 65 2 0 0 0.00 0.0 M 9.9 15 310 M M 2 23 320
15 65 52 59 -3 6 0 0.00 0.0 M 12.0 18 10 M M 0 29 350
16 70 56 63 1 2 0 T 0.0 M 19.4 37 300 M M 1 52 300
17 74 52 63 1 2 0 0.00 0.0 M 6.8 17 250 M M 1 23 250
18 64 61 63 2 2 0 1.60 0.0 M 6.4 20 300 M M 10 1 26 290
19 68 54 61 0 4 0 0.00 0.0 M 13.2 21 270 M M 4 31 240
20 69 52 61 1 4 0 0.00 0.0 M 10.1 15 290 M M 0 21 290
21 70 51 61 1 4 0 0.00 0.0 M 4.0 10 10 M M 0 14 40
22 67 52 60 0 5 0 0.00 0.0 M 6.2 13 90 M M 1 18 100
23 57 51 54 -5 11 0 0.09 0.0 M 8.9 17 50 M M 9 12 28 50
24 58 53 56 -3 9 0 0.54 0.0 M 11.1 16 60 M M 10 12 29 50
25 59 53 56 -2 9 0 0.27 0.0 M 10.8 17 60 M M 9 1 30 50
26 60 48 54 -4 11 0 T 0.0 M 8.9 16 40 M M 6 1 28 40
27 64 48 56 -2 9 0 0.00 0.0 M 6.3 13 60 M M 0 20 10
28 66 49 58 1 7 0 0.00 0.0 M 6.5 12 90 M M 4 12 17 50
29 54 49 52 -5 13 0 2.11 0.0 M 8.1 15 10 M M 10 1 22 20
30 60 50 55 -1 10 0 0.16 0.0 M 7.4 15 20 M M 7 1 23 60
================================================================================
SM 2075 1676 109 106 8.78 0.0 235.4 M 124
================================================================================
AV 71.6 57.8 8.1 FASTST M M 4 MAX(MPH)
MISC ----> 37 300 52 300
================================================================================
NOTES:
# LAST OF SEVERAL OCCURRENCES
COLUMN 17 PEAK WIND IN M.P.H.
PRELIMINARY LOCAL CLIMATOLOGICAL DATA (WS FORM: F-6) , PAGE 2
STATION: WORCESTER MA
MONTH: SEPTEMBER
YEAR: 2023
LATITUDE: 42 16 N
LONGITUDE: 71 52 W
[TEMPERATURE DATA] [PRECIPITATION DATA] SYMBOLS USED IN COLUMN 16
AVERAGE MONTHLY: 64.7 TOTAL FOR MONTH: 8.78 1 = FOG OR MIST
DPTR FM NORMAL: 2.8 DPTR FM NORMAL: 4.54 2 = FOG REDUCING VISIBILITY
HIGHEST: 90 ON 7 GRTST 24HR 2.51 ON 11-12 TO 1/4 MILE OR LESS
LOWEST: 48 ON 27,26 3 = THUNDER
SNOW, ICE PELLETS, HAIL 4 = ICE PELLETS
TOTAL MONTH: 0.0 INCH 5 = HAIL
GRTST 24HR 0.0 6 = FREEZING RAIN OR DRIZZLE
GRTST DEPTH: M ON M 7 = DUSTSTORM OR SANDSTORM:
VSBY 1/2 MILE OR LESS
8 = SMOKE OR HAZE
[NO. OF DAYS WITH] [WEATHER - DAYS WITH] 9 = BLOWING SNOW
X = TORNADO
MAX 32 OR BELOW: 0 0.01 INCH OR MORE: 12
MAX 90 OR ABOVE: 1 0.10 INCH OR MORE: 9
MIN 32 OR BELOW: 0 0.50 INCH OR MORE: 6
MIN 0 OR BELOW: 0 1.00 INCH OR MORE: 3
[HDD (BASE 65) ]
TOTAL THIS MO. 109 CLEAR (SCALE 0-3) 15
DPTR FM NORMAL -30 PTCLDY (SCALE 4-7) 7
TOTAL FM JUL 1 111 CLOUDY (SCALE 8-10) 8
DPTR FM NORMAL -62
[CDD (BASE 65) ]
TOTAL THIS MO. 106
DPTR FM NORMAL 59 [PRESSURE DATA]
TOTAL FM JAN 1 624 HIGHEST SLP 30.46 ON 22
DPTR FM NORMAL 126 LOWEST SLP 29.63 ON 18
[REMARKS]
#FINAL-09-23#