000
CXUS56 KMFR 011000
CF6OTH
PRELIMINARY LOCAL CLIMATOLOGICAL DATA (WS FORM: F-6)
STATION: NORTH BEND OR
MONTH: MAY
YEAR: 2020
LATITUDE: 43 25 N
LONGITUDE: 124 15 W
TEMPERATURE IN F: :PCPN: SNOW: WIND :SUNSHINE: SKY :PK WND
================================================================================
1 2 3 4 5 6A 6B 7 8 9 10 11 12 13 14 15 16 17 18
12Z AVG MX 2MIN
DY MAX MIN AVG DEP HDD CDD WTR SNW DPTH SPD SPD DIR MIN PSBL S-S WX SPD DR
================================================================================
1 64 42 53 2 12 0 0.25 M M 7.8 16 210 M M 7 1 21 200
2 57 45 51 0 14 0 1.00 M M 8.3 26 230 M M 8 1 33 220
3 59 43 51 0 14 0 T M M 7.9 16 270 M M 2 18 340
4 61 42 52 0 13 0 0.13 M M 6.9 18 240 M M 6 1 23 250
5 59 47 53 1 12 0 0.27 M M 6.9 17 280 M M 7 1 21 280
6 59 44 52 0 13 0 T M M 10.9 26 10 M M 3 29 360
7 66 42 54 2 11 0 0.00 M M 10.0 25 350 M M 0 1 31 350
8 68 47 58 6 7 0 0.00 M M 5.5 13 270 M M 0 15 270
9 61 49 55 3 10 0 0.00 M M 6.3 13 280 M M 2 1 15 280
10 60 53 57 5 8 0 0.00 M M 6.0 16 250 M M 9 18 220
11 69 50 60 8 5 0 T M M 7.9 21 210 M M 7 3 29 210
12 58 50 54 2 11 0 0.62 M M 11.5 21 220 M M 10 1 28 220
13 57 49 53 0 12 0 1.04 M M 7.9 21 220 M M 8 1 28 210
14 59 48 54 1 11 0 0.33 M M 9.2 18 240 M M 8 1 23 250
15 62 45 54 1 11 0 0.00 M M 6.2 15 270 M M 3 1 18 280
16 69 51 60 7 5 0 0.11 M M 8.7 29 230 M M 8 1 38 240
17 63 49 56 3 9 0 0.19 M M 5.8 15 280 M M 9 1 17 270
18 61 50 56 3 9 0 0.02 M M 7.1 15 320 M M 7 1 20 340
19 58 50 54 1 11 0 0.01 M M 6.5 16 300 M M 10 1 18 300
20 59 50 55 1 10 0 0.04 M M 6.3 13 270 M M 10 1 16 270
21 58 49 54 0 11 0 0.10 M M 8.3 16 310 M M 8 1 21 310
22 59 46 53 -1 12 0 0.13 M M 9.2 21 330 M M 5 18 24 340
23 60 41 51 -3 14 0 0.00 M M 9.6 23 360 M M 0 28 360
24 66 47 57 3 8 0 0.00 M M 8.3 18 350 M M 3 22 350
25 64 50 57 3 8 0 T M M 9.6 23 350 M M 1 1 26 350
26 65 53 59 5 6 0 0.00 M M 10.9 29 350 M M 4 12 35 350
27 68 51 60 6 5 0 0.00 M M 9.9 26 350 M M 3 12 32 360
28 65 50 58 4 7 0 0.00 M M 9.2 21 350 M M 2 1 25 350
29 62 53 58 4 7 0 0.00 M M 13.9 29 360 M M M 36 10
30 56 50 53 -1 12 0 0.42 M M 5.6 25 350 M M 10 1 29 340
31 63 48 56 1 9 0 0.00 M M 10.8 24 350 0 0 0 32 360
================================================================================
SM 1915 1484 307 0 4.66 M 258.9 0 160
================================================================================
AV 61.8 47.9 8.4 FASTST 0 0 5 MAX(MPH)
MISC ----> # 29 230 # 38 240
================================================================================
NOTES:
# LAST OF SEVERAL OCCURRENCES
COLUMN 17 PEAK WIND IN M.P.H.
PRELIMINARY LOCAL CLIMATOLOGICAL DATA (WS FORM: F-6) , PAGE 2
STATION: NORTH BEND OR
MONTH: MAY
YEAR: 2020
LATITUDE: 43 25 N
LONGITUDE: 124 15 W
[TEMPERATURE DATA] [PRECIPITATION DATA] SYMBOLS USED IN COLUMN 16
AVERAGE MONTHLY: 54.8 TOTAL FOR MONTH: 4.66 1 = FOG OR MIST
DPTR FM NORMAL: 1.9 DPTR FM NORMAL: 1.27 2 = FOG REDUCING VISIBILITY
HIGHEST: 69 ON 16,11 GRTST 24HR 1.04 ON 13-13 TO 1/4 MILE OR LESS
LOWEST: 41 ON 23 3 = THUNDER
SNOW, ICE PELLETS, HAIL 4 = ICE PELLETS
TOTAL MONTH: M 5 = HAIL
GRTST 24HR M ON M 6 = FREEZING RAIN OR DRIZZLE
GRTST DEPTH: M ON M 7 = DUSTSTORM OR SANDSTORM:
VSBY 1/2 MILE OR LESS
8 = SMOKE OR HAZE
[NO. OF DAYS WITH] [WEATHER - DAYS WITH] 9 = BLOWING SNOW
X = TORNADO
MAX 32 OR BELOW: 0 0.01 INCH OR MORE: 15
MAX 90 OR ABOVE: 0 0.10 INCH OR MORE: 12
MIN 32 OR BELOW: 0 0.50 INCH OR MORE: 3
MIN 0 OR BELOW: 0 1.00 INCH OR MORE: 2
[HDD (BASE 65) ]
TOTAL THIS MO. 307 CLEAR (SCALE 0-3) 11
DPTR FM NORMAL -67 PTCLDY (SCALE 4-7) 11
TOTAL FM JUL 1 4112 CLOUDY (SCALE 8-10) 8
DPTR FM NORMAL -448
[CDD (BASE 65) ]
TOTAL THIS MO. 0
DPTR FM NORMAL 0 [PRESSURE DATA]
TOTAL FM JAN 1 0 HIGHEST SLP 30.50 ON 6
DPTR FM NORMAL 0 LOWEST SLP 29.69 ON 11
[REMARKS]
#FINAL-05-20#