000
CDUS43 KDMX 210629 RRA
CLIOTM

CLIMATE REPORT
NATIONAL WEATHER SERVICE DES MOINES IA
137 AM CDT FRI APR 20 2018

...................................

...THE OTTUMWA IA CLIMATE SUMMARY FOR APRIL 19 2018...

CLIMATE NORMAL PERIOD 1981 TO 2010
CLIMATE RECORD PERIOD 1920 TO 2018


WEATHER ITEM   OBSERVED TIME   RECORD YEAR NORMAL DEPARTURE LAST
                VALUE   (LST)  VALUE       VALUE  FROM      YEAR
                                                  NORMAL
..................................................................
TEMPERATURE (F)
 YESTERDAY
  MAXIMUM         56    502 PM  85    1985  64     -8       82
  MINIMUM         30    447 AM  26    1949  41    -11       54
  AVERAGE         43                        52     -9       68

PRECIPITATION (IN)
  YESTERDAY        0.00          1.93 1993   0.12  -0.12     0.24
  MONTH TO DATE    0.47                      1.96  -1.49     3.10
  SINCE MAR 1      2.83                      4.20  -1.37     6.30
  SINCE JAN 1      5.38                      6.38  -1.00     7.89

DEGREE DAYS
 HEATING
  YESTERDAY       22                        13      9        0
  MONTH TO DATE  528                       312    216      168
  SINCE MAR 1   1384                      1123    261      895
  SINCE JUL 1   6077                      6008     69     4702

 COOLING
  YESTERDAY        0                         0      0        3
  MONTH TO DATE    0                         0      0       14
  SINCE MAR 1      0                         1     -1       14
  SINCE JAN 1      0                         1     -1       14
..................................................................


WIND (MPH)
  HIGHEST WIND SPEED    16   HIGHEST WIND DIRECTION    NW (320)
  HIGHEST GUST SPEED    22   HIGHEST GUST DIRECTION    NW (320)
  AVERAGE WIND SPEED     8.5


SKY COVER
  POSSIBLE SUNSHINE  MM
  AVERAGE SKY COVER 0.1


WEATHER CONDITIONS
 THE FOLLOWING WEATHER WAS RECORDED YESTERDAY.
  NO SIGNIFICANT WEATHER WAS OBSERVED.


RELATIVE HUMIDITY (PERCENT)
 HIGHEST    92           500 AM
 LOWEST     26           500 PM
 AVERAGE    59

..........................................................


THE OTTUMWA IA CLIMATE NORMALS FOR TODAY
                         NORMAL    RECORD    YEAR
 MAXIMUM TEMPERATURE (F)   64        90      1987
 MINIMUM TEMPERATURE (F)   41        27      2013
                                             1953


SUNRISE AND SUNSET
APRIL 20 2018.........SUNRISE   623 AM CDT   SUNSET   755 PM CDT
APRIL 21 2018.........SUNRISE   621 AM CDT   SUNSET   756 PM CDT


-  INDICATES NEGATIVE NUMBERS.
R  INDICATES RECORD WAS SET OR TIED.
MM INDICATES DATA IS MISSING.
T  INDICATES TRACE AMOUNT.




$$
