136
CDUS43 KDMX 190636 RRA
CLIOTM

CLIMATE REPORT
NATIONAL WEATHER SERVICE DES MOINES IA
134 AM CDT SAT MAY 19 2018


...................................

...THE OTTUMWA IA CLIMATE SUMMARY FOR MAY 18 2018...

CLIMATE NORMAL PERIOD 1981 TO 2010
CLIMATE RECORD PERIOD 1920 TO 2018


WEATHER ITEM   OBSERVED TIME   RECORD YEAR NORMAL DEPARTURE LAST
                VALUE   (LST)  VALUE       VALUE  FROM      YEAR
                                                  NORMAL
..................................................................
TEMPERATURE (F)
 YESTERDAY
  MAXIMUM         78    436 PM  92    1962  73      5       71
  MINIMUM         57    514 AM  34    2002  51      6       56
  AVERAGE         68                        62      6       64

PRECIPITATION (IN)
  YESTERDAY        0.00          2.23 1927   0.15  -0.15     0.11
  MONTH TO DATE    2.22                      2.66  -0.44     1.62
  SINCE MAR 1      5.05                      8.30  -3.25     9.88
  SINCE JAN 1      7.60                     10.48  -2.88    11.47

DEGREE DAYS
 HEATING
  YESTERDAY        0                         5     -5        1
  MONTH TO DATE   18                       122   -104       90
  SINCE MAR 1   1516                      1367    149     1127
  SINCE JUL 1   6209                      6252    -43     4934

 COOLING
  YESTERDAY        3                         2      1        0
  MONTH TO DATE   51                        21     30       43
  SINCE MAR 1     55                        32     23       58
  SINCE JAN 1     55                        32     23       58
..................................................................


WIND (MPH)
  HIGHEST WIND SPEED    17   HIGHEST WIND DIRECTION     E (100)
  HIGHEST GUST SPEED    22   HIGHEST GUST DIRECTION     E (110)
  AVERAGE WIND SPEED     8.1


SKY COVER
  POSSIBLE SUNSHINE  MM
  AVERAGE SKY COVER 0.0


WEATHER CONDITIONS
 THE FOLLOWING WEATHER WAS RECORDED YESTERDAY.
  NO SIGNIFICANT WEATHER WAS OBSERVED.


RELATIVE HUMIDITY (PERCENT)
 HIGHEST    93          1000 PM
 LOWEST     56           400 PM
 AVERAGE    75

..........................................................


THE OTTUMWA IA CLIMATE NORMALS FOR TODAY
                         NORMAL    RECORD    YEAR
 MAXIMUM TEMPERATURE (F)   73        90      1998
 MINIMUM TEMPERATURE (F)   52        34      2002


SUNRISE AND SUNSET
MAY 19 2018...........SUNRISE   548 AM CDT   SUNSET   825 PM CDT
MAY 20 2018...........SUNRISE   547 AM CDT   SUNSET   826 PM CDT


-  INDICATES NEGATIVE NUMBERS.
R  INDICATES RECORD WAS SET OR TIED.
MM INDICATES DATA IS MISSING.
T  INDICATES TRACE AMOUNT.




$$
