000
CDUS43 KDMX 140653
CLIOTM

CLIMATE REPORT
NATIONAL WEATHER SERVICE DES MOINES IA
144 AM CDT SAT APR 14 2018

...................................

...THE OTTUMWA IA CLIMATE SUMMARY FOR APRIL 13 2018...

CLIMATE NORMAL PERIOD 1981 TO 2010
CLIMATE RECORD PERIOD 1920 TO 2018

WEATHER ITEM   OBSERVED TIME   RECORD YEAR NORMAL DEPARTURE LAST
                VALUE   (LST)  VALUE       VALUE  FROM      YEAR
                                                  NORMAL
..................................................................
TEMPERATURE (F)
 YESTERDAY
  MAXIMUM         75    431 PM  88    2006  61     14       79
  MINIMUM         44   1159 PM  20    1950  39      5       53
  AVERAGE         60                        50     10       66

PRECIPITATION (IN)
  YESTERDAY        T             1.92 1981   0.11  -0.11     0.00
  MONTH TO DATE    0.12                      1.28  -1.16     2.08
  SINCE MAR 1      2.48                      3.52  -1.04     5.28
  SINCE JAN 1      5.03                      5.70  -0.67     6.87

DEGREE DAYS
 HEATING
  YESTERDAY        5                        15    -10        0
  MONTH TO DATE  358                       227    131      154
  SINCE MAR 1   1214                      1038    176      881
  SINCE JUL 1   5907                      5923    -16     4688

 COOLING
  YESTERDAY        0                         0      0        1
  MONTH TO DATE    0                         0      0        6
  SINCE MAR 1      0                         1     -1        6
  SINCE JAN 1      0                         1     -1        6
..................................................................

WIND (MPH)
  HIGHEST WIND SPEED    28   HIGHEST WIND DIRECTION    NE (50)
  HIGHEST GUST SPEED    35   HIGHEST GUST DIRECTION    SE (140)
  AVERAGE WIND SPEED    15.4

SKY COVER
  POSSIBLE SUNSHINE  MM
  AVERAGE SKY COVER 0.6

WEATHER CONDITIONS
 THE FOLLOWING WEATHER WAS RECORDED YESTERDAY.
  LIGHT RAIN
  HAZE

RELATIVE HUMIDITY (PERCENT)
 HIGHEST    86          1000 PM
 LOWEST     52           800 AM
 AVERAGE    69
..........................................................

THE OTTUMWA IA CLIMATE NORMALS FOR TODAY
                         NORMAL    RECORD    YEAR
 MAXIMUM TEMPERATURE (F)   62        88      2003
 MINIMUM TEMPERATURE (F)   39        22      1950

SUNRISE AND SUNSET
APRIL 14 2018.........SUNRISE   632 AM CDT   SUNSET   749 PM CDT
APRIL 15 2018.........SUNRISE   630 AM CDT   SUNSET   750 PM CDT

-  INDICATES NEGATIVE NUMBERS.
R  INDICATES RECORD WAS SET OR TIED.
MM INDICATES DATA IS MISSING.
T  INDICATES TRACE AMOUNT.

$$

FAB
