000
CDUS43 KDMX 080651
CLIOTM

CLIMATE REPORT
NATIONAL WEATHER SERVICE DES MOINES IA
143 AM CDT TUE MAY 8 2018

...................................

...THE OTTUMWA IA CLIMATE SUMMARY FOR MAY 7 2018...

CLIMATE NORMAL PERIOD 1981 TO 2010
CLIMATE RECORD PERIOD 1920 TO 2018

WEATHER ITEM   OBSERVED TIME   RECORD YEAR NORMAL DEPARTURE LAST
                VALUE   (LST)  VALUE       VALUE  FROM      YEAR
                                                  NORMAL
..................................................................
TEMPERATURE (F)
 YESTERDAY
  MAXIMUM         79    441 PM  95    1934  69     10       77
  MINIMUM         48    525 AM  26    1931  47      1       39
  AVERAGE         64                        58      6       58

PRECIPITATION (IN)
  YESTERDAY        0.00          2.32 1962   0.14  -0.14     0.00
  MONTH TO DATE    1.40                      1.00   0.40     0.02
  SINCE MAR 1      4.23                      6.64  -2.41     8.28
  SINCE JAN 1      6.78                      8.82  -2.04     9.87

DEGREE DAYS
 HEATING
  YESTERDAY        1                         7     -6        7
  MONTH TO DATE    1                        57    -56       81
  SINCE MAR 1   1499                      1302    197     1118
  SINCE JUL 1   6192                      6187      5     4925

 COOLING
  YESTERDAY        0                         1     -1        0
  MONTH TO DATE   21                         7     14        0
  SINCE MAR 1     25                        18      7       15
  SINCE JAN 1     25                        18      7       15
..................................................................

WIND (MPH)
  HIGHEST WIND SPEED    16   HIGHEST WIND DIRECTION     S (170)
  HIGHEST GUST SPEED    23   HIGHEST GUST DIRECTION     S (180)
  AVERAGE WIND SPEED     7.3

SKY COVER
  POSSIBLE SUNSHINE  MM
  AVERAGE SKY COVER 0.0

WEATHER CONDITIONS
 THE FOLLOWING WEATHER WAS RECORDED YESTERDAY.
  NO SIGNIFICANT WEATHER WAS OBSERVED.

RELATIVE HUMIDITY (PERCENT)
 HIGHEST    71           500 AM
 LOWEST     30           400 PM
 AVERAGE    51
..........................................................

THE OTTUMWA IA CLIMATE NORMALS FOR TODAY
                         NORMAL    RECORD    YEAR
 MAXIMUM TEMPERATURE (F)   70        92      1934
 MINIMUM TEMPERATURE (F)   48        35      2010
                                             1980

SUNRISE AND SUNSET
MAY  8 2018...........SUNRISE   559 AM CDT   SUNSET   814 PM CDT
MAY  9 2018...........SUNRISE   558 AM CDT   SUNSET   815 PM CDT

-  INDICATES NEGATIVE NUMBERS.
R  INDICATES RECORD WAS SET OR TIED.
MM INDICATES DATA IS MISSING.
T  INDICATES TRACE AMOUNT.

$$

FAB
