000
CDUS43 KDMX 120823
CLIOTM

CLIMATE REPORT
NATIONAL WEATHER SERVICE DES MOINES IA
206 AM CDT THU APR 12 2018

...................................

...THE OTTUMWA IA CLIMATE SUMMARY FOR APRIL 11 2018...

CLIMATE NORMAL PERIOD 1981 TO 2010
CLIMATE RECORD PERIOD 1920 TO 2018

WEATHER ITEM   OBSERVED TIME   RECORD YEAR NORMAL DEPARTURE LAST
                VALUE   (LST)  VALUE       VALUE  FROM      YEAR
                                                  NORMAL
..................................................................
TEMPERATURE (F)
 YESTERDAY
  MAXIMUM         72    221 PM  89    1930  61     11       60
  MINIMUM         37    545 AM  20    1973  38     -1       41
  AVERAGE         55                        49      6       51

PRECIPITATION (IN)
  YESTERDAY        0.00          1.43 1970   0.10  -0.10     0.00
  MONTH TO DATE    0.12                      1.06  -0.94     2.08
  SINCE MAR 1      2.48                      3.30  -0.82     5.28
  SINCE JAN 1      5.03                      5.48  -0.45     6.87

DEGREE DAYS
 HEATING
  YESTERDAY       10                        16     -6       14
  MONTH TO DATE  352                       196    156      145
  SINCE MAR 1   1208                      1007    201      872
  SINCE JUL 1   5901                      5892      9     4679

 COOLING
  YESTERDAY        0                         0      0        0
  MONTH TO DATE    0                         0      0        5
  SINCE MAR 1      0                         1     -1        5
  SINCE JAN 1      0                         1     -1        5
..................................................................

WIND (MPH)
  HIGHEST WIND SPEED    20   HIGHEST WIND DIRECTION     S (160)
  HIGHEST GUST SPEED    30   HIGHEST GUST DIRECTION     S (160)
  AVERAGE WIND SPEED     9.8

SKY COVER
  POSSIBLE SUNSHINE  MM
  AVERAGE SKY COVER 0.0

WEATHER CONDITIONS
 THE FOLLOWING WEATHER WAS RECORDED YESTERDAY.
  NO SIGNIFICANT WEATHER WAS OBSERVED.

RELATIVE HUMIDITY (PERCENT)
 HIGHEST    85           600 AM
 LOWEST     33           200 PM
 AVERAGE    59
..........................................................

THE OTTUMWA IA CLIMATE NORMALS FOR TODAY
                         NORMAL    RECORD    YEAR
 MAXIMUM TEMPERATURE (F)   61        88      1930
 MINIMUM TEMPERATURE (F)   38        19      1940

SUNRISE AND SUNSET
APRIL 12 2018.........SUNRISE   635 AM CDT   SUNSET   747 PM CDT
APRIL 13 2018.........SUNRISE   634 AM CDT   SUNSET   748 PM CDT

-  INDICATES NEGATIVE NUMBERS.
R  INDICATES RECORD WAS SET OR TIED.
MM INDICATES DATA IS MISSING.
T  INDICATES TRACE AMOUNT.

$$

FAB
