374
CDUS43 KDMX 120638 RRA
CLIOTM

CLIMATE REPORT
NATIONAL WEATHER SERVICE DES MOINES IA
136 AM CDT SAT MAY 12 2018


...................................

...THE OTTUMWA IA CLIMATE SUMMARY FOR MAY 11 2018...

CLIMATE NORMAL PERIOD 1981 TO 2010
CLIMATE RECORD PERIOD 1920 TO 2018


WEATHER ITEM   OBSERVED TIME   RECORD YEAR NORMAL DEPARTURE LAST
                VALUE   (LST)  VALUE       VALUE  FROM      YEAR
                                                  NORMAL
..................................................................
TEMPERATURE (F)
 YESTERDAY
  MAXIMUM         73   1122 AM  91    1926  71      2       72
  MINIMUM         53   1159 PM  34    1981  49      4       52
  AVERAGE         63                        60      3       62

PRECIPITATION (IN)
  YESTERDAY        0.07          2.13 2002   0.15  -0.08     0.00
  MONTH TO DATE    1.52                      1.59  -0.07     1.02
  SINCE MAR 1      4.35                      7.23  -2.88     9.28
  SINCE JAN 1      6.90                      9.41  -2.51    10.87

DEGREE DAYS
 HEATING
  YESTERDAY        2                         6     -4        3
  MONTH TO DATE    3                        84    -81       84
  SINCE MAR 1   1501                      1329    172     1121
  SINCE JUL 1   6194                      6214    -20     4928

 COOLING
  YESTERDAY        0                         1     -1        0
  MONTH TO DATE   30                        11     19        7
  SINCE MAR 1     34                        22     12       22
  SINCE JAN 1     34                        22     12       22
..................................................................


WIND (MPH)
  HIGHEST WIND SPEED    29   HIGHEST WIND DIRECTION     E (90)
  HIGHEST GUST SPEED    37   HIGHEST GUST DIRECTION     E (110)
  AVERAGE WIND SPEED    13.7


SKY COVER
  POSSIBLE SUNSHINE  MM
  AVERAGE SKY COVER 0.6


WEATHER CONDITIONS
 THE FOLLOWING WEATHER WAS RECORDED YESTERDAY.
  LIGHT RAIN
  FOG


RELATIVE HUMIDITY (PERCENT)
 HIGHEST    81          1000 AM
 LOWEST     56          1200 AM
 AVERAGE    69

..........................................................


THE OTTUMWA IA CLIMATE NORMALS FOR TODAY
                         NORMAL    RECORD    YEAR
 MAXIMUM TEMPERATURE (F)   71        94      1956
 MINIMUM TEMPERATURE (F)   49        34      2013


SUNRISE AND SUNSET
MAY 12 2018...........SUNRISE   555 AM CDT   SUNSET   818 PM CDT
MAY 13 2018...........SUNRISE   554 AM CDT   SUNSET   819 PM CDT


-  INDICATES NEGATIVE NUMBERS.
R  INDICATES RECORD WAS SET OR TIED.
MM INDICATES DATA IS MISSING.
T  INDICATES TRACE AMOUNT.




$$
