799
CDUS43 KDMX 260639 RRA
CLIOTM

CLIMATE REPORT
NATIONAL WEATHER SERVICE DES MOINES IA
137 AM CDT SAT MAY 26 2018


...................................

...THE OTTUMWA IA CLIMATE SUMMARY FOR MAY 25 2018...

CLIMATE NORMAL PERIOD 1981 TO 2010
CLIMATE RECORD PERIOD 1920 TO 2018


WEATHER ITEM   OBSERVED TIME   RECORD YEAR NORMAL DEPARTURE LAST
                VALUE   (LST)  VALUE       VALUE  FROM      YEAR
                                                  NORMAL
..................................................................
TEMPERATURE (F)
 YESTERDAY
  MAXIMUM         85    441 PM  93    1953  75     10       73
  MINIMUM         69    534 AM  32    1925  54     15       40
  AVERAGE         77                        64     13       57

PRECIPITATION (IN)
  YESTERDAY        0.30          1.99 2011   0.16   0.14     0.00
  MONTH TO DATE    2.67                      3.75  -1.08     2.25
  SINCE MAR 1      5.50                      9.39  -3.89    10.51
  SINCE JAN 1      8.05                     11.57  -3.52    12.10

DEGREE DAYS
 HEATING
  YESTERDAY        0                         3     -3        8
  MONTH TO DATE   18                       150   -132      156
  SINCE MAR 1   1516                      1395    121     1193
  SINCE JUL 1   6209                      6280    -71     5000

 COOLING
  YESTERDAY       12                         3      9        0
  MONTH TO DATE   92                        36     56       43
  SINCE MAR 1     96                        47     49       58
  SINCE JAN 1     96                        47     49       58
..................................................................


WIND (MPH)
  HIGHEST WIND SPEED    17   HIGHEST WIND DIRECTION     S (180)
  HIGHEST GUST SPEED    26   HIGHEST GUST DIRECTION     S (200)
  AVERAGE WIND SPEED     8.8


SKY COVER
  POSSIBLE SUNSHINE  MM
  AVERAGE SKY COVER 0.0


WEATHER CONDITIONS
 THE FOLLOWING WEATHER WAS RECORDED YESTERDAY.
  THUNDERSTORM
  RAIN
  LIGHT RAIN
  FOG


RELATIVE HUMIDITY (PERCENT)
 HIGHEST    90           600 AM
 LOWEST     55           300 PM
 AVERAGE    73

..........................................................


THE OTTUMWA IA CLIMATE NORMALS FOR TODAY
                         NORMAL    RECORD    YEAR
 MAXIMUM TEMPERATURE (F)   75        95      1926
 MINIMUM TEMPERATURE (F)   54        36      1925


SUNRISE AND SUNSET
MAY 26 2018...........SUNRISE   543 AM CDT   SUNSET   831 PM CDT
MAY 27 2018...........SUNRISE   542 AM CDT   SUNSET   832 PM CDT


-  INDICATES NEGATIVE NUMBERS.
R  INDICATES RECORD WAS SET OR TIED.
MM INDICATES DATA IS MISSING.
T  INDICATES TRACE AMOUNT.




$$
