000
CDUS43 KDMX 200628 RRB
CLIOTM

CLIMATE REPORT
NATIONAL WEATHER SERVICE DES MOINES IA
127 AM CDT TUE MAR 20 2018


...................................

...THE OTTUMWA IA CLIMATE SUMMARY FOR MARCH 19 2018...

CLIMATE NORMAL PERIOD 1981 TO 2010
CLIMATE RECORD PERIOD 1920 TO 2018


WEATHER ITEM   OBSERVED TIME   RECORD YEAR NORMAL DEPARTURE LAST
                VALUE   (LST)  VALUE       VALUE  FROM      YEAR
                                                  NORMAL
..................................................................
TEMPERATURE (F)
 YESTERDAY
  MAXIMUM         56    315 PM  81    2012  51      5       64
  MINIMUM         35    648 AM  -6    1923  30      5       29
  AVERAGE         46                        40      6       47

PRECIPITATION (IN)
  YESTERDAY        0.00          1.91 1982   0.07  -0.07     0.00
  MONTH TO DATE    0.44                      1.31  -0.87     0.38
  SINCE MAR 1      0.44                      1.31  -0.87     0.38
  SINCE JAN 1      2.99                      3.49  -0.50     1.97

DEGREE DAYS
 HEATING
  YESTERDAY       19                        25     -6       18
  MONTH TO DATE  528                       545    -17      513
  SINCE MAR 1    528                       545    -17      513
  SINCE JUL 1   5221                      5430   -209     4320

 COOLING
  YESTERDAY        0                         0      0        0
  MONTH TO DATE    0                         0      0        0
  SINCE MAR 1      0                         0      0        0
  SINCE JAN 1      0                         0      0        0
..................................................................


WIND (MPH)
  HIGHEST WIND SPEED    26   HIGHEST WIND DIRECTION    NE (50)
  HIGHEST GUST SPEED    33   HIGHEST GUST DIRECTION    NE (60)
  AVERAGE WIND SPEED    14.1


SKY COVER
  POSSIBLE SUNSHINE  MM
  AVERAGE SKY COVER 0.4


WEATHER CONDITIONS
 THE FOLLOWING WEATHER WAS RECORDED YESTERDAY.
  FOG


RELATIVE HUMIDITY (PERCENT)
 HIGHEST    89          1200 AM
 LOWEST     35           200 PM
 AVERAGE    62

..........................................................


THE OTTUMWA IA CLIMATE NORMALS FOR TODAY
                         NORMAL    RECORD    YEAR
 MAXIMUM TEMPERATURE (F)   51        78      1938
 MINIMUM TEMPERATURE (F)   30         8      1951


SUNRISE AND SUNSET
MARCH 20 2018.........SUNRISE   713 AM CDT   SUNSET   722 PM CDT
MARCH 21 2018.........SUNRISE   711 AM CDT   SUNSET   723 PM CDT


-  INDICATES NEGATIVE NUMBERS.
R  INDICATES RECORD WAS SET OR TIED.
MM INDICATES DATA IS MISSING.
T  INDICATES TRACE AMOUNT.




$$
