923
CDUS43 KDMX 090649
CLIOTM

CLIMATE REPORT
NATIONAL WEATHER SERVICE DES MOINES IA
141 AM CDT MON APR 9 2018

...................................

...THE OTTUMWA IA CLIMATE SUMMARY FOR APRIL 8 2018...

CLIMATE NORMAL PERIOD 1981 TO 2010
CLIMATE RECORD PERIOD 1920 TO 2018


WEATHER ITEM   OBSERVED TIME   RECORD YEAR NORMAL DEPARTURE LAST
                VALUE   (LST)  VALUE       VALUE  FROM      YEAR
                                                  NORMAL
..................................................................
TEMPERATURE (F)
 YESTERDAY
  MAXIMUM         37    126 PM  89    1931  60    -23       78
  MINIMUM         21    421 AM  18    1972  37    -16       45
  AVERAGE         29                        48    -19       62

PRECIPITATION (IN)
  YESTERDAY        0.04          1.42 2008   0.10  -0.06     0.00
  MONTH TO DATE    0.12                      0.75  -0.63     1.94
  SINCE MAR 1      2.48                      2.99  -0.51     5.14
  SINCE JAN 1      5.03                      5.17  -0.14     6.73

DEGREE DAYS
 HEATING
  YESTERDAY       36                        17     19        3
  MONTH TO DATE  282                       147    135      124
  SINCE MAR 1   1138                       958    180      851
  SINCE JUL 1   5831                      5843    -12     4658

 COOLING
  YESTERDAY        0                         0      0        0
  MONTH TO DATE    0                         0      0        0
  SINCE MAR 1      0                         1     -1        0
  SINCE JAN 1      0                         1     -1        0
..................................................................


WIND (MPH)
  HIGHEST WIND SPEED    20   HIGHEST WIND DIRECTION     S (170)
  HIGHEST GUST SPEED    24   HIGHEST GUST DIRECTION     S (160)
  AVERAGE WIND SPEED    10.3


SKY COVER
  POSSIBLE SUNSHINE  MM
  AVERAGE SKY COVER 0.7


WEATHER CONDITIONS
 THE FOLLOWING WEATHER WAS RECORDED YESTERDAY.
  SNOW
  LIGHT SNOW
  FOG
  HAZE


RELATIVE HUMIDITY (PERCENT)
 HIGHEST    92           600 PM
 LOWEST     44           200 PM
 AVERAGE    68

..........................................................


THE OTTUMWA IA CLIMATE NORMALS FOR TODAY
                         NORMAL    RECORD    YEAR
 MAXIMUM TEMPERATURE (F)   60        85      1905
 MINIMUM TEMPERATURE (F)   37        18      2016
                                             1997


SUNRISE AND SUNSET
APRIL  9 2018.........SUNRISE   640 AM CDT   SUNSET   743 PM CDT
APRIL 10 2018.........SUNRISE   638 AM CDT   SUNSET   744 PM CDT


-  INDICATES NEGATIVE NUMBERS.
R  INDICATES RECORD WAS SET OR TIED.
MM INDICATES DATA IS MISSING.
T  INDICATES TRACE AMOUNT.

$$
