000
CDUS43 KDMX 180812 RRB
CLIOTM

CLIMATE REPORT
NATIONAL WEATHER SERVICE DES MOINES IA
133 AM CDT SUN MAR 18 2018

...................................

...THE OTTUMWA IA CLIMATE SUMMARY FOR MARCH 17 2018...

CLIMATE NORMAL PERIOD 1981 TO 2010
CLIMATE RECORD PERIOD 1920 TO 2018


WEATHER ITEM   OBSERVED TIME   RECORD YEAR NORMAL DEPARTURE LAST
                VALUE   (LST)  VALUE       VALUE  FROM      YEAR
                                                  NORMAL
..................................................................
TEMPERATURE (F)
 YESTERDAY
  MAXIMUM         39    547 PM  82    2012  50    -11       66
  MINIMUM         27   1140 PM   2    1906  29     -2       35
  AVERAGE         33                        39     -6       51

PRECIPITATION (IN)
  YESTERDAY        0.00          1.07 1998   0.08  -0.08     0.00
  MONTH TO DATE    0.44                      1.17  -0.73     0.38
  SINCE MAR 1      0.44                      1.17  -0.73     0.38
  SINCE JAN 1      2.99                      3.35  -0.36     1.97

DEGREE DAYS
 HEATING
  YESTERDAY       32                        26      6       14
  MONTH TO DATE  481                       495    -14      473
  SINCE MAR 1    481                       495    -14      473
  SINCE JUL 1   5174                      5380   -206     4280

 COOLING
  YESTERDAY        0                         0      0        0
  MONTH TO DATE    0                         0      0        0
  SINCE MAR 1      0                         0      0        0
  SINCE JAN 1      0                         0      0        0
..................................................................


WIND (MPH)
  HIGHEST WIND SPEED    24   HIGHEST WIND DIRECTION     E (90)
  HIGHEST GUST SPEED    31   HIGHEST GUST DIRECTION     E (90)
  AVERAGE WIND SPEED     7.8


SKY COVER
  POSSIBLE SUNSHINE  MM
  AVERAGE SKY COVER 0.8


WEATHER CONDITIONS
 THE FOLLOWING WEATHER WAS RECORDED YESTERDAY.
  LIGHT RAIN
  LT FREEZING RAIN
  FOG
  FOG W/VISIBILITY <= 1/4 MILE


RELATIVE HUMIDITY (PERCENT)
 HIGHEST    92           900 PM
 LOWEST     82          1000 AM
 AVERAGE    87

..........................................................


THE OTTUMWA IA CLIMATE NORMALS FOR TODAY
                         NORMAL    RECORD    YEAR
 MAXIMUM TEMPERATURE (F)   50        81      2012
 MINIMUM TEMPERATURE (F)   29         2      1923


SUNRISE AND SUNSET
MARCH 18 2018.........SUNRISE   716 AM CDT   SUNSET   720 PM CDT
MARCH 19 2018.........SUNRISE   715 AM CDT   SUNSET   721 PM CDT


-  INDICATES NEGATIVE NUMBERS.
R  INDICATES RECORD WAS SET OR TIED.
MM INDICATES DATA IS MISSING.
T  INDICATES TRACE AMOUNT.

$$

ANSORGE
