802
CDUS43 KDMX 281133
CLIOTM

CLIMATE REPORT
NATIONAL WEATHER SERVICE DES MOINES IA
145 AM CDT WED MAR 28 2018


...................................

...THE OTTUMWA IA CLIMATE SUMMARY FOR MARCH 27 2018...

CLIMATE NORMAL PERIOD 1981 TO 2010
CLIMATE RECORD PERIOD 1920 TO 2018


WEATHER ITEM   OBSERVED TIME   RECORD YEAR NORMAL DEPARTURE LAST
                VALUE   (LST)  VALUE       VALUE  FROM      YEAR
                                                  NORMAL
..................................................................
TEMPERATURE (F)
 YESTERDAY
  MAXIMUM         42    515 PM  84    1910  55    -13       51
  MINIMUM         33   1014 PM  12    1913  32      1       45
  AVERAGE         38                        43     -5       48

PRECIPITATION (IN)
  YESTERDAY        0.00          1.20 1898   0.08  -0.08     0.00
  MONTH TO DATE    1.70                      1.90  -0.20     1.71
  SINCE MAR 1      1.70                      1.90  -0.20     1.71
  SINCE JAN 1      4.25                      4.08   0.17     3.30

DEGREE DAYS
 HEATING
  YESTERDAY       27                        22      5       17
  MONTH TO DATE  755                       729     26      645
  SINCE MAR 1    755                       729     26      645
  SINCE JUL 1   5448                      5614   -166     4452

 COOLING
  YESTERDAY        0                         0      0        0
  MONTH TO DATE    0                         0      0        0
  SINCE MAR 1      0                         0      0        0
  SINCE JAN 1      0                         0      0        0
..................................................................


WIND (MPH)
  HIGHEST WIND SPEED    18   HIGHEST WIND DIRECTION    NW (330)
  HIGHEST GUST SPEED    24   HIGHEST GUST DIRECTION    NW (320)
  AVERAGE WIND SPEED     9.8


SKY COVER
  POSSIBLE SUNSHINE  MM
  AVERAGE SKY COVER 0.8


WEATHER CONDITIONS
 THE FOLLOWING WEATHER WAS RECORDED YESTERDAY.
  FOG


RELATIVE HUMIDITY (PERCENT)
 HIGHEST    92           100 AM
 LOWEST     73           400 PM
 AVERAGE    83

..........................................................


THE OTTUMWA IA CLIMATE NORMALS FOR TODAY
                         NORMAL    RECORD    YEAR
 MAXIMUM TEMPERATURE (F)   55        85      1910
 MINIMUM TEMPERATURE (F)   33         8      1970


SUNRISE AND SUNSET
MARCH 28 2018.........SUNRISE   700 AM CDT   SUNSET   731 PM CDT
MARCH 29 2018.........SUNRISE   658 AM CDT   SUNSET   732 PM CDT


-  INDICATES NEGATIVE NUMBERS.
R  INDICATES RECORD WAS SET OR TIED.
MM INDICATES DATA IS MISSING.
T  INDICATES TRACE AMOUNT.




$$
