000
CDUS43 KDMX 060653
CLIOTM

CLIMATE REPORT
NATIONAL WEATHER SERVICE DES MOINES IA
1252 AM CST TUE MAR 6 2018

...................................

...THE OTTUMWA IA CLIMATE SUMMARY FOR MARCH 5 2018...

CLIMATE NORMAL PERIOD 1981 TO 2010
CLIMATE RECORD PERIOD 1920 TO 2018


WEATHER ITEM   OBSERVED TIME   RECORD YEAR NORMAL DEPARTURE LAST
                VALUE   (LST)  VALUE       VALUE  FROM      YEAR
                                                  NORMAL
..................................................................
TEMPERATURE (F)
 YESTERDAY
  MAXIMUM         48   1232 AM  75    1921  44      4       64
  MINIMUM         31    816 PM -15    1960  24      7       47
  AVERAGE         40                        34      6       56

PRECIPITATION (IN)
  YESTERDAY       MM             1.30 2006   0.07  MM        0.00
  MONTH TO DATE    0.03                      0.34  -0.31     0.01
  SINCE MAR 1      0.03                      0.34  -0.31     0.01
  SINCE JAN 1      2.58                      2.52   0.06     1.60

DEGREE DAYS
 HEATING
  YESTERDAY       25                        31     -6        9
  MONTH TO DATE  121                       159    -38      124
  SINCE MAR 1    121                       159    -38      124
  SINCE JUL 1   4814                      5044   -230     3931

 COOLING
  YESTERDAY        0                         0      0        0
  MONTH TO DATE    0                         0      0        0
  SINCE MAR 1      0                         0      0        0
  SINCE JAN 1      0                         0      0        0
..................................................................


WIND (MPH)
  HIGHEST WIND SPEED    30   HIGHEST WIND DIRECTION    SE (120)
  HIGHEST GUST SPEED    40   HIGHEST GUST DIRECTION    SE (120)
  AVERAGE WIND SPEED    16.6


SKY COVER
  POSSIBLE SUNSHINE  MM
  AVERAGE SKY COVER 0.9


WEATHER CONDITIONS
 THE FOLLOWING WEATHER WAS RECORDED YESTERDAY.
  THUNDERSTORM
  RAIN
  LIGHT RAIN
  FOG


RELATIVE HUMIDITY (PERCENT)
 HIGHEST    93           200 PM
 LOWEST     46          1200 AM
 AVERAGE    70

..........................................................


THE OTTUMWA IA CLIMATE NORMALS FOR TODAY
                         NORMAL    RECORD    YEAR
 MAXIMUM TEMPERATURE (F)   44        74      2017
 MINIMUM TEMPERATURE (F)   25       -11      1960


SUNRISE AND SUNSET
MARCH  6 2018.........SUNRISE   636 AM CST   SUNSET   607 PM CST
MARCH  7 2018.........SUNRISE   634 AM CST   SUNSET   608 PM CST


-  INDICATES NEGATIVE NUMBERS.
R  INDICATES RECORD WAS SET OR TIED.
MM INDICATES DATA IS MISSING.
T  INDICATES TRACE AMOUNT.

$$

SMALL
