000
CDUS43 KDMX 100700 RRB
CLIOTM

CLIMATE REPORT
NATIONAL WEATHER SERVICE DES MOINES IA
150 AM CDT TUE APR 10 2018


...................................

...THE OTTUMWA IA CLIMATE SUMMARY FOR APRIL 9 2018...

CLIMATE NORMAL PERIOD 1981 TO 2010
CLIMATE RECORD PERIOD 1920 TO 2018


WEATHER ITEM   OBSERVED TIME   RECORD YEAR NORMAL DEPARTURE LAST
                VALUE   (LST)  VALUE       VALUE  FROM      YEAR
                                                  NORMAL
..................................................................
TEMPERATURE (F)
 YESTERDAY
  MAXIMUM         38    345 PM  85    1905  60    -22       79
  MINIMUM         27   1159 PM  18    2016  37    -10       60
                                      1997
  AVERAGE         33                        48    -15       70

PRECIPITATION (IN)
  YESTERDAY        0.00          1.63 1978   0.10  -0.10     0.00
  MONTH TO DATE    0.12                      0.85  -0.73     1.94
  SINCE MAR 1      2.48                      3.09  -0.61     5.14
  SINCE JAN 1      5.03                      5.27  -0.24     6.73

DEGREE DAYS
 HEATING
  YESTERDAY       32                        17     15        0
  MONTH TO DATE  314                       164    150      124
  SINCE MAR 1   1170                       975    195      851
  SINCE JUL 1   5863                      5860      3     4658

 COOLING
  YESTERDAY        0                         0      0        5
  MONTH TO DATE    0                         0      0        5
  SINCE MAR 1      0                         1     -1        5
  SINCE JAN 1      0                         1     -1        5
..................................................................


WIND (MPH)
  HIGHEST WIND SPEED    12   HIGHEST WIND DIRECTION     N (360)
  HIGHEST GUST SPEED    14   HIGHEST GUST DIRECTION     E (110)
  AVERAGE WIND SPEED     7.0


SKY COVER
  POSSIBLE SUNSHINE  MM
  AVERAGE SKY COVER 1.0


WEATHER CONDITIONS
 THE FOLLOWING WEATHER WAS RECORDED YESTERDAY.
  FOG
  HAZE


RELATIVE HUMIDITY (PERCENT)
 HIGHEST    92           100 AM
 LOWEST     69           800 PM
 AVERAGE    81

..........................................................


THE OTTUMWA IA CLIMATE NORMALS FOR TODAY
                         NORMAL    RECORD    YEAR
 MAXIMUM TEMPERATURE (F)   60        92      1930
 MINIMUM TEMPERATURE (F)   37        19      1973


SUNRISE AND SUNSET
APRIL 10 2018.........SUNRISE   638 AM CDT   SUNSET   744 PM CDT
APRIL 11 2018.........SUNRISE   637 AM CDT   SUNSET   746 PM CDT


-  INDICATES NEGATIVE NUMBERS.
R  INDICATES RECORD WAS SET OR TIED.
MM INDICATES DATA IS MISSING.
T  INDICATES TRACE AMOUNT.




$$
